-- Table structure for table `bet_books`
--

CREATE TABLE `bet_books` (
  `book_id` int NOT NULL,
  `name` varchar(64) DEFAULT NULL
) ENGINE=MyISAM DEFAULT CHARSET=latin1;

--
-- Dumping data for table `bet_books`
--

INSERT INTO `bet_books` (`book_id`, `name`) VALUES
(1, 'Fanduel'),
(2, 'Caesars'),
(3, 'Draftkings'),
(4, 'Barstool'),
(5, 'BetFred'),
(6, 'Superbook'),
(7, 'Bovada'),
(8, 'Betonline'),
(9, 'BetDSI'),
(10, 'Everygame'),
(11, 'BetUS'),
(12, 'Bookmaker'),
(13, 'XBet'),
(14, 'BetMGM'),
(15, 'Betrivers'),
(16, 'Wynnbet'),
(17, 'Hardrock'),
(18, 'Betway'),
(19, 'Unibet'),
(20, 'Fubo'),
(21, 'XBet2'),
(22, 'MyBookie');

-- --------------------------------------------------------

--
-- Table structure for table `bet_category`
--

CREATE TABLE `bet_category` (
  `category_id` int NOT NULL,
  `name` varchar(128) DEFAULT NULL
) ENGINE=MyISAM DEFAULT CHARSET=latin1;

--
-- Dumping data for table `bet_category`
--

INSERT INTO `bet_category` (`category_id`, `name`) VALUES
(1, 'MLB Total Runs F1'),
(2, 'MLB Total Runs F2'),
(23, 'MLB Strikeouts F2'),
(4, 'MLB Strikeouts'),
(5, 'NBA Points F2'),
(6, 'NBA Points F3'),
(7, 'NBA Rebounds F1'),
(8, 'NBA Rebounds F2'),
(9, 'NBA Assists F1'),
(10, 'NBA Assists F2'),
(11, 'NBA Points + Assists F2'),
(12, 'NBA Points + Assists F3'),
(13, 'NBA Points + Assists F4'),
(14, 'NBA Points + Rebounds F2'),
(15, 'NBA Points + Rebounds F3'),
(16, 'NBA Points + Rebounds F4'),
(17, 'NBA Rebounds + Assists F2'),
(18, 'NBA Rebounds + Assists F3'),
(19, 'NBA Rebounds + Assists F4'),
(20, 'NBA Points + Rebounds + Assists F2'),
(21, 'NBA Points + Rebounds + Assists F3'),
(22, 'NBA Points + Rebounds + Assists F4');

-- --------------------------------------------------------

--
-- Table structure for table `bet_entries`
--

CREATE TABLE `bet_entries` (
  `id` int NOT NULL,
  `date` date DEFAULT NULL,
  `datetime` datetime DEFAULT NULL,
  `book_id1` int DEFAULT NULL,
  `book_id2` int DEFAULT NULL,
  `odds1` int DEFAULT NULL,
  `odds2` int DEFAULT NULL,
  `stake1` float(8,2) DEFAULT NULL,
  `stake2` float(8,2) DEFAULT NULL,
  `over_under1` float(5,1) DEFAULT NULL,
  `over_under2` float(5,1) DEFAULT NULL,
  `profit_pct` float(8,2) DEFAULT NULL,
  `profit_potential` float(8,2) DEFAULT NULL,
  `bet_pct` float(8,2) DEFAULT NULL,
  `game` varchar(256) DEFAULT NULL,
  `prop` varchar(256) DEFAULT NULL,
  `win_loss` int DEFAULT NULL,
  `category_id` int DEFAULT NULL
) ENGINE=MyISAM DEFAULT CHARSET=latin1;

--
-- Dumping data for table `bet_entries`
--

INSERT INTO `bet_entries` (`id`, `date`, `datetime`, `book_id1`, `book_id2`, `odds1`, `odds2`, `stake1`, `stake2`, `over_under1`, `over_under2`, `profit_pct`, `profit_potential`, `bet_pct`, `game`, `prop`, `win_loss`, `category_id`) VALUES
(7, '2022-05-25', '2022-05-26 04:29:56', 4, 5, -106, 135, 100.00, 82.70, -7.5, 8.5, 5.99, 11.64, 6.37, 'Detroit Tigers @ Minnesota Twins', '', 1, 1),
(8, '2022-05-25', '2022-05-25 17:51:29', 4, 5, 160, 135, 90.38, 100.00, -6.5, 8.5, 18.99, 44.62, 23.43, 'Detroit Tigers @ Minnesota Twins', '', 1, 2),
(9, '2022-05-25', '2022-05-25 18:03:26', 4, 1, -117, 140, 100.00, 77.28, 8.5, -7.5, 4.42, 8.19, 4.62, 'New York Mets @ San Francisco Giants', '', 1, 1),
(10, '2022-05-25', '2022-05-25 18:03:48', 4, 1, 135, 140, 100.00, 97.92, 9.5, -7.5, 15.78, 37.08, 18.74, 'New York Mets @ San Francisco Giants', '', 1, 2),
(11, '2022-05-25', '2022-05-25 18:07:05', 1, 5, -111, 135, 100.00, 80.89, 8.5, -7.5, 4.84, 9.20, 5.09, 'Los Angeles Dodgers @ Washington Nationals', '', 1, 1),
(12, '2022-05-25', '2022-05-25 18:07:25', 1, 5, 140, 135, 97.92, 100.00, 9.5, -7.5, 15.78, 37.08, 18.74, 'Los Angeles Dodgers @ Washington Nationals', '', 1, 2),
(13, '2022-05-25', '2022-05-25 18:09:23', 5, 4, 105, 135, 100.00, 87.23, 7.5, -6.5, 8.67, 17.77, 9.49, 'Milwaukee Brewers @ San Diego Padres', '', 1, 1),
(14, '2022-05-25', '2022-05-25 18:09:40', 5, 4, 150, 135, 94.00, 100.00, 8.5, -6.5, 17.45, 41.00, 21.13, 'Milwaukee Brewers @ San Diego Padres', '', 1, 2),
(15, '2022-05-25', '2022-05-25 18:11:38', 4, 4, 133, 108, 89.27, 100.00, 7.5, -6.5, 9.00, 18.73, 9.90, 'Oakland Athletics @ Seattle Mariners', '', 1, 1),
(16, '2022-05-25', '2022-05-25 18:12:00', 4, 1, 133, 158, 100.00, 90.31, 7.5, -5.5, 18.32, 42.69, 22.43, 'Oakland Athletics @ Seattle Mariners', '', 2, 2),
(17, '2022-05-25', '2022-05-25 18:13:49', 1, 4, -120, 145, 100.00, 74.83, 8.5, -7.5, 4.64, 8.50, 4.86, 'Chicago Cubs @ Cincinnati Reds', '', 1, 1),
(18, '2022-05-25', '2022-05-25 18:14:03', 1, 4, -120, 240, 100.00, 53.92, 8.5, -6.5, 16.04, 29.41, 19.11, 'Chicago Cubs @ Cincinnati Reds', '', 2, 2),
(19, '2022-05-25', '2022-05-25 18:15:46', 4, 2, 125, 130, 100.00, 97.83, 7.5, -6.5, 12.08, 27.17, 13.74, 'Miami Marlins @ Tampa Bay Rays', '', 1, 1),
(20, '2022-05-25', '2022-05-25 18:16:01', 4, 2, 125, 185, 100.00, 78.95, 7.5, -5.5, 20.47, 46.05, 25.74, 'Miami Marlins @ Tampa Bay Rays', '', 1, 2),
(21, '2022-05-25', '2022-05-25 18:17:48', 4, 5, -108, 135, 100.00, 81.95, -7.5, 8.5, 5.52, 10.64, 5.85, 'Baltimore Orioles @ New York Yankees', '', 1, 1),
(22, '2022-05-25', '2022-05-25 18:18:07', 4, 5, 155, 135, 92.16, 100.00, -6.5, 8.5, 18.23, 42.84, 22.30, 'Baltimore Orioles @ New York Yankees', '', 1, 2),
(23, '2022-05-25', '2022-05-25 18:19:53', 1, 4, 144, -122, 74.58, 100.00, -7.5, 8.5, 4.06, 7.39, 4.23, 'Philadelphia Phillies @ Atlanta Braves', '', 1, 1),
(24, '2022-05-25', '2022-05-25 18:20:10', 1, 4, 235, -122, 54.32, 100.00, -6.5, 8.5, 15.19, 27.65, 17.92, 'Philadelphia Phillies @ Atlanta Braves', '', 1, 2),
(25, '2022-05-25', '2022-05-25 18:22:00', 1, 4, 150, -108, 77.04, 100.00, -6.5, 7.5, 8.08, 15.56, 8.79, 'Boston Red Sox @ Chicago White Sox', '', 1, 1),
(26, '2022-05-25', '2022-05-25 18:22:13', 1, 4, 220, -108, 60.19, 100.00, -5.5, 7.5, 16.83, 32.41, 20.23, 'Boston Red Sox @ Chicago White Sox', '', 1, 2),
(27, '2022-05-25', '2022-05-25 18:24:10', 1, 5, 134, -110, 81.59, 100.00, -7.5, 8.5, 4.88, 9.32, 5.13, 'Cleveland Guardians @ Houston Astros', '', 1, 1),
(28, '2022-05-25', '2022-05-25 18:24:25', 1, 5, 220, -110, 59.66, 100.00, -6.5, 8.5, 16.37, 31.25, 19.57, 'Cleveland Guardians @ Houston Astros', '', 1, 2),
(29, '2022-05-25', '2022-05-25 18:26:11', 4, 5, 148, -125, 72.58, 100.00, -7.5, 8.5, 4.12, 7.42, 4.30, 'Texas Rangers @ Los Angeles Angels', '', 1, 1),
(30, '2022-05-25', '2022-05-25 18:26:28', 1, 5, 240, -125, 52.94, 100.00, -6.5, 8.5, 15.03, 27.06, 17.69, 'Texas Rangers @ Los Angeles Angels', '', 1, 2),
(31, '2022-05-25', '2022-05-25 21:56:44', 1, 1, 126, 118, 96.46, 100.00, 6.5, -5.5, 9.88, 21.54, 10.96, 'Boston Celtics @ Miami Heat', 'Marcus Smart', 1, 9),
(32, '2022-05-25', '2022-05-25 21:57:00', 1, 1, 210, 118, 70.32, 100.00, 7.5, -5.5, 21.87, 47.68, 27.99, 'Boston Celtics @ Miami Heat', 'Marcus Smart', 1, 10),
(33, '2022-05-25', '2022-05-25 21:57:56', 1, 2, 205, -140, 56.21, 100.00, 6.5, -5.5, 8.88, 15.22, 9.75, 'Boston Celtics @ Miami Heat', 'Jayson Tatum', 1, 9),
(34, '2022-05-25', '2022-05-25 22:00:57', 1, 1, 132, -111, 81.94, 100.00, 35.5, -33.5, 4.29, 8.15, 4.48, 'Boston Celtics @ Miami Heat', 'Jayson Tatum', 1, 11),
(35, '2022-05-25', '2022-05-25 22:01:39', 1, 2, 142, -110, 78.89, 100.00, -31.5, 33.5, 6.30, 12.02, 6.72, 'Boston Celtics @ Miami Heat', 'Jayson Tatum', 1, 11),
(36, '2022-05-25', '2022-05-25 22:02:32', 1, 2, 178, -110, 68.67, 100.00, -30.5, 33.5, 11.65, 22.24, 13.18, 'Boston Celtics @ Miami Heat', 'Jayson Tatum', 2, 12),
(37, '2022-05-25', '2022-05-25 22:03:29', 1, 1, 168, -111, 70.93, 100.00, 36.5, -33.5, 10.08, 19.16, 11.21, 'Boston Celtics @ Miami Heat', 'Jayson Tatum', 1, 12),
(38, '2022-05-25', '2022-05-25 22:03:59', 1, 1, 198, -111, 63.79, 100.00, 37.5, -33.5, 13.84, 26.30, 16.06, 'Boston Celtics @ Miami Heat', 'Jayson Tatum', 1, 13),
(39, '2022-05-25', '2022-05-25 22:04:47', 1, 2, 225, -110, 58.74, 100.00, -29.5, 33.5, 16.85, 32.17, 20.26, 'Boston Celtics @ Miami Heat', 'Jayson Tatum', 2, 13),
(40, '2022-05-25', '2022-05-25 22:26:30', 1, 2, 140, -110, 79.55, 100.00, -26.5, 28.5, 5.95, 11.36, 6.33, 'Boston Celtics @ Miami Heat', 'Jimmy Butler', 1, 11),
(41, '2022-05-25', '2022-05-25 22:26:55', 1, 2, 172, -110, 70.19, 100.00, -25.5, 28.5, 10.85, 20.72, 12.18, 'Boston Celtics @ Miami Heat', 'Jimmy Butler', 1, 12),
(42, '2022-05-25', '2022-05-25 22:27:31', 1, 2, 210, -110, 61.58, 100.00, -24.5, 28.5, 15.36, 29.33, 18.15, 'Boston Celtics @ Miami Heat', 'Jimmy Butler', 1, 13),
(43, '2022-05-25', '2022-05-25 22:28:12', 1, 6, 140, -112, 78.87, 100.00, 30.5, -28.5, 5.50, 10.42, 5.82, 'Boston Celtics @ Miami Heat', 'Jimmy Butler', 1, 11),
(44, '2022-05-25', '2022-05-25 22:28:44', 1, 6, 172, -112, 69.59, 100.00, 31.5, -28.5, 10.41, 19.70, 11.61, 'Boston Celtics @ Miami Heat', 'Jimmy Butler', 1, 12),
(45, '2022-05-25', '2022-05-25 22:29:01', 1, 6, 210, -112, 61.06, 100.00, 32.5, -28.5, 14.91, 28.23, 17.53, 'Boston Celtics @ Miami Heat', 'Jimmy Butler', 1, 13),
(46, '2022-05-25', '2022-05-25 22:30:37', 1, 3, 130, -110, 83.00, 100.00, -32.5, 34.5, 4.14, 7.91, 4.32, 'Boston Celtics @ Miami Heat', 'Jayson Tatum', 2, 14),
(47, '2022-05-25', '2022-05-25 22:31:03', 1, 3, 162, -110, 72.87, 100.00, -31.5, 34.5, 9.45, 18.04, 10.44, 'Boston Celtics @ Miami Heat', 'Jayson Tatum', 2, 15),
(48, '2022-05-25', '2022-05-25 22:31:21', 1, 3, 200, -110, 63.64, 100.00, -30.5, 34.5, 14.29, 27.27, 16.67, 'Boston Celtics @ Miami Heat', 'Jayson Tatum', 2, 16),
(49, '2022-05-25', '2022-05-25 22:32:01', 1, 1, 138, -115, 78.55, 100.00, 36.5, -34.5, 4.49, 8.40, 4.71, 'Boston Celtics @ Miami Heat', 'Jayson Tatum', 1, 14),
(50, '2022-05-25', '2022-05-25 22:32:14', 1, 1, 168, -115, 69.76, 100.00, 37.5, -34.5, 9.20, 17.20, 10.13, 'Boston Celtics @ Miami Heat', 'Jayson Tatum', 1, 15),
(51, '2022-05-25', '2022-05-25 22:32:39', 1, 1, 205, -115, 61.30, 100.00, 38.5, -34.5, 13.72, 25.66, 15.91, 'Boston Celtics @ Miami Heat', 'Jayson Tatum', 1, 16),
(52, '2022-05-25', '2022-05-25 22:35:01', 1, 1, 116, 100, 92.59, 100.00, -29.5, 31.5, 3.70, 7.41, 3.85, 'Boston Celtics @ Miami Heat', 'Jimmy Butler', 1, 14),
(53, '2022-05-25', '2022-05-25 22:35:15', 1, 1, 144, 100, 81.97, 100.00, -28.5, 31.5, 9.02, 18.03, 9.91, 'Boston Celtics @ Miami Heat', 'Jimmy Butler', 1, 15),
(54, '2022-05-25', '2022-05-25 22:35:32', 1, 1, 178, 100, 71.94, 100.00, -27.5, 31.5, 14.03, 28.06, 16.32, 'Boston Celtics @ Miami Heat', 'Jimmy Butler', 1, 16),
(58, '2022-05-25', '2022-05-25 22:41:13', 1, 2, 164, 110, 79.55, 100.00, -10.5, 12.5, 14.50, 30.45, 16.96, 'Boston Celtics @ Miami Heat', 'Al Horford', 2, 17),
(57, '2022-05-25', '2022-05-25 22:40:17', 1, 2, 230, 110, 63.64, 100.00, -9.5, 12.5, 22.08, 46.36, 28.33, 'Boston Celtics @ Miami Heat', 'Al Horford', 2, 18),
(59, '2022-05-25', '2022-05-25 23:51:20', 1, 2, 188, 110, 72.92, 100.00, -7.5, 9.5, 17.66, 37.08, 21.45, 'Boston Celtics @ Miami Heat', 'Marcus Smart', 2, 17),
(60, '2022-05-25', '2022-05-25 23:55:25', 1, 2, 225, -140, 52.75, 100.00, 11.5, -9.5, 10.90, 18.68, 12.23, 'Boston Celtics @ Miami Heat', 'Marcus Smart', 1, 17),
(61, '2022-05-25', '2022-05-25 23:58:07', 1, 2, 300, -140, 42.86, 100.00, 12.5, -9.5, 16.67, 28.57, 20.00, 'Boston Celtics @ Miami Heat', 'Marcus Smart', 1, 18),
(62, '2022-05-25', '2022-05-26 00:00:03', 1, 2, 210, -130, 57.07, 100.00, -9.5, 11.5, 11.22, 19.85, 12.64, 'Boston Celtics @ Miami Heat', 'Bam Adebayo', 2, 17),
(63, '2022-05-25', '2022-05-26 00:01:22', 1, 2, 162, 100, 76.34, 100.00, 13.5, -11.5, 11.83, 23.66, 13.42, 'Boston Celtics @ Miami Heat', 'Bam Adebayo', 1, 17),
(64, '2022-05-25', '2022-05-26 00:01:49', 1, 2, 225, 100, 61.54, 100.00, 14.5, -11.5, 19.23, 38.46, 23.81, 'Boston Celtics @ Miami Heat', 'Bam Adebayo', 1, 18),
(65, '2022-05-25', '2022-05-26 00:05:49', 1, 6, 130, -112, 82.30, 100.00, -37.5, 39.5, 3.69, 6.99, 3.83, 'Boston Celtics @ Miami Heat', 'Jayson Tatum', 1, 20),
(66, '2022-05-25', '2022-05-26 00:10:46', 1, 6, 158, -112, 73.37, 100.00, -36.5, 39.5, 8.41, 15.92, 9.18, 'Boston Celtics @ Miami Heat', 'Jayson Tatum', 1, 21),
(67, '2022-05-25', '2022-05-26 00:11:54', 1, 6, 188, -112, 65.72, 100.00, -35.5, 39.5, 12.45, 23.56, 14.22, 'Boston Celtics @ Miami Heat', 'Jayson Tatum', 1, 22),
(68, '2022-05-25', '2022-05-26 00:14:41', 1, 1, 130, -113, 81.95, 100.00, 41.5, -39.5, 3.47, 6.54, 3.59, 'Boston Celtics @ Miami Heat', 'Jayson Tatum', 1, 20),
(69, '2022-05-25', '2022-05-26 00:15:15', 1, 1, 158, -113, 73.06, 100.00, 42.5, -39.5, 8.19, 15.44, 8.92, 'Boston Celtics @ Miami Heat', 'Jayson Tatum', 1, 21),
(70, '2022-05-25', '2022-05-26 00:15:32', 1, 1, 194, -113, 64.11, 100.00, 43.5, -39.5, 12.93, 24.38, 14.86, 'Boston Celtics @ Miami Heat', 'Jayson Tatum', 2, 22),
(71, '2022-05-25', '2022-05-26 00:17:07', 1, 1, 116, 100, 92.59, 100.00, 40.5, -38.5, 3.70, 7.41, 3.85, 'Boston Celtics @ Miami Heat', 'Jayson Tatum', 1, 20),
(72, '2022-05-25', '2022-05-26 00:17:27', 1, 1, 140, 100, 83.33, 100.00, 41.5, -38.5, 8.33, 16.67, 9.09, 'Boston Celtics @ Miami Heat', 'Jayson Tatum', 1, 21),
(73, '2022-05-25', '2022-05-26 00:17:42', 1, 1, 172, 100, 73.53, 100.00, 42.5, -38.5, 13.24, 26.47, 15.25, 'Boston Celtics @ Miami Heat', 'Jayson Tatum', 1, 22),
(74, '2022-05-25', '2022-05-26 00:18:57', 1, 1, 120, 102, 91.82, 100.00, -20.5, 22.5, 5.04, 10.18, 5.31, 'Boston Celtics @ Miami Heat', 'Al Horford', 1, 20),
(75, '2022-05-25', '2022-05-26 00:19:15', 1, 1, 154, 102, 79.53, 100.00, -19.5, 22.5, 11.12, 22.47, 12.52, 'Boston Celtics @ Miami Heat', 'Al Horford', 1, 21),
(76, '2022-05-25', '2022-05-26 00:19:37', 1, 1, 194, 102, 68.71, 100.00, -18.5, 22.5, 16.48, 33.29, 19.73, 'Boston Celtics @ Miami Heat', 'Al Horford', 1, 22),
(77, '2022-05-25', '2022-05-26 00:20:11', 1, 2, 162, -115, 71.36, 100.00, 24.5, -22.5, 8.34, 15.60, 9.10, 'Boston Celtics @ Miami Heat', 'Al Horford', 1, 20),
(78, '2022-05-25', '2022-05-26 00:20:30', 1, 2, 198, -115, 62.74, 100.00, 25.5, -22.5, 12.95, 24.22, 14.88, 'Boston Celtics @ Miami Heat', 'Al Horford', 1, 21),
(79, '2022-05-25', '2022-05-26 00:20:44', 1, 2, 240, -115, 54.99, 100.00, 26.5, -22.5, 17.10, 31.97, 20.63, 'Boston Celtics @ Miami Heat', 'Al Horford', 1, 22),
(80, '2022-05-25', '2022-05-26 00:21:29', 1, 1, 154, -122, 71.64, 100.00, -19.5, 21.5, 5.67, 10.33, 6.02, 'Boston Celtics @ Miami Heat', 'Al Horford', 1, 20),
(81, '2022-05-25', '2022-05-26 00:21:41', 1, 1, 194, -122, 61.89, 100.00, -18.5, 21.5, 11.03, 20.07, 12.40, 'Boston Celtics @ Miami Heat', 'Al Horford', 1, 21),
(82, '2022-05-25', '2022-05-26 00:21:57', 1, 1, 250, -122, 51.99, 100.00, -17.5, 21.5, 16.47, 29.98, 19.72, 'Boston Celtics @ Miami Heat', 'Al Horford', 1, 22),
(83, '2022-05-25', '2022-05-26 00:22:27', 1, 1, 130, -104, 85.28, 100.00, 23.5, -21.5, 5.54, 10.87, 5.87, 'Boston Celtics @ Miami Heat', 'Al Horford', 1, 20),
(84, '2022-05-25', '2022-05-26 00:22:42', 1, 1, 162, -104, 74.87, 100.00, 24.5, -21.5, 10.85, 21.29, 12.17, 'Boston Celtics @ Miami Heat', 'Al Horford', 1, 21),
(85, '2022-05-25', '2022-05-26 00:22:56', 1, 1, 198, -104, 65.82, 100.00, 25.5, -21.5, 15.46, 30.33, 18.29, 'Boston Celtics @ Miami Heat', 'Al Horford', 1, 22),
(86, '2022-05-25', '2022-05-26 00:24:02', 1, 6, 164, -118, 69.98, 100.00, -13.5, 15.5, 7.99, 14.77, 8.69, 'Boston Celtics @ Miami Heat', 'Robert Williams', 1, 20),
(87, '2022-05-25', '2022-05-26 00:24:27', 1, 6, 220, -118, 57.73, 100.00, -12.5, 15.5, 14.62, 27.01, 17.13, 'Boston Celtics @ Miami Heat', 'Robert Williams', 1, 21),
(88, '2022-05-25', '2022-05-26 00:24:42', 1, 6, 290, -118, 47.37, 100.00, -11.5, 15.5, 20.23, 37.38, 25.36, 'Boston Celtics @ Miami Heat', 'Robert Williams', 1, 22),
(89, '2022-05-25', '2022-05-26 00:25:14', 1, 1, 140, -104, 81.73, 100.00, 17.5, -15.5, 7.35, 14.42, 7.94, 'Boston Celtics @ Miami Heat', 'Robert Williams', 2, 20),
(90, '2022-05-25', '2022-05-26 00:25:28', 1, 1, 182, -104, 69.56, 100.00, 18.5, -15.5, 13.56, 26.60, 15.69, 'Boston Celtics @ Miami Heat', 'Robert Williams', 2, 21),
(91, '2022-05-25', '2022-05-26 00:25:40', 1, 1, 230, -104, 59.44, 100.00, 19.5, -15.5, 18.72, 36.71, 23.03, 'Boston Celtics @ Miami Heat', 'Robert Williams', 2, 22),
(92, '2022-05-25', '2022-05-26 00:27:19', 1, 2, 112, 100, 94.34, 100.00, -34.5, 36.5, 2.83, 5.66, 2.91, 'Boston Celtics @ Miami Heat', 'Jimmy Butler', 1, 20),
(93, '2022-05-25', '2022-05-26 00:27:37', 1, 2, 142, 100, 82.64, 100.00, -33.5, 36.5, 8.68, 17.36, 9.50, 'Boston Celtics @ Miami Heat', 'Jimmy Butler', 1, 21),
(94, '2022-05-25', '2022-05-26 00:27:59', 1, 2, 174, 100, 72.99, 100.00, -32.5, 36.5, 13.50, 27.01, 15.61, 'Boston Celtics @ Miami Heat', 'Jimmy Butler', 1, 22),
(95, '2022-05-25', '2022-05-26 00:28:33', 1, 6, 144, -115, 76.62, 100.00, 38.5, -36.5, 5.53, 10.33, 5.85, 'Boston Celtics @ Miami Heat', 'Jimmy Butler', 1, 20),
(96, '2022-05-25', '2022-05-26 00:28:49', 1, 6, 178, -115, 67.25, 100.00, 39.5, -36.5, 10.54, 19.71, 11.78, 'Boston Celtics @ Miami Heat', 'Jimmy Butler', 1, 21),
(97, '2022-05-25', '2022-05-26 00:29:05', 1, 6, 210, -115, 60.31, 100.00, 40.5, -36.5, 14.25, 26.65, 16.62, 'Boston Celtics @ Miami Heat', 'Jimmy Butler', 1, 22),
(98, '2022-05-26', '2022-05-26 17:15:08', 5, 4, 100, 143, 100.00, 82.30, 7.5, -6.5, 8.85, 17.70, 9.71, 'New York Yankees @ Tampa Bay Rays', '', 1, 1),
(99, '2022-05-26', '2022-05-26 17:15:32', 5, 4, 145, 143, 99.18, 100.00, 8.5, -6.5, 18.03, 43.82, 22.00, 'New York Yankees @ Tampa Bay Rays', '', 1, 2),
(100, '2022-05-26', '2022-05-26 17:17:33', 1, 4, -102, 128, 100.00, 86.86, 8.5, -7.5, 5.65, 11.18, 5.98, 'Colorado Rockies @ Washington Nationals', '', 1, 1),
(101, '2022-05-26', '2022-05-26 17:17:48', 1, 4, -102, 210, 100.00, 63.88, 8.5, -6.5, 17.25, 34.16, 20.84, 'Colorado Rockies @ Washington Nationals', '', 1, 2),
(102, '2022-05-26', '2022-05-26 17:19:19', 1, 4, 134, 118, 93.16, 100.00, -6.5, 7.5, 11.39, 24.84, 12.86, 'Cleveland Guardians @ Detroit Tigers', '', 2, 1),
(103, '2022-05-26', '2022-05-26 17:19:36', 1, 4, 200, 118, 72.67, 100.00, -5.5, 7.5, 20.80, 45.33, 26.25, 'Cleveland Guardians @ Detroit Tigers', '', 2, 2),
(104, '2022-05-26', '2022-05-26 17:21:16', 4, 4, 175, -125, 65.45, 100.00, -6.5, 7.5, 8.08, 14.55, 8.79, 'Philadelphia Phillies @ Atlanta Braves', '', 1, 1),
(105, '2022-05-26', '2022-05-26 17:21:30', 4, 4, 255, -125, 50.70, 100.00, -5.5, 7.5, 16.28, 29.30, 19.44, 'Philadelphia Phillies @ Atlanta Braves', '', 1, 2),
(106, '2022-05-26', '2022-05-26 17:23:21', 1, 4, 114, 108, 97.20, 100.00, -7.5, 8.5, 5.19, 10.80, 5.48, 'Kansas City Royals @ Minnesota Twins', '', 1, 1),
(107, '2022-05-26', '2022-05-26 17:23:36', 1, 4, 196, 108, 70.27, 100.00, -6.5, 8.5, 18.14, 37.73, 22.16, 'Kansas City Royals @ Minnesota Twins', '', 1, 2),
(108, '2022-05-26', '2022-05-26 17:25:11', 1, 4, 146, -103, 80.12, 100.00, -6.5, 7.5, 8.61, 16.97, 9.42, 'Milwaukee Brewers @ St. Louis Cardinals', '', 2, 1),
(109, '2022-05-26', '2022-05-26 17:25:31', 1, 4, 215, -103, 62.57, 100.00, -5.5, 7.5, 17.52, 34.52, 21.23, 'Milwaukee Brewers @ St. Louis Cardinals', '', 2, 2),
(110, '2022-05-26', '2022-05-26 17:27:05', 4, 1, 114, 124, 100.00, 95.54, 9.5, -8.5, 8.63, 18.46, 9.44, 'Boston Red Sox @ Chicago White Sox', '', 1, 1),
(111, '2022-05-26', '2022-05-26 17:27:19', 4, 1, 114, 172, 100.00, 78.68, 9.5, -7.5, 16.51, 35.32, 19.77, 'Boston Red Sox @ Chicago White Sox', '', 1, 2),
(112, '2022-05-26', '2022-05-26 17:28:56', 4, 1, -109, 136, 100.00, 81.25, -7.5, 8.5, 5.47, 10.50, 5.79, 'Toronto Blue Jays @ Los Angeles Angels', '', 1, 1),
(113, '2022-05-26', '2022-05-26 17:29:12', 4, 1, 150, 136, 94.40, 100.00, -6.5, 8.5, 17.63, 41.60, 21.40, 'Toronto Blue Jays @ Los Angeles Angels', '', 1, 2),
(114, '2022-05-26', '2022-05-26 17:30:53', 1, 4, 142, -110, 78.89, 100.00, -8.5, 9.5, 6.30, 12.02, 6.72, 'Los Angeles Dodgers @ Arizona Diamondbacks', '', 1, 1),
(115, '2022-05-26', '2022-05-26 17:31:05', 1, 4, 200, -110, 63.64, 100.00, -7.5, 9.5, 14.29, 27.27, 16.67, 'Los Angeles Dodgers @ Arizona Diamondbacks', '', 1, 2),
(116, '2022-05-26', '2022-05-26 17:32:37', 1, 4, 138, 108, 87.39, 100.00, 7.5, -6.5, 9.91, 20.61, 11.00, 'Texas Rangers @ Oakland Athletics', '', 1, 1),
(117, '2022-05-26', '2022-05-26 17:32:51', 1, 4, 138, 155, 100.00, 93.33, 7.5, -5.5, 18.77, 44.67, 23.10, 'Texas Rangers @ Oakland Athletics', '', 1, 2),
(118, '2022-05-26', '2022-05-26 17:38:56', 1, 1, -124, 178, 100.00, 64.98, 7.5, -6.5, 8.67, 15.66, 9.50, 'Warriors/Mavs', 'Luka Doncic', 1, 9),
(119, '2022-05-26', '2022-05-26 17:40:14', 3, 1, 110, 134, 100.00, 89.74, -7.5, 8.5, 9.65, 20.26, 10.68, 'Warriors/Mavs', 'Luka Doncic', 1, 9),
(120, '2022-05-26', '2022-05-26 17:40:30', 3, 1, 110, 205, 100.00, 68.85, -7.5, 9.5, 19.59, 41.15, 24.37, 'Warriors/Mavs', 'Luka Doncic', 1, 10),
(121, '2022-05-26', '2022-05-26 17:41:34', 3, 1, 110, 114, 100.00, 98.13, 6.5, -5.5, 5.65, 11.87, 5.99, 'Warriors/Mavs', 'Stephen Curry', 1, 9),
(122, '2022-05-26', '2022-05-26 17:41:59', 2, 1, -130, 182, 100.00, 62.74, -6.5, 7.5, 8.02, 14.18, 8.72, 'Warriors/Mavs', 'Stephen Curry', 1, 9),
(123, '2022-05-26', '2022-05-26 17:42:45', 3, 1, 110, 265, 100.00, 57.53, 6.5, -4.5, 24.98, 52.47, 33.30, 'Warriors/Mavs', 'Stephen Curry', 1, 10),
(124, '2022-05-26', '2022-05-26 17:44:07', 1, 1, -111, 130, 100.00, 82.65, 42.5, -40.5, 3.92, 7.44, 4.07, 'Warriors/Mavs', 'Luka Doncic', 1, 11),
(125, '2022-05-26', '2022-05-26 17:44:25', 1, 1, -111, 162, 100.00, 72.55, 42.5, -39.5, 9.23, 17.54, 10.16, 'Warriors/Mavs', 'Luka Doncic', 1, 12),
(126, '2022-05-26', '2022-05-26 17:44:40', 1, 1, -111, 198, 100.00, 63.79, 42.5, -38.5, 13.84, 26.30, 16.06, 'Warriors/Mavs', 'Luka Doncic', 1, 13),
(127, '2022-05-26', '2022-05-26 17:45:12', 1, 1, -115, 136, 100.00, 79.22, -42.5, 44.5, 4.14, 7.74, 4.32, 'Warriors/Mavs', 'Luka Doncic', 1, 11),
(128, '2022-05-26', '2022-05-26 17:45:24', 1, 1, -115, 164, 100.00, 70.82, -42.5, 45.5, 8.63, 16.14, 9.45, 'Warriors/Mavs', 'Luka Doncic', 1, 12),
(129, '2022-05-26', '2022-05-26 17:45:37', 1, 1, -115, 198, 100.00, 62.74, -42.5, 46.5, 12.95, 24.22, 14.88, 'Warriors/Mavs', 'Luka Doncic', 1, 13),
(130, '2022-05-26', '2022-05-26 17:46:33', 3, 1, -115, 148, 100.00, 75.39, 33.5, -31.5, 6.19, 11.57, 6.60, 'Warriors/Mavs', 'Stephen Curry', 1, 11),
(131, '2022-05-26', '2022-05-26 17:47:08', 3, 1, -115, 182, 100.00, 66.30, 33.5, -30.5, 11.05, 20.66, 12.42, 'Warriors/Mavs', 'Stephen Curry', 1, 12),
(132, '2022-05-26', '2022-05-26 17:47:23', 3, 1, -115, 225, 100.00, 57.53, 33.5, -29.5, 15.74, 29.43, 18.68, 'Warriors/Mavs', 'Stephen Curry', 1, 13),
(133, '2022-05-26', '2022-05-26 17:47:50', 1, 1, -102, 120, 100.00, 90.02, -33.5, 35.5, 4.05, 8.02, 4.22, 'Warriors/Mavs', 'Stephen Curry', 1, 11),
(134, '2022-05-26', '2022-05-26 17:48:05', 1, 1, -102, 146, 100.00, 80.50, -33.5, 36.5, 8.85, 17.54, 9.71, 'Warriors/Mavs', 'Stephen Curry', 1, 12),
(135, '2022-05-26', '2022-05-26 17:48:17', 1, 1, -102, 182, 100.00, 70.23, -33.5, 37.5, 14.04, 27.81, 16.34, 'Warriors/Mavs', 'Stephen Curry', 1, 13),
(136, '2022-05-26', '2022-05-26 17:50:30', 2, 1, -115, 168, 100.00, 69.76, 16.5, -14.5, 9.20, 17.20, 10.13, 'Warriors/Mavs', 'Reggie Bullock', 1, 20),
(137, '2022-05-26', '2022-05-26 17:50:46', 2, 1, -115, 220, 100.00, 58.42, 16.5, -13.5, 15.26, 28.53, 18.01, 'Warriors/Mavs', 'Reggie Bullock', 1, 21),
(138, '2022-05-26', '2022-05-26 17:51:02', 2, 1, -115, 290, 100.00, 47.94, 16.5, -12.5, 20.87, 39.02, 26.38, 'Warriors/Mavs', 'Reggie Bullock', 1, 22),
(139, '2022-05-26', '2022-05-26 17:51:30', 1, 1, 102, 132, 100.00, 87.07, -16.5, 18.5, 7.39, 14.93, 7.98, 'Warriors/Mavs', 'Reggie Bullock', 1, 20),
(140, '2022-05-26', '2022-05-26 17:51:41', 1, 1, 102, 172, 100.00, 74.26, -16.5, 19.5, 13.73, 27.74, 15.92, 'Warriors/Mavs', 'Reggie Bullock', 1, 21),
(141, '2022-05-26', '2022-05-26 17:51:53', 1, 1, 102, 220, 100.00, 63.12, -16.5, 20.5, 19.25, 38.88, 23.83, 'Warriors/Mavs', 'Reggie Bullock', 1, 22),
(142, '2022-05-26', '2022-05-26 17:52:28', 2, 1, -115, 142, 100.00, 77.25, 39.5, -37.5, 5.19, 9.70, 5.47, 'Warriors/Mavs', 'Stephen Curry', 1, 20),
(143, '2022-05-26', '2022-05-26 17:52:42', 2, 1, -115, 172, 100.00, 68.73, 39.5, -36.5, 9.75, 18.22, 10.80, 'Warriors/Mavs', 'Stephen Curry', 1, 21),
(144, '2022-05-26', '2022-05-26 17:52:57', 2, 1, -115, 205, 100.00, 61.30, 39.5, -35.5, 13.72, 25.66, 15.91, 'Warriors/Mavs', 'Stephen Curry', 1, 22),
(145, '2022-05-26', '2022-05-26 17:53:18', 1, 1, -104, 118, 100.00, 89.98, -39.5, 41.5, 3.15, 6.18, 3.25, 'Warriors/Mavs', 'Stephen Curry', 1, 20),
(146, '2022-05-26', '2022-05-26 17:53:33', 1, 1, -104, 142, 100.00, 81.06, -39.5, 42.5, 7.70, 15.10, 8.34, 'Warriors/Mavs', 'Stephen Curry', 1, 21),
(147, '2022-05-26', '2022-05-26 17:53:44', 1, 1, -104, 174, 100.00, 71.59, -39.5, 43.5, 12.52, 24.56, 14.32, 'Warriors/Mavs', 'Stephen Curry', 1, 22),
(148, '2022-05-26', '2022-05-26 17:54:33', 1, 1, -113, 146, 100.00, 76.62, 25.5, -23.5, 6.30, 11.87, 6.72, 'Warriors/Mavs', 'Klay Thompson', 1, 11),
(149, '2022-05-26', '2022-05-26 17:54:49', 1, 1, -113, 178, 100.00, 67.80, 25.5, -22.5, 10.98, 20.69, 12.33, 'Warriors/Mavs', 'Klay Thompson', 1, 12),
(150, '2022-05-26', '2022-05-26 17:55:00', 1, 1, -113, 220, 100.00, 58.90, 25.5, -21.5, 15.70, 29.59, 18.62, 'Warriors/Mavs', 'Klay Thompson', 1, 13),
(151, '2022-05-26', '2022-05-26 17:55:36', 6, 1, -102, 122, 100.00, 89.21, -25.5, 27.5, 4.46, 8.83, 4.67, 'Warriors/Mavs', 'Klay Thompson', 1, 11),
(152, '2022-05-26', '2022-05-26 17:55:49', 6, 1, -102, 152, 100.00, 78.59, -25.5, 28.5, 9.82, 19.45, 10.89, 'Warriors/Mavs', 'Klay Thompson', 1, 21),
(153, '2022-05-26', '2022-05-26 17:56:03', 6, 1, -102, 182, 100.00, 70.23, -25.5, 29.5, 14.04, 27.81, 16.34, 'Warriors/Mavs', 'Klay Thompson', 1, 22),
(154, '2022-05-26', '2022-05-26 17:58:11', 1, 1, -115, 136, 100.00, 79.22, 44.5, -42.5, 4.14, 7.74, 4.32, 'Warriors/Mavs', 'Luka Doncic', 1, 14),
(155, '2022-05-26', '2022-05-26 17:58:27', 1, 1, -115, 168, 100.00, 69.76, 44.5, -41.5, 9.20, 17.20, 10.13, 'Warriors/Mavs', 'Luka Doncic', 1, 15),
(156, '2022-05-26', '2022-05-26 17:58:44', 1, 1, -115, 200, 100.00, 62.32, 44.5, -40.5, 13.18, 24.64, 15.18, 'Warriors/Mavs', 'Luka Doncic', 1, 16),
(157, '2022-05-26', '2022-05-26 17:59:12', 1, 1, -111, 132, 100.00, 81.94, -44.5, 46.5, 4.29, 8.15, 4.48, 'Warriors/Mavs', 'Luka Doncic', 1, 14),
(158, '2022-05-26', '2022-05-26 17:59:28', 1, 1, -111, 158, 100.00, 73.68, -44.5, 47.5, 8.63, 16.41, 9.45, 'Warriors/Mavs', 'Luka Doncic', 1, 15),
(159, '2022-05-26', '2022-05-26 17:59:43', 1, 1, -111, 194, 100.00, 64.66, -44.5, 48.5, 13.38, 25.43, 15.45, 'Warriors/Mavs', 'Luka Doncic', 1, 16),
(160, '2022-05-26', '2022-05-26 18:00:30', 1, 1, -113, 136, 100.00, 79.87, 23.5, -21.5, 4.58, 8.62, 4.79, 'Warriors/Mavs', 'Klay Thompson', 1, 14),
(161, '2022-05-26', '2022-05-26 18:00:43', 1, 1, -113, 168, 100.00, 70.33, 23.5, -20.5, 9.63, 18.16, 10.66, 'Warriors/Mavs', 'Klay Thompson', 1, 15),
(162, '2022-05-26', '2022-05-26 18:00:58', 1, 1, -113, 210, 100.00, 60.81, 23.5, -19.5, 14.69, 27.69, 17.22, 'Warriors/Mavs', 'Klay Thompson', 1, 16),
(163, '2022-05-26', '2022-05-26 18:01:29', 2, 1, -110, 134, 100.00, 81.59, -23.5, 25.5, 4.88, 9.32, 5.13, 'Warriors/Mavs', 'Klay Thompson', 1, 14),
(164, '2022-05-26', '2022-05-26 18:01:42', 2, 1, -110, 164, 100.00, 72.31, -23.5, 26.5, 9.74, 18.60, 10.79, 'Warriors/Mavs', 'Klay Thompson', 1, 15),
(165, '2022-05-26', '2022-05-26 18:01:55', 2, 1, -110, 198, 100.00, 64.06, -23.5, 27.5, 14.06, 26.85, 16.36, 'Warriors/Mavs', 'Klay Thompson', 1, 16),
(166, '2022-05-26', '2022-05-26 18:04:11', 1, 1, -110, 140, 100.00, 79.55, 34.5, -32.5, 5.95, 11.36, 6.33, 'Warriors/Mavs', 'Luka Doncic', 1, 5),
(167, '2022-05-26', '2022-05-26 18:04:34', 1, 1, -110, 174, 100.00, 69.67, 34.5, -31.5, 11.12, 21.23, 12.51, 'Warriors/Mavs', 'Luka Doncic', 1, 6),
(168, '2022-05-26', '2022-05-26 18:05:03', 1, 1, -110, 138, 100.00, 80.21, -34.5, 36.5, 5.60, 10.70, 5.93, 'Warriors/Mavs', 'Luka Doncic', 1, 5),
(169, '2022-05-26', '2022-05-26 18:05:18', 1, 1, -110, 174, 100.00, 69.67, -34.5, 37.5, 11.12, 21.23, 12.51, 'Warriors/Mavs', 'Luka Doncic', 1, 6),
(170, '2022-05-26', '2022-05-26 18:05:54', 1, 1, -110, 134, 100.00, 81.59, 27.5, -25.5, 4.88, 9.32, 5.13, 'Warriors/Mavs', 'Stephen Curry', 1, 5),
(171, '2022-05-26', '2022-05-26 18:06:09', 1, 1, -110, 168, 100.00, 71.23, 27.5, -24.5, 10.31, 19.67, 11.49, 'Warriors/Mavs', 'Stephen Curry', 1, 6),
(172, '2022-05-26', '2022-05-26 18:06:35', 3, 1, 100, 134, 100.00, 85.47, -27.5, 29.5, 7.26, 14.53, 7.83, 'Warriors/Mavs', 'Stephen Curry', 1, 5),
(173, '2022-05-26', '2022-05-26 18:06:56', 3, 1, 100, 168, 100.00, 74.63, -27.5, 30.5, 12.69, 25.37, 14.53, 'Warriors/Mavs', 'Stephen Curry', 1, 6),
(174, '2022-05-26', '2022-05-26 18:08:03', 2, 1, 100, 138, 100.00, 84.03, 19.5, -17.5, 7.98, 15.97, 8.68, 'Warriors/Mavs', 'Jalen Brunson', 1, 5),
(175, '2022-05-26', '2022-05-26 18:08:18', 2, 1, 100, 178, 100.00, 71.94, 19.5, -16.5, 14.03, 28.06, 16.32, 'Warriors/Mavs', 'Jalen Brunson', 1, 6),
(176, '2022-05-26', '2022-05-26 18:08:42', 1, 1, -116, 154, 100.00, 73.31, -19.5, 21.5, 6.93, 12.90, 7.44, 'Warriors/Mavs', 'Jalen Brunson', 1, 5),
(177, '2022-05-26', '2022-05-26 18:08:54', 1, 1, -116, 194, 100.00, 63.34, -19.5, 22.5, 12.28, 22.87, 14.00, 'Warriors/Mavs', 'Jalen Brunson', 1, 6),
(178, '2022-05-26', '2022-05-26 18:09:36', 3, 1, -110, 154, 100.00, 75.16, 18.5, -16.5, 8.25, 15.75, 8.99, 'Warriors/Mavs', 'Klay Thompson', 1, 5),
(179, '2022-05-26', '2022-05-26 18:09:53', 3, 1, -110, 198, 100.00, 64.06, 18.5, -15.5, 14.06, 26.85, 16.36, 'Warriors/Mavs', 'Klay Thompson', 1, 6),
(180, '2022-05-26', '2022-05-26 18:10:18', 1, 1, -104, 132, 100.00, 84.55, -18.5, 20.5, 5.92, 11.60, 6.29, 'Warriors/Mavs', 'Klay Thompson', 1, 5),
(181, '2022-05-26', '2022-05-26 18:10:31', 1, 1, -104, 162, 100.00, 74.87, -18.5, 21.5, 10.85, 21.29, 12.17, 'Warriors/Mavs', 'Klay Thompson', 1, 6),
(182, '2022-05-26', '2022-05-26 18:12:25', 1, 1, -122, 188, 100.00, 63.18, 17.5, -15.5, 10.32, 18.78, 11.51, 'Warriors/Mavs', 'Luka Doncic', 1, 17),
(183, '2022-05-26', '2022-05-26 18:12:37', 1, 1, -122, 250, 100.00, 51.99, 17.5, -14.5, 16.47, 29.98, 19.72, 'Warriors/Mavs', 'Luka Doncic', 2, 18),
(184, '2022-05-26', '2022-05-26 18:12:58', 2, 1, 105, 158, 100.00, 79.46, -17.5, 19.5, 12.46, 25.54, 14.23, 'Warriors/Mavs', 'Luka Doncic', 1, 17),
(185, '2022-05-26', '2022-05-26 18:13:10', 2, 1, 105, 210, 100.00, 66.13, -17.5, 20.5, 18.96, 38.87, 23.40, 'Warriors/Mavs', 'Luka Doncic', 1, 18),
(186, '2022-05-26', '2022-05-26 18:13:35', 2, 1, 105, 280, 100.00, 53.95, -17.5, 21.5, 24.90, 51.05, 33.16, 'Warriors/Mavs', 'Luka Doncic', 1, 19),
(187, '2022-05-26', '2022-05-26 18:15:09', 1, 1, 104, 168, 100.00, 76.12, 12.5, -10.5, 13.67, 27.88, 15.83, 'Warriors/Mavs', 'Kevon Looney', 1, 17),
(188, '2022-05-26', '2022-05-26 18:15:27', 1, 1, 104, 240, 100.00, 60.00, 12.5, -9.5, 21.57, 44.00, 27.50, 'Warriors/Mavs', 'Kevon Looney', 1, 18),
(189, '2022-05-26', '2022-05-26 18:16:01', 6, 1, -124, 200, 100.00, 60.22, -12.5, 14.5, 11.31, 20.43, 12.75, 'Warriors/Mavs', 'Kevon Looney', 1, 17),
(190, '2022-05-26', '2022-05-26 18:16:15', 6, 1, -124, 280, 100.00, 47.54, -12.5, 15.5, 18.33, 33.11, 22.44, 'Warriors/Mavs', 'Kevon Looney', 1, 18),
(192, '2022-05-26', '2022-05-26 18:18:10', 1, 1, -130, 154, 100.00, 69.65, 9.5, -8.5, 4.11, 7.27, 4.28, 'Warriors/Mavs', 'Luka Doncic', 2, 7),
(193, '2022-05-26', '2022-05-26 18:18:24', 1, 1, -130, 235, 100.00, 52.81, 9.5, -7.5, 13.63, 24.11, 15.78, 'Warriors/Mavs', 'Luka Doncic', 2, 8),
(194, '2022-05-26', '2022-05-26 18:18:52', 1, 1, 106, 124, 100.00, 91.96, -9.5, 10.5, 6.81, 14.04, 7.31, 'Warriors/Mavs', 'Luka Doncic', 1, 7),
(195, '2022-05-26', '2022-05-26 18:19:05', 1, 1, 106, 182, 100.00, 73.05, -9.5, 11.5, 16.00, 32.95, 19.04, 'Warriors/Mavs', 'Luka Doncic', 1, 8),
(196, '2022-05-26', '2022-05-26 18:19:58', 1, 1, -114, 138, 100.00, 78.87, 9.5, -8.5, 4.71, 8.85, 4.95, 'Warriors/Mavs', 'Kevon Looney', 1, 7),
(197, '2022-05-26', '2022-05-26 18:20:19', 1, 1, -114, 225, 100.00, 57.76, 9.5, -7.5, 15.96, 29.96, 18.99, 'Warriors/Mavs', 'Kevon Looney', 1, 8),
(198, '2022-05-26', '2022-05-26 18:20:37', 1, 1, -106, 144, 100.00, 79.65, -9.5, 10.5, 7.56, 14.69, 8.18, 'Warriors/Mavs', 'Kevon Looney', 1, 7),
(199, '2022-05-26', '2022-05-26 18:20:52', 1, 1, -106, 200, 100.00, 64.78, -9.5, 11.5, 15.21, 29.56, 17.94, 'Warriors/Mavs', 'Kevon Looney', 1, 8),
(200, '2022-05-26', '2022-05-26 18:23:52', 6, 1, 108, 114, 100.00, 97.20, -6.5, 7.5, 5.19, 10.80, 5.48, 'Philadelphia Phillies @ Atlanta Braves', 'Aaron Nola', 1, 4),
(201, '2022-05-26', '2022-05-26 18:25:59', 6, 1, 124, 140, 100.00, 93.33, -6.5, 7.5, 13.69, 30.67, 15.86, 'Toronto Blue Jays @ Los Angeles Angels', 'Shohei Ohtani', 1, 4),
(202, '2022-05-27', '2022-05-27 07:48:13', 1, 1, -118, 186, 100.00, 64.60, -6.5, 7.5, 10.91, 20.15, 12.24, 'Cleveland Guardians @ Detroit Tigers', 'Shane Bieber', 9, 4),
(203, '2022-05-27', '2022-05-27 07:50:43', 1, 1, -144, 220, 100.00, 52.95, -7.5, 8.5, 9.73, 16.49, 10.78, 'Toronto Blue Jays @ Los Angeles Angels', 'Alek Manoah', 1, 4),
(204, '2022-05-27', '2022-05-27 07:52:20', 1, 1, -108, 168, 100.00, 71.86, -6.5, 7.5, 10.76, 20.73, 12.06, 'Pittsburgh Pirates @ San Diego Padres', 'Sean Manaea', 1, 4),
(205, '2022-05-27', '2022-05-27 07:53:50', 1, 2, 106, 150, 100.00, 82.40, -6.5, 7.5, 11.46, 23.60, 12.94, 'Houston Astros @ Seattle Mariners', 'Justin Verlander', 1, 4),
(206, '2022-05-27', '2022-05-27 16:43:29', 1, 4, 110, 108, 99.05, 100.00, 8.5, -7.5, 4.30, 8.95, 4.50, 'San Francisco Giants @ Cincinnati Reds', '', 1, 1),
(207, '2022-05-27', '2022-05-27 16:43:44', 1, 4, 110, 175, 100.00, 76.36, 8.5, -6.5, 16.02, 33.64, 19.07, 'San Francisco Giants @ Cincinnati Reds', '', 1, 2),
(208, '2022-05-27', '2022-05-27 16:45:37', 1, 5, 134, -110, 81.59, 100.00, 10.5, -9.5, 4.88, 9.32, 5.13, 'Colorado Rockies @ Washington Nationals', '', 9, 1),
(209, '2022-05-27', '2022-05-27 16:45:54', 1, 4, 134, 135, 100.00, 99.57, 10.5, -8.5, 14.71, 34.43, 17.25, 'Colorado Rockies @ Washington Nationals', '', 9, 2),
(210, '2022-05-27', '2022-05-27 16:49:51', 4, 5, 102, 125, 100.00, 89.78, 8.8, -7.5, 6.05, 12.22, 6.44, 'Philadelphia Phillies @ New York Mets', '', 1, 1),
(211, '2022-05-27', '2022-05-27 16:50:03', 4, 1, 102, 200, 100.00, 67.33, 8.8, -6.5, 17.16, 34.67, 20.72, 'Philadelphia Phillies @ New York Mets', '', 1, 2),
(212, '2022-05-27', '2022-05-27 16:51:46', 2, 4, 105, 133, 100.00, 87.98, 7.5, -6.5, 8.30, 17.02, 9.05, 'Cleveland Guardians @ Detroit Tigers', '', 9, 1),
(213, '2022-05-27', '2022-05-27 16:52:01', 2, 1, 105, 196, 100.00, 69.26, 7.5, -5.5, 17.44, 35.74, 21.12, 'Cleveland Guardians @ Detroit Tigers', '', 9, 2),
(214, '2022-05-27', '2022-05-27 16:53:44', 4, 5, 145, 100, 81.63, 100.00, -6.5, 7.5, 9.18, 18.37, 10.11, 'New York Yankees @ Tampa Bay Rays', '', 1, 1),
(215, '2022-05-27', '2022-05-27 16:53:57', 4, 5, 145, 145, 100.00, 100.00, -6.5, 8.5, 18.37, 45.00, 22.50, 'New York Yankees @ Tampa Bay Rays', '', 1, 2),
(216, '2022-05-27', '2022-05-27 16:55:36', 1, 4, 110, 104, 97.14, 100.00, 10.5, -9.5, 3.36, 6.86, 3.48, 'Baltimore Orioles @ Boston Red Sox', '', 1, 1),
(217, '2022-05-27', '2022-05-27 16:55:48', 1, 4, 110, 155, 100.00, 82.35, 10.5, -8.5, 13.17, 27.65, 15.16, 'Baltimore Orioles @ Boston Red Sox', '', 1, 2),
(218, '2022-05-27', '2022-05-27 16:57:23', 4, 1, 115, 118, 100.00, 98.62, -8.5, 9.5, 7.62, 16.38, 8.24, 'Miami Marlins @ Atlanta Braves', '', 1, 1),
(219, '2022-05-27', '2022-05-27 16:57:40', 4, 1, 160, 118, 83.85, 100.00, -7.5, 9.5, 15.67, 34.15, 18.58, 'Miami Marlins @ Atlanta Braves', '', 1, 2),
(220, '2022-05-27', '2022-05-27 16:59:10', 4, 5, 102, 125, 100.00, 89.78, 8.5, -7.5, 6.05, 12.22, 6.44, 'Kansas City Royals @ Minnesota Twins', '', 1, 1),
(221, '2022-05-27', '2022-05-27 16:59:22', 4, 1, 102, 200, 100.00, 67.33, 8.5, -6.5, 17.16, 34.67, 20.72, 'Kansas City Royals @ Minnesota Twins', '', 1, 2),
(222, '2022-05-27', '2022-05-27 17:00:58', 1, 4, 126, 112, 93.81, 100.00, -6.5, 7.5, 8.58, 18.19, 9.39, 'Milwaukee Brewers @ St. Louis Cardinals', '', 1, 1),
(223, '2022-05-27', '2022-05-27 17:01:13', 1, 4, 186, 112, 74.13, 100.00, -5.5, 7.5, 17.87, 37.87, 21.75, 'Milwaukee Brewers @ St. Louis Cardinals', '', 2, 2),
(224, '2022-05-27', '2022-05-27 17:02:47', 1, 4, 116, 104, 94.44, 100.00, 8.5, -7.5, 4.68, 9.56, 4.91, 'Toronto Blue Jays @ Los Angeles Angels', '', 1, 1),
(225, '2022-05-27', '2022-05-27 17:02:58', 1, 4, 116, 170, 100.00, 80.00, 8.5, -6.5, 16.67, 36.00, 20.00, 'Toronto Blue Jays @ Los Angeles Angels', '', 2, 2),
(226, '2022-05-27', '2022-05-27 17:05:33', 1, 4, 116, 102, 93.52, 100.00, 10.5, -9.5, 4.20, 8.48, 4.38, 'Los Angeles Dodgers @ Arizona Diamondbacks', '', 2, 1),
(227, '2022-05-27', '2022-05-27 17:05:42', 1, 4, 116, 155, 100.00, 84.71, 10.5, -8.5, 14.49, 31.29, 16.94, 'Los Angeles Dodgers @ Arizona Diamondbacks', '', 2, 2),
(228, '2022-05-27', '2022-05-27 17:07:46', 1, 4, 132, 112, 91.38, 100.00, -6.5, 7.5, 9.73, 20.62, 10.77, 'Pittsburgh Pirates @ San Diego Padres', '', 2, 1),
(229, '2022-05-27', '2022-05-27 17:08:00', 1, 4, 200, 112, 70.67, 100.00, -5.5, 7.5, 19.50, 41.33, 24.22, 'Pittsburgh Pirates @ San Diego Padres', '', 2, 2),
(230, '2022-05-27', '2022-05-27 17:09:31', 1, 4, 128, 114, 93.86, 100.00, -6.5, 7.5, 9.41, 20.14, 10.39, 'Texas Rangers @ Oakland Athletics', '', 1, 1),
(231, '2022-05-27', '2022-05-27 17:09:42', 1, 4, 186, 114, 74.83, 100.00, -5.5, 7.5, 18.31, 39.17, 22.41, 'Texas Rangers @ Oakland Athletics', '', 1, 2),
(232, '2022-05-27', '2022-05-27 17:11:14', 4, 1, 133, 108, 89.27, 100.00, -6.5, 7.5, 9.00, 18.73, 9.90, 'Houston Astros @ Seattle Mariners', '', 2, 1),
(233, '2022-05-27', '2022-05-27 17:11:27', 4, 1, 195, 108, 70.51, 100.00, -5.5, 7.5, 18.02, 37.49, 21.99, 'Houston Astros @ Seattle Mariners', '', 2, 2),
(234, '2022-05-27', '2022-05-27 17:47:11', 6, 1, -136, 220, 100.00, 54.23, -8.5, 9.5, 11.12, 19.30, 12.51, 'San Francisco Giants @ Cincinnati Reds', 'Carlos Rodon', 1, 4),
(235, '2022-05-27', '2022-05-27 23:22:34', 3, 1, -110, 174, 100.00, 69.67, -5.5, 6.5, 11.12, 21.23, 12.51, 'Heat/Celtics', 'Marcus Smart', 1, 9),
(236, '2022-05-27', '2022-05-27 23:24:24', 2, 1, -120, 152, 100.00, 72.75, 27.5, -25.5, 5.77, 10.58, 6.13, 'Heat/Celtics', 'Jimmy Butler', 1, 11),
(237, '2022-05-27', '2022-05-27 23:24:45', 2, 1, -120, 188, 100.00, 63.66, 27.5, -24.5, 10.73, 19.68, 12.02, 'Heat/Celtics', 'Jimmy Butler', 1, 12),
(238, '2022-05-27', '2022-05-27 23:25:02', 2, 1, -120, 230, 100.00, 55.56, 27.5, -23.5, 15.15, 27.78, 17.86, 'Heat/Celtics', 'Jimmy Butler', 1, 13),
(239, '2022-05-27', '2022-05-27 23:25:26', 1, 1, -104, 130, 100.00, 85.28, -27.5, 29.5, 5.54, 10.87, 5.87, 'Heat/Celtics', 'Jimmy Butler', 1, 11),
(240, '2022-05-27', '2022-05-27 23:25:40', 1, 1, -104, 162, 100.00, 74.87, -27.5, 30.5, 10.85, 21.29, 12.17, 'Heat/Celtics', 'Jimmy Butler', 1, 12),
(241, '2022-05-27', '2022-05-27 23:25:52', 1, 1, -104, 198, 100.00, 65.82, -27.5, 31.5, 15.46, 30.33, 18.29, 'Heat/Celtics', 'Jimmy Butler', 1, 13),
(242, '2022-05-27', '2022-05-27 23:27:21', 1, 1, 100, 120, 100.00, 90.91, 27.5, -25.5, 4.55, 9.09, 4.76, 'Heat/Celtics', 'Jaylen Brown', 1, 11),
(243, '2022-05-27', '2022-05-27 23:27:38', 1, 1, 100, 154, 100.00, 78.74, 27.5, -24.5, 10.63, 21.26, 11.89, 'Heat/Celtics', 'Jaylen Brown', 2, 12),
(244, '2022-05-27', '2022-05-27 23:27:49', 1, 1, 100, 194, 100.00, 68.03, 27.5, -23.5, 15.99, 31.97, 19.03, 'Heat/Celtics', 'Jaylen Brown', 2, 13),
(245, '2022-05-27', '2022-05-27 23:28:12', 2, 1, -110, 158, 100.00, 74.00, -27.5, 29.5, 8.86, 16.91, 9.72, 'Heat/Celtics', 'Jaylen Brown', 1, 11),
(246, '2022-05-27', '2022-05-27 23:28:26', 2, 1, -110, 194, 100.00, 64.94, -27.5, 30.5, 13.61, 25.97, 15.75, 'Heat/Celtics', 'Jaylen Brown', 1, 12),
(247, '2022-05-27', '2022-05-27 23:28:38', 2, 1, -110, 235, 100.00, 56.99, -27.5, 31.5, 17.77, 33.92, 21.61, 'Heat/Celtics', 'Jaylen Brown', 1, 13),
(248, '2022-05-27', '2022-05-27 23:29:18', 2, 1, -110, 154, 100.00, 75.16, 17.5, -15.5, 8.25, 15.75, 8.99, 'Heat/Celtics', 'Marcus Smart', 2, 11),
(249, '2022-05-27', '2022-05-27 23:29:35', 2, 1, -110, 200, 100.00, 63.64, 17.5, -14.5, 14.29, 27.27, 16.67, 'Heat/Celtics', 'Marcus Smart', 2, 12),
(250, '2022-05-27', '2022-05-27 23:29:45', 2, 1, -110, 280, 100.00, 50.24, 17.5, -13.5, 21.30, 40.67, 27.07, 'Heat/Celtics', 'Marcus Smart', 2, 13),
(251, '2022-05-27', '2022-05-27 23:30:13', 1, 1, -115, 158, 100.00, 72.46, -17.5, 19.5, 7.75, 14.49, 8.40, 'Heat/Celtics', 'Marcus Smart', 1, 11),
(252, '2022-05-27', '2022-05-27 23:30:23', 1, 1, -115, 200, 100.00, 62.32, -17.5, 20.5, 13.18, 24.64, 15.18, 'Heat/Celtics', 'Marcus Smart', 1, 12),
(253, '2022-05-27', '2022-05-27 23:30:37', 1, 1, -115, 260, 100.00, 51.93, -17.5, 21.5, 18.73, 35.02, 23.05, 'Heat/Celtics', 'Marcus Smart', 1, 13),
(254, '2022-05-27', '2022-05-27 23:31:49', 2, 1, -110, 132, 100.00, 82.29, 34.5, -32.5, 4.52, 8.62, 4.73, 'Heat/Celtics', 'Jimmy Butler', 1, 20),
(255, '2022-05-27', '2022-05-27 23:32:07', 2, 1, -110, 164, 100.00, 72.31, 34.5, -31.5, 9.74, 18.60, 10.79, 'Heat/Celtics', 'Jimmy Butler', 1, 21),
(256, '2022-05-27', '2022-05-27 23:32:19', 2, 1, -110, 200, 100.00, 63.64, 34.5, -30.5, 14.29, 27.27, 16.67, 'Heat/Celtics', 'Jimmy Butler', 1, 22),
(257, '2022-05-27', '2022-05-27 23:33:56', 6, 1, -108, 130, 100.00, 83.74, -34.5, 36.5, 4.60, 8.86, 4.82, 'Heat/Celtics', 'Jimmy Butler', 1, 20),
(258, '2022-05-27', '2022-05-27 23:34:06', 6, 1, -108, 158, 100.00, 74.65, -34.5, 37.5, 9.32, 17.94, 10.27, 'Heat/Celtics', 'Jimmy Butler', 1, 21),
(259, '2022-05-27', '2022-05-27 23:34:18', 6, 1, -108, 194, 100.00, 65.51, -34.5, 38.5, 14.06, 27.08, 16.36, 'Heat/Celtics', 'Jimmy Butler', 1, 22),
(260, '2022-05-27', '2022-05-27 23:35:12', 2, 1, -110, 132, 100.00, 82.29, 39.5, -37.5, 4.52, 8.62, 4.73, 'Heat/Celtics', 'Jayson Tatum', 1, 20),
(261, '2022-05-27', '2022-05-27 23:35:23', 2, 1, -110, 162, 100.00, 72.87, 39.5, -36.5, 9.45, 18.04, 10.44, 'Heat/Celtics', 'Jayson Tatum', 1, 21),
(262, '2022-05-27', '2022-05-27 23:35:35', 2, 1, -110, 194, 100.00, 64.94, 39.5, -35.5, 13.61, 25.97, 15.75, 'Heat/Celtics', 'Jayson Tatum', 1, 22),
(263, '2022-05-27', '2022-05-27 23:35:56', 1, 1, -113, 126, 100.00, 83.41, -39.5, 41.5, 2.70, 5.09, 2.78, 'Heat/Celtics', 'Jayson Tatum', 1, 20),
(264, '2022-05-27', '2022-05-27 23:36:08', 1, 1, -113, 154, 100.00, 74.21, -39.5, 42.5, 7.58, 14.28, 8.20, 'Heat/Celtics', 'Jayson Tatum', 1, 21),
(265, '2022-05-27', '2022-05-27 23:36:20', 1, 1, -113, 188, 100.00, 65.45, -39.5, 43.5, 12.23, 23.05, 13.93, 'Heat/Celtics', 'Jayson Tatum', 2, 22),
(266, '2022-05-27', '2022-05-27 23:36:56', 1, 1, -115, 136, 100.00, 79.22, 33.5, -31.5, 4.14, 7.74, 4.32, 'Heat/Celtics', 'Jaylen Brown', 1, 20),
(267, '2022-05-27', '2022-05-27 23:37:07', 1, 1, -115, 164, 100.00, 70.82, 33.5, -30.5, 8.63, 16.14, 9.45, 'Heat/Celtics', 'Jaylen Brown', 2, 21),
(268, '2022-05-27', '2022-05-27 23:37:18', 1, 1, -115, 200, 100.00, 62.32, 33.5, -29.5, 13.18, 24.64, 15.18, 'Heat/Celtics', 'Jaylen Brown', 2, 22),
(269, '2022-05-27', '2022-05-27 23:37:42', 2, 1, -105, 130, 100.00, 84.89, -33.5, 35.5, 5.30, 10.35, 5.60, 'Heat/Celtics', 'Jaylen Brown', 1, 20),
(270, '2022-05-27', '2022-05-27 23:37:52', 2, 1, -105, 158, 100.00, 75.67, -33.5, 36.5, 10.02, 19.56, 11.14, 'Heat/Celtics', 'Jaylen Brown', 1, 21),
(271, '2022-05-27', '2022-05-27 23:38:03', 2, 1, -105, 194, 100.00, 66.41, -33.5, 37.5, 14.77, 28.83, 17.33, 'Heat/Celtics', 'Jaylen Brown', 1, 22),
(272, '2022-05-27', '2022-05-27 23:38:45', 6, 1, -102, 134, 100.00, 84.63, 23.5, -21.5, 6.77, 13.41, 7.26, 'Heat/Celtics', 'Al Horford', 1, 20),
(273, '2022-05-27', '2022-05-27 23:38:59', 6, 1, -102, 172, 100.00, 72.81, 23.5, -20.5, 12.74, 25.23, 14.60, 'Heat/Celtics', 'Al Horford', 1, 21),
(274, '2022-05-27', '2022-05-27 23:39:09', 6, 1, -102, 210, 100.00, 63.88, 23.5, -19.5, 17.25, 34.16, 20.84, 'Heat/Celtics', 'Al Horford', 1, 22),
(275, '2022-05-27', '2022-05-27 23:39:35', 2, 1, -105, 140, 100.00, 81.35, -23.5, 25.5, 7.11, 13.89, 7.66, 'Heat/Celtics', 'Al Horford', 1, 20),
(276, '2022-05-27', '2022-05-27 23:39:48', 2, 1, -105, 174, 100.00, 71.25, -23.5, 26.5, 12.28, 23.98, 14.00, 'Heat/Celtics', 'Al Horford', 1, 21),
(277, '2022-05-27', '2022-05-27 23:39:58', 2, 1, -105, 210, 100.00, 62.98, -23.5, 27.5, 16.52, 32.26, 19.79, 'Heat/Celtics', 'Al Horford', 1, 22),
(278, '2022-05-27', '2022-05-27 23:41:13', 1, 1, 102, 118, 100.00, 92.66, 30.5, -28.5, 4.62, 9.34, 4.85, 'Heat/Celtics', 'Jimmy Butler', 1, 14),
(279, '2022-05-27', '2022-05-27 23:41:25', 1, 1, 102, 148, 100.00, 81.45, 30.5, -27.5, 10.17, 20.55, 11.32, 'Heat/Celtics', 'Jimmy Butler', 1, 15),
(280, '2022-05-27', '2022-05-27 23:41:35', 1, 1, 102, 188, 100.00, 70.14, 30.5, -26.5, 15.77, 31.86, 18.73, 'Heat/Celtics', 'Jimmy Butler', 1, 16),
(281, '2022-05-27', '2022-05-27 23:42:10', 6, 1, -112, 154, 100.00, 74.52, -30.5, 32.5, 7.80, 14.76, 8.46, 'Heat/Celtics', 'Jimmy Butler', 1, 14),
(282, '2022-05-27', '2022-05-27 23:42:23', 6, 1, -112, 194, 100.00, 64.38, -30.5, 33.5, 13.16, 24.90, 15.15, 'Heat/Celtics', 'Jimmy Butler', 1, 15),
(283, '2022-05-27', '2022-05-27 23:42:32', 6, 1, -112, 230, 100.00, 57.36, -30.5, 34.5, 16.87, 31.93, 20.29, 'Heat/Celtics', 'Jimmy Butler', 1, 16),
(284, '2022-05-27', '2022-05-27 23:43:10', 6, 1, -124, 164, 100.00, 68.43, 19.5, -17.5, 6.76, 12.22, 7.25, 'Heat/Celtics', 'Al Horford', 1, 14),
(285, '2022-05-27', '2022-05-27 23:43:20', 6, 1, -124, 205, 100.00, 59.23, 19.5, -16.5, 11.86, 21.42, 13.45, 'Heat/Celtics', 'Al Horford', 1, 15),
(286, '2022-05-27', '2022-05-27 23:43:30', 6, 1, -124, 270, 100.00, 48.82, 19.5, -15.5, 17.62, 31.82, 21.38, 'Heat/Celtics', 'Al Horford', 1, 16),
(287, '2022-05-27', '2022-05-27 23:43:55', 1, 1, -102, 126, 100.00, 87.63, -19.5, 21.5, 5.26, 10.41, 5.55, 'Heat/Celtics', 'Al Horford', 1, 14),
(288, '2022-05-27', '2022-05-27 23:44:04', 1, 1, -102, 158, 100.00, 76.76, -19.5, 22.5, 10.75, 21.28, 12.04, 'Heat/Celtics', 'Al Horford', 1, 15),
(289, '2022-05-27', '2022-05-27 23:44:13', 1, 1, -102, 198, 100.00, 66.46, -19.5, 23.5, 15.95, 31.58, 18.97, 'Heat/Celtics', 'Al Horford', 1, 16),
(290, '2022-05-27', '2022-05-27 23:45:31', 1, 1, -108, 140, 100.00, 80.25, 27.5, -25.5, 6.41, 12.35, 6.85, 'Heat/Celtics', 'Jayson Tatum', 1, 5),
(291, '2022-05-27', '2022-05-27 23:45:45', 1, 1, -108, 182, 100.00, 68.30, 27.5, -24.5, 12.62, 24.30, 14.44, 'Heat/Celtics', 'Jayson Tatum', 1, 6),
(292, '2022-05-27', '2022-05-27 23:46:07', 3, 1, -110, 140, 100.00, 79.55, -27.5, 29.5, 5.95, 11.36, 6.33, 'Heat/Celtics', 'Jayson Tatum', 1, 5),
(293, '2022-05-27', '2022-05-27 23:46:19', 3, 1, -110, 178, 100.00, 68.67, -27.5, 30.5, 11.65, 22.24, 13.18, 'Heat/Celtics', 'Jayson Tatum', 2, 6),
(294, '2022-05-27', '2022-05-27 23:47:06', 1, 1, 100, 124, 100.00, 89.29, 24.5, -22.5, 5.36, 10.71, 5.66, 'Heat/Celtics', 'Jaylen Brown', 1, 5),
(295, '2022-05-27', '2022-05-27 23:47:19', 1, 1, 100, 162, 100.00, 76.34, 24.5, -21.5, 11.83, 23.66, 13.42, 'Heat/Celtics', 'Jaylen Brown', 1, 6),
(296, '2022-05-27', '2022-05-27 23:47:40', 3, 1, -115, 158, 100.00, 72.46, -24.5, 26.5, 7.75, 14.49, 8.40, 'Heat/Celtics', 'Jaylen Brown', 1, 5),
(297, '2022-05-27', '2022-05-27 23:47:50', 3, 1, -115, 198, 100.00, 62.74, -24.5, 27.5, 12.95, 24.22, 14.88, 'Heat/Celtics', 'Jaylen Brown', 1, 6),
(298, '2022-05-27', '2022-05-27 23:48:29', 2, 1, 100, 136, 100.00, 84.75, 23.5, -21.5, 7.63, 15.25, 8.26, 'Heat/Celtics', 'Jimmy Butler', 1, 5),
(299, '2022-05-27', '2022-05-27 23:48:39', 2, 1, 100, 178, 100.00, 71.94, 23.5, -20.5, 14.03, 28.06, 16.32, 'Heat/Celtics', 'Jimmy Butler', 1, 6),
(300, '2022-05-27', '2022-05-27 23:49:01', 3, 1, -110, 154, 100.00, 75.16, -23.5, 25.5, 8.25, 15.75, 8.99, 'Heat/Celtics', 'Jimmy Butler', 1, 5),
(301, '2022-05-27', '2022-05-27 23:49:13', 3, 1, -110, 194, 100.00, 64.94, -23.5, 26.5, 13.61, 25.97, 15.75, 'Heat/Celtics', 'Jimmy Butler', 1, 6),
(302, '2022-05-27', '2022-05-27 23:49:54', 3, 1, 108, 132, 100.00, 89.66, 16.5, -14.5, 8.82, 18.34, 9.67, 'Heat/Celtics', 'Bam Adebayo', 1, 5),
(303, '2022-05-27', '2022-05-27 23:50:09', 3, 1, 108, 178, 100.00, 74.82, 16.5, -13.5, 15.95, 33.18, 18.98, 'Heat/Celtics', 'Bam Adebayo', 1, 6),
(304, '2022-05-27', '2022-05-27 23:50:30', 6, 1, -122, 182, 100.00, 64.53, -16.5, 18.5, 9.58, 17.44, 10.60, 'Heat/Celtics', 'Bam Adebayo', 1, 5),
(305, '2022-05-27', '2022-05-27 23:50:38', 6, 1, -122, 230, 100.00, 55.14, -16.5, 19.5, 14.74, 26.83, 17.29, 'Heat/Celtics', 'Bam Adebayo', 1, 6),
(306, '2022-05-27', '2022-05-27 23:51:59', 6, 1, 118, 140, 100.00, 90.83, 12.5, -10.5, 12.46, 27.17, 14.24, 'Heat/Celtics', 'Bam Adebayo', 1, 17),
(307, '2022-05-27', '2022-05-27 23:52:16', 6, 1, 118, 198, 100.00, 73.15, 12.5, -9.5, 20.57, 44.85, 25.90, 'Heat/Celtics', 'Bam Adebayo', 1, 18),
(308, '2022-05-27', '2022-05-27 23:52:56', 2, 1, -140, 225, 100.00, 52.75, -12.5, 14.5, 10.90, 18.68, 12.23, 'Heat/Celtics', 'Bam Adebayo', 1, 17),
(309, '2022-05-27', '2022-05-27 23:53:54', 1, 1, -104, 178, 100.00, 70.56, 12.5, -10.5, 13.05, 25.59, 15.01, 'Heat/Celtics', 'Al Horford', 1, 17),
(310, '2022-05-27', '2022-05-27 23:54:10', 1, 1, -104, 250, 100.00, 56.04, 12.5, -9.5, 20.45, 40.11, 25.70, 'Heat/Celtics', 'Al Horford', 1, 18),
(311, '2022-05-27', '2022-05-27 23:54:35', 1, 1, -120, 194, 100.00, 62.36, -12.5, 14.5, 11.44, 20.98, 12.92, 'Heat/Celtics', 'Al Horford', 2, 17),
(312, '2022-05-27', '2022-05-27 23:54:53', 1, 1, -120, 270, 100.00, 49.55, -12.5, 15.5, 18.43, 33.78, 22.59, 'Heat/Celtics', 'Al Horford', 2, 18),
(313, '2022-05-27', '2022-05-27 23:55:36', 2, 1, 110, 144, 100.00, 86.07, 12.5, -10.5, 11.40, 23.93, 12.86, 'Heat/Celtics', 'Jayson Tatum', 1, 17),
(314, '2022-05-27', '2022-05-27 23:55:50', 2, 1, 110, 225, 100.00, 64.62, 12.5, -9.5, 21.61, 45.38, 27.57, 'Heat/Celtics', 'Jayson Tatum', 1, 18),
(315, '2022-05-27', '2022-05-27 23:56:07', 2, 1, -132, 210, 100.00, 56.70, -12.5, 14.5, 10.85, 19.06, 12.16, 'Heat/Celtics', 'Jayson Tatum', 2, 17),
(316, '2022-05-27', '2022-05-27 23:56:18', 2, 1, -132, 290, 100.00, 45.07, -12.5, 15.5, 17.46, 30.69, 21.16, 'Heat/Celtics', 'Jayson Tatum', 2, 18),
(317, '2022-05-27', '2022-05-27 23:57:17', 2, 1, 130, 142, 100.00, 95.04, -8.5, 10.5, 15.20, 34.96, 17.92, 'Heat/Celtics', 'Jaylen Brown', 1, 17),
(318, '2022-05-27', '2022-05-27 23:57:30', 2, 1, 130, 205, 100.00, 75.41, -8.5, 11.5, 23.73, 54.59, 31.12, 'Heat/Celtics', 'Jaylen Brown', 2, 18),
(319, '2022-05-27', '2022-05-27 23:59:04', 2, 1, 130, 102, 87.83, 100.00, 9.5, -8.5, 7.02, 14.17, 7.55, 'Heat/Celtics', 'Bam Adebayo', 2, 7),
(320, '2022-05-27', '2022-05-27 23:59:14', 2, 1, 130, 158, 100.00, 89.15, 9.5, -7.5, 17.76, 40.85, 21.60, 'Heat/Celtics', 'Bam Adebayo', 2, 8),
(321, '2022-05-27', '2022-05-27 23:59:39', 6, 1, -136, 270, 100.00, 46.90, -9.5, 11.5, 15.35, 26.63, 18.13, 'Heat/Celtics', 'Bam Adebayo', 1, 8),
(322, '2022-05-27', '2022-05-27 23:59:59', 6, 1, -136, 194, 100.00, 59.02, -9.5, 10.5, 8.36, 14.51, 9.12, 'Heat/Celtics', 'Bam Adebayo', 1, 7),
(323, '2022-05-27', '2022-05-28 00:00:49', 2, 1, -145, 178, 100.00, 60.78, 8.5, -7.5, 4.85, 8.19, 5.09, 'Heat/Celtics', 'Al Horford', 1, 7),
(324, '2022-05-27', '2022-05-28 00:01:03', 2, 1, -145, 290, 100.00, 43.32, 8.5, -6.5, 15.18, 25.64, 17.89, 'Heat/Celtics', 'Al Horford', 1, 8),
(325, '2022-05-27', '2022-05-28 00:01:24', 2, 1, 115, 106, 95.81, 100.00, -8.5, 9.5, 4.94, 10.19, 5.20, 'Heat/Celtics', 'Al Horford', 2, 7),
(326, '2022-05-27', '2022-05-28 00:01:37', 2, 1, 115, 178, 100.00, 77.34, -8.5, 10.5, 17.52, 37.66, 21.24, 'Heat/Celtics', 'Al Horford', 2, 8),
(327, '2022-05-27', '2022-05-28 00:02:25', 2, 1, -130, 188, 100.00, 61.43, 7.5, -6.5, 8.76, 15.49, 9.60, 'Heat/Celtics', 'Robert Williams', 1, 7),
(328, '2022-05-27', '2022-05-28 00:03:01', 1, 1, 114, 112, 99.07, 100.00, -7.5, 8.5, 6.10, 12.93, 6.50, 'Heat/Celtics', 'Robert Williams', 1, 7),
(329, '2022-05-27', '2022-05-28 00:03:10', 1, 1, 114, 162, 100.00, 81.68, -7.5, 9.5, 15.10, 32.32, 17.79, 'Heat/Celtics', 'Robert Williams', 1, 8),
(330, '2022-05-28', '2022-05-28 08:51:07', 1, 1, -112, 176, 100.00, 68.58, -6.5, 7.5, 10.94, 20.70, 12.28, 'Miami Marlins @ Atlanta Braves', 'Sandy Alcantara', 1, 4),
(331, '2022-05-28', '2022-05-28 08:52:45', 1, 1, 100, 150, 100.00, 80.00, -7.5, 8.5, 10.00, 20.00, 11.11, 'New York Yankees @ Tampa Bay Rays', 'Gerrit Cole', 1, 4),
(335, '2022-05-29', '2022-05-29 23:28:53', 1, 1, -110, 194, 100.00, 64.94, 28.5, -25.5, 13.61, 25.97, 15.75, 'Heat/Celtics', 'Jayson Tatum', 2, 6),
(334, '2022-05-29', '2022-05-29 23:28:38', 1, 1, -110, 148, 100.00, 76.98, 28.5, -26.5, 7.30, 13.93, 7.87, 'Heat/Celtics', 'Jayson Tatum', 1, 5),
(336, '2022-05-29', '2022-05-29 23:30:16', 3, 1, -115, 162, 100.00, 71.36, -24.5, 26.5, 8.34, 15.60, 9.10, 'Heat/Celtics', 'Jaylen Brown', 1, 6),
(337, '2022-05-29', '2022-05-29 23:30:32', 3, 1, -115, 200, 100.00, 62.32, -24.5, 27.5, 13.18, 24.64, 15.18, 'Heat/Celtics', 'Jaylen Brown', 1, 6),
(338, '2022-05-29', '2022-05-29 23:32:39', 3, 1, -120, 182, 100.00, 65.01, -13.5, 15.5, 9.99, 18.32, 11.10, 'Heat/Celtics', 'Marcus Smart', 1, 5),
(339, '2022-05-29', '2022-05-29 23:33:01', 3, 1, -120, 240, 100.00, 53.92, -13.5, 16.5, 16.04, 29.41, 19.11, 'Heat/Celtics', 'Marcus Smart', 1, 6),
(340, '2022-05-29', '2022-05-29 23:35:35', 1, 1, 104, 140, 100.00, 85.00, 13.5, -11.5, 9.31, 19.00, 10.27, 'Heat/Celtics', 'Bam Adebayo', 1, 5),
(341, '2022-05-29', '2022-05-29 23:35:54', 1, 1, 104, 194, 100.00, 69.39, 13.5, -10.5, 16.97, 34.61, 20.43, 'Heat/Celtics', 'Bam Adebayo', 1, 6);
INSERT INTO `bet_entries` (`id`, `date`, `datetime`, `book_id1`, `book_id2`, `odds1`, `odds2`, `stake1`, `stake2`, `over_under1`, `over_under2`, `profit_pct`, `profit_potential`, `bet_pct`, `game`, `prop`, `win_loss`, `category_id`) VALUES
(343, '2022-05-29', '2022-05-29 23:37:53', 6, 1, -124, 174, 100.00, 65.93, -11.5, 12.5, 8.15, 14.72, 8.87, 'Heat/Celtics', 'Kyle Lowry', 1, 5),
(344, '2022-05-29', '2022-05-29 23:38:04', 6, 1, -124, 230, 100.00, 54.74, -11.5, 13.5, 14.34, 25.90, 16.74, 'Heat/Celtics', 'Kyle Lowry', 1, 6),
(345, '2022-05-29', '2022-05-29 23:39:00', 2, 1, -110, 144, 100.00, 78.24, 10.5, -9.5, 6.64, 12.67, 7.11, 'Heat/Celtics', 'Tyler Herro', 1, 5),
(346, '2022-05-29', '2022-05-29 23:39:11', 2, 1, -110, 205, 100.00, 62.59, 10.5, -8.5, 14.83, 28.32, 17.42, 'Heat/Celtics', 'Tyler Herro', 1, 6),
(347, '2022-05-29', '2022-05-29 23:40:39', 6, 1, -104, 130, 100.00, 85.28, -33.5, 35.5, 5.54, 10.87, 5.87, 'Heat/Celtics', 'Jayson Tatum', 1, 11),
(348, '2022-05-29', '2022-05-29 23:40:50', 6, 1, -104, 164, 100.00, 74.30, -33.5, 36.5, 11.14, 21.85, 12.54, 'Heat/Celtics', 'Jayson Tatum', 1, 12),
(349, '2022-05-29', '2022-05-29 23:41:02', 6, 1, -104, 198, 100.00, 65.82, -33.5, 37.5, 15.46, 30.33, 18.29, 'Heat/Celtics', 'Jayson Tatum', 1, 13),
(350, '2022-05-29', '2022-05-29 23:41:45', 6, 1, -108, 152, 100.00, 76.43, -32.5, 34.5, 8.39, 16.17, 9.16, 'Heat/Celtics', 'Jimmy Butler', 1, 11),
(351, '2022-05-29', '2022-05-29 23:41:54', 6, 1, -108, 188, 100.00, 66.87, -32.5, 35.5, 13.35, 25.72, 15.41, 'Heat/Celtics', 'Jimmy Butler', 1, 12),
(352, '2022-05-29', '2022-05-29 23:42:07', 6, 1, -108, 225, 100.00, 59.26, -32.5, 36.5, 17.31, 33.33, 20.93, 'Heat/Celtics', 'Jimmy Butler', 2, 13),
(353, '2022-05-29', '2022-05-29 23:43:39', 1, 1, 100, 124, 100.00, 89.29, -35.5, 37.5, 5.36, 10.71, 5.66, 'Heat/Celtics', 'Jayson Tatum', 2, 14),
(354, '2022-05-29', '2022-05-29 23:43:49', 1, 1, 100, 154, 100.00, 78.74, -35.5, 38.5, 10.63, 21.26, 11.89, 'Heat/Celtics', 'Jayson Tatum', 2, 15),
(355, '2022-05-29', '2022-05-29 23:43:58', 1, 1, 100, 188, 100.00, 69.44, -35.5, 39.5, 15.28, 30.56, 18.03, 'Heat/Celtics', 'Jayson Tatum', 2, 16),
(356, '2022-05-29', '2022-05-29 23:45:01', 3, 1, -110, 140, 100.00, 79.55, -35.5, 37.5, 5.95, 11.36, 6.33, 'Heat/Celtics', 'Jimmy Butler', 1, 14),
(359, '2022-05-29', '2022-05-29 23:46:42', 3, 1, -110, 174, 100.00, 69.67, -35.5, 38.5, 11.12, 21.23, 12.51, 'Heat/Celtics', 'Jimmy Butler', 1, 15),
(358, '2022-05-29', '2022-05-29 23:45:27', 3, 1, -110, 205, 100.00, 62.59, -35.5, 39.5, 14.83, 28.32, 17.42, 'Heat/Celtics', 'Jimmy Butler', 1, 16),
(360, '2022-05-29', '2022-05-29 23:50:17', 3, 1, -120, 182, 100.00, 65.01, -12.5, 14.5, 9.99, 18.32, 11.10, 'Heat/Celtics', 'Jayson Tatum', 1, 17),
(361, '2022-05-29', '2022-05-29 23:50:31', 3, 1, -120, 260, 100.00, 50.93, -12.5, 15.5, 17.68, 32.41, 21.47, 'Heat/Celtics', 'Jayson Tatum', 1, 18),
(362, '2022-05-29', '2022-05-29 23:51:20', 3, 1, -140, 220, 100.00, 53.57, -9.5, 11.5, 10.42, 17.86, 11.63, 'Heat/Celtics', 'Marcus Smart', 1, 17),
(363, '2022-05-29', '2022-05-29 23:52:07', 3, 1, -130, 240, 100.00, 52.04, -8.5, 10.5, 14.07, 24.89, 16.37, 'Heat/Celtics', 'Robert Williams', 1, 17),
(364, '2022-05-29', '2022-05-29 23:53:27', 3, 1, -115, 140, 100.00, 77.90, -41.5, 43.5, 4.84, 9.06, 5.09, 'Heat/Celtics', 'Jayson Tatum', 2, 20),
(365, '2022-05-29', '2022-05-29 23:53:41', 3, 1, -115, 168, 100.00, 69.76, -41.5, 44.5, 9.20, 17.20, 10.13, 'Heat/Celtics', 'Jayson Tatum', 2, 21),
(366, '2022-05-29', '2022-05-29 23:53:55', 3, 1, -115, 198, 100.00, 62.74, -41.5, 45.5, 12.95, 24.22, 14.88, 'Heat/Celtics', 'Jayson Tatum', 2, 22),
(367, '2022-05-29', '2022-05-29 23:54:38', 1, 1, -102, 124, 100.00, 88.41, -21.5, 23.5, 4.86, 9.63, 5.11, 'Heat/Celtics', 'Al Horford', 2, 20),
(368, '2022-05-29', '2022-05-29 23:54:54', 1, 1, -102, 154, 100.00, 77.97, -21.5, 24.5, 10.13, 20.07, 11.28, 'Heat/Celtics', 'Al Horford', 2, 21),
(369, '2022-05-29', '2022-05-29 23:55:07', 1, 1, -102, 194, 100.00, 67.36, -21.5, 25.5, 15.49, 30.68, 18.33, 'Heat/Celtics', 'Al Horford', 2, 22),
(370, '2022-05-29', '2022-05-29 23:55:49', 1, 1, -104, 144, 100.00, 80.39, -15.5, 17.5, 8.04, 15.76, 8.74, 'Heat/Celtics', 'Robert Williams', 1, 20),
(371, '2022-05-29', '2022-05-29 23:56:00', 1, 1, -104, 194, 100.00, 66.72, -15.5, 18.5, 15.01, 29.43, 17.66, 'Heat/Celtics', 'Robert Williams', 1, 21),
(372, '2022-05-29', '2022-05-29 23:56:14', 1, 1, -104, 240, 100.00, 57.69, -15.5, 19.5, 19.61, 38.46, 24.39, 'Heat/Celtics', 'Robert Williams', 1, 22),
(373, '2022-05-29', '2022-05-29 23:56:55', 2, 1, -110, 140, 100.00, 79.55, -40.5, 42.5, 5.95, 11.36, 6.33, 'Heat/Celtics', 'Jimmy Butler', 1, 20),
(374, '2022-05-29', '2022-05-29 23:57:06', 2, 1, -110, 164, 100.00, 72.31, -40.5, 43.5, 9.74, 18.60, 10.79, 'Heat/Celtics', 'Jimmy Butler', 1, 21),
(375, '2022-05-29', '2022-05-29 23:57:17', 2, 1, -110, 198, 100.00, 64.06, -40.5, 44.5, 14.06, 26.85, 16.36, 'Heat/Celtics', 'Jimmy Butler', 1, 22),
(376, '2022-05-29', '2022-05-29 23:58:24', 2, 1, 104, 110, 100.00, 97.14, 9.5, -8.5, 3.36, 6.86, 3.48, 'Heat/Celtics', 'Bam Adebayo', 1, 7),
(377, '2022-05-29', '2022-05-29 23:58:37', 2, 1, 104, 174, 100.00, 74.45, 9.5, -7.5, 14.48, 29.55, 16.94, 'Heat/Celtics', 'Bam Adebayo', 1, 8),
(378, '2022-05-29', '2022-05-30 00:00:08', 1, 1, -124, 240, 100.00, 53.13, 2.5, -1.5, 15.23, 27.51, 17.97, 'Heat/Celtics', 'Derrick White', 1, 7),
(379, '2022-05-29', '2022-05-30 00:02:42', 1, 1, -130, 172, 100.00, 65.05, -6.5, 7.5, 6.71, 11.88, 7.20, 'Heat/Celtics', 'Jaylen Brown', 1, 7),
(380, '2022-05-29', '2022-05-30 00:03:26', 2, 1, 105, 124, 100.00, 91.52, 7.5, -6.5, 6.58, 13.48, 7.04, 'Heat/Celtics', 'Jayson Tatum', 1, 7),
(381, '2022-05-30', '2022-05-30 17:26:15', 1, 1, -156, 250, 100.00, 46.89, -6.5, 7.5, 10.49, 17.22, 11.72, 'Atlanta Braves @ Arizona Diamondbacks', 'Zac Gallen', 1, 4),
(383, '2022-05-30', '2022-05-30 17:29:24', 1, 1, 120, 158, 100.00, 85.27, -3.5, 4.5, 15.79, 34.73, 18.74, 'San Diego Padres @ St. Louis Cardinals', 'Nick Martinez', 1, 4),
(384, '2022-05-30', '2022-05-30 17:33:33', 2, 1, -101, 130, 100.00, 86.53, -2.5, 3.5, 6.27, 12.48, 6.69, 'Kansas City Royals @ Cleveland Guardians', 'Jon Heasley', 2, 4),
(385, '2022-05-30', '2022-05-30 17:40:18', 2, 1, 320, -192, 36.21, 100.00, -6.5, 8.5, 10.44, 15.87, 11.65, 'Baltimore Orioles @ Boston Red Sox', '', 1, 2),
(386, '2022-05-30', '2022-05-30 17:42:48', 1, 4, 420, -240, 27.24, 100.00, 11.5, -9.5, 10.18, 14.42, 11.34, 'Houston Astros @ Oakland Athletics', '', 1, 2),
(387, '2022-05-31', '2022-05-31 14:42:58', 1, 1, -134, 210, 100.00, 56.33, -6.5, 7.5, 10.48, 18.30, 11.70, 'Chicago White Sox @ Toronto Blue Jays', 'Lucas Giolito', 1, 4),
(388, '2022-05-31', '2022-05-31 14:43:44', 1, 1, -140, 220, 100.00, 53.57, -6.5, 7.5, 10.42, 17.86, 11.63, 'Chicago White Sox @ Toronto Blue Jays', 'Kevin Gausman', 1, 4),
(389, '2022-05-31', '2022-05-31 14:46:26', 1, 1, 120, 140, 100.00, 91.67, -5.5, 6.5, 12.88, 28.33, 14.78, 'Milwaukee Brewers @ Chicago Cubs', 'Eric Lauer', 2, 4),
(390, '2022-05-31', '2022-05-31 14:47:58', 6, 1, 118, 172, 100.00, 80.15, -5.5, 6.5, 17.36, 37.85, 21.01, 'Atlanta Braves @ Arizona Diamondbacks', 'Charlie Morton', 1, 4),
(391, '2022-05-31', '2022-05-31 14:50:04', 1, 1, -108, 164, 100.00, 72.95, -6.5, 7.5, 10.20, 19.64, 11.36, 'Houston Astros @ Oakland Athletics', 'Cristian Javier', 1, 4),
(393, '2022-05-31', '2022-05-31 22:32:21', 1, 1, 600, -400, 17.86, 100.00, 11.5, -9.5, 5.71, 7.14, 6.06, 'Houston Astros @ Oakland Athletics', '', 1, 2),
(394, '2022-06-01', '2022-06-01 16:05:16', 2, 1, -133, 220, 100.00, 54.75, -6.5, 7.5, 11.67, 20.44, 13.21, 'Houston Astros @ Oakland Athletics', 'Justin Verlander', 1, 4),
(395, '2022-06-01', '2022-06-01 16:07:31', 1, 1, 118, 128, 100.00, 95.61, -7.5, 8.5, 10.27, 22.39, 11.44, 'San Francisco Giants @ Philadelphia Phillies', 'Carlos Rodon', 1, 4),
(396, '2022-06-01', '2022-06-01 16:08:29', 3, 1, -120, 200, 100.00, 61.11, -6.5, 7.5, 12.12, 22.22, 13.79, 'San Francisco Giants @ Philadelphia Phillies', 'Aaron Nola', 1, 4),
(397, '2022-06-01', '2022-06-01 16:09:48', 1, 1, -102, 162, 100.00, 75.59, -6.5, 7.5, 11.34, 22.45, 12.79, 'Los Angeles Angels @ New York Yankees', 'Nestor Cortes', 9, 4),
(398, '2022-06-01', '2022-06-01 16:11:03', 1, 1, 118, 134, 100.00, 93.16, -6.5, 7.5, 11.39, 24.84, 12.86, 'Seattle Mariners @ Baltimore Orioles', 'Robbie Ray', 1, 4),
(399, '2022-06-02', '2022-06-02 14:18:38', 1, 1, -118, 182, 100.00, 65.51, -6.5, 7.5, 10.41, 19.23, 11.62, 'Los Angeles Angels @ New York Yankees', 'Nestor Cortes', 2, 4),
(400, '2022-06-02', '2022-06-02 14:19:18', 1, 1, -152, 235, 100.00, 49.49, -7.5, 8.5, 9.83, 16.30, 10.90, 'Los Angeles Angels @ New York Yankees', 'Shohei Ohtani', 1, 4),
(401, '2022-06-02', '2022-06-02 14:21:19', 1, 1, -130, 210, 100.00, 57.07, -6.5, 7.5, 11.22, 19.85, 12.64, 'San Diego Padres @ Milwaukee Brewers', 'Sean Manaea', 1, 4),
(402, '2022-06-03', '2022-06-03 15:47:53', 3, 1, -130, 200, 100.00, 58.97, -8.5, 9.5, 10.14, 17.95, 11.29, 'Detroit Tigers @ New York Yankees', 'Gerrit Cole', 2, 4),
(403, '2022-06-03', '2022-06-03 15:49:40', 1, 1, -140, 215, 100.00, 54.42, -7.5, 8.5, 9.92, 17.01, 11.01, 'Chicago White Sox @ Tampa Bay Rays', 'Shane McClanahan', 2, 4),
(404, '2022-06-03', '2022-06-03 15:50:56', 1, 1, -112, 180, 100.00, 67.60, -7.5, 8.5, 11.46, 21.68, 12.94, 'San Diego Padres @ Milwaukee Brewers', 'Corbin Burnes', 1, 4),
(405, '2022-06-04', '2022-06-04 06:09:07', 1, 1, -118, 340, 100.00, 41.99, -6.5, 8.5, 23.14, 42.76, 30.11, 'Detroit Tigers @ New York Yankees', 'Luis Severino', 1, 23),
(406, '2022-06-04', '2022-06-04 06:11:50', 1, 1, -112, 330, 100.00, 44.02, -7.5, 9.5, 23.91, 45.27, 31.43, 'Chicago White Sox @ Tampa Bay Rays', 'Dylan Cease', 1, 23),
(407, '2022-06-04', '2022-06-04 16:46:44', 3, 1, 100, 300, 100.00, 50.00, -7.5, 9.5, 25.00, 50.00, 33.33, 'Los Angeles Angels @ Philadelphia Phillies', 'Zack Wheeler', 2, 23),
(409, '2022-06-05', '2022-06-05 15:57:51', 2, 1, -111, 360, 100.00, 41.32, -6.5, 8.5, 25.65, 48.77, 34.51, 'Minnesota Twins @ Toronto Blue Jays', 'Kevin Gausman', 1, 23),
(410, '2022-06-05', '2022-06-05 15:59:03', 1, 1, -108, 285, 100.00, 50.02, -6.5, 8.5, 22.10, 42.57, 28.37, 'Chicago White Sox @ Tampa Bay Rays', 'Lucas Giolito', 9, 23),
(411, '2022-06-05', '2022-06-05 16:00:46', 1, 1, -138, 420, 100.00, 33.17, -6.5, 8.5, 22.79, 39.30, 29.51, 'Boston Red Sox @ Oakland Athletics', 'Frankie Montas', 9, 23),
(412, '2022-06-05', '2022-06-05 21:54:50', 3, 1, 100, 182, 100.00, 70.92, -16.5, 19.5, 14.54, 29.08, 17.01, 'Boston Celtics @ Golden State Warriors', 'Andrew Wiggins', 1, 6),
(413, '2022-06-05', '2022-06-05 21:55:54', 1, 1, 270, -166, 43.31, 100.00, -19.5, 22.5, 10.57, 16.93, 11.82, 'Boston Celtics @ Golden State Warriors', 'Jaylen Brown', 1, 6),
(414, '2022-06-05', '2022-06-05 21:57:48', 1, 1, 194, -118, 62.84, 100.00, -23.5, 26.5, 11.86, 21.91, 13.45, 'Boston Celtics @ Golden State Warriors', 'Jayson Tatum', 1, 6),
(415, '2022-06-05', '2022-06-05 21:59:14', 3, 1, 100, 178, 100.00, 71.94, -27.5, 30.5, 14.03, 28.06, 16.32, 'Boston Celtics @ Golden State Warriors', 'Stephen Curry', 2, 6),
(416, '2022-06-05', '2022-06-05 21:59:55', 3, 1, 100, 146, 100.00, 81.30, -27.5, 29.5, 9.35, 18.70, 10.31, 'Boston Celtics @ Golden State Warriors', 'Stephen Curry', 2, 5),
(417, '2022-06-05', '2022-06-05 22:00:32', 3, 1, -112, 158, 100.00, 73.37, -14.5, 16.5, 8.41, 15.92, 9.18, 'Boston Celtics @ Golden State Warriors', 'Marcus Smart', 1, 5),
(418, '2022-06-05', '2022-06-05 22:01:02', 3, 1, -110, 154, 100.00, 75.16, -19.5, 21.5, 8.25, 15.75, 8.99, 'Boston Celtics @ Golden State Warriors', 'Klay Thompson', 1, 5),
(419, '2022-06-05', '2022-06-05 22:01:51', 3, 1, -120, 210, 100.00, 59.14, -14.5, 16.5, 13.20, 24.19, 15.20, 'Boston Celtics @ Golden State Warriors', 'Jordan Poole', 1, 5),
(420, '2022-06-05', '2022-06-05 22:02:17', 3, 1, 105, 128, 100.00, 89.91, -26.5, 28.5, 7.36, 15.09, 7.94, 'Boston Celtics @ Golden State Warriors', 'Jayson Tatum', 2, 5),
(421, '2022-06-05', '2022-06-05 22:02:41', 3, 1, 100, 128, 100.00, 87.72, -23.5, 25.5, 6.14, 12.28, 6.54, 'Boston Celtics @ Golden State Warriors', 'Jaylen Brown', 1, 5),
(422, '2022-06-05', '2022-06-05 22:03:12', 3, 1, -118, 235, 100.00, 55.15, -5.5, 7.5, 16.02, 29.60, 19.08, 'Boston Celtics @ Golden State Warriors', 'Grant Wiliams', 2, 5),
(423, '2022-06-05', '2022-06-05 22:03:43', 3, 1, 105, 154, 100.00, 80.71, -9.5, 11.5, 11.85, 24.29, 13.44, 'Boston Celtics @ Golden State Warriors', 'Derrick White', 1, 5),
(424, '2022-06-05', '2022-06-05 22:04:05', 3, 1, 100, 144, 100.00, 81.97, -16.5, 18.5, 9.02, 18.03, 9.91, 'Boston Celtics @ Golden State Warriors', 'Andrew Wiggins', 1, 5),
(425, '2022-06-05', '2022-06-05 22:05:43', 1, 1, -113, 162, 100.00, 71.94, -33.5, 36.5, 8.78, 16.55, 9.63, 'Boston Celtics @ Golden State Warriors', 'Jayson Tatum', 1, 12),
(426, '2022-06-05', '2022-06-05 22:06:02', 1, 1, -113, 198, 100.00, 63.25, -33.5, 37.5, 13.39, 25.24, 15.46, 'Boston Celtics @ Golden State Warriors', 'Jayson Tatum', 1, 13),
(427, '2022-06-05', '2022-06-05 22:06:49', 2, 1, -110, 200, 100.00, 63.64, -33.5, 37.5, 14.29, 27.27, 16.67, 'Boston Celtics @ Golden State Warriors', 'Stephen Curry', 1, 13),
(428, '2022-06-05', '2022-06-05 22:07:01', 2, 1, -110, 164, 100.00, 72.31, -33.5, 36.5, 9.74, 18.60, 10.79, 'Boston Celtics @ Golden State Warriors', 'Stephen Curry', 1, 12),
(429, '2022-06-05', '2022-06-05 22:08:18', 3, 1, -120, 220, 100.00, 57.29, -39.5, 43.5, 14.20, 26.04, 16.56, 'Boston Celtics @ Golden State Warriors', 'Stephen Curry', 1, 22),
(430, '2022-06-05', '2022-06-05 22:08:31', 3, 1, -120, 182, 100.00, 65.01, -39.5, 42.5, 9.99, 18.32, 11.10, 'Boston Celtics @ Golden State Warriors', 'Stephen Curry', 1, 21),
(431, '2022-06-05', '2022-06-05 22:10:45', 2, 1, -130, 164, 100.00, 67.02, -13.5, 16.5, 5.60, 9.91, 5.93, 'Boston Celtics @ Golden State Warriors', 'Robert Williams', 1, 21),
(432, '2022-06-05', '2022-06-05 22:10:59', 2, 1, -130, 220, 100.00, 55.29, -13.5, 17.5, 12.23, 21.63, 13.93, 'Boston Celtics @ Golden State Warriors', 'Robert Williams', 1, 22),
(433, '2022-06-05', '2022-06-05 22:12:24', 2, 1, 115, 148, 100.00, 86.69, -39.5, 43.5, 13.17, 28.31, 15.16, 'Boston Celtics @ Golden State Warriors', 'Jayson Tatum', 1, 22),
(434, '2022-06-05', '2022-06-05 22:13:01', 2, 1, 115, 122, 100.00, 96.85, -39.5, 42.5, 8.44, 18.15, 9.22, 'Boston Celtics @ Golden State Warriors', 'Jayson Tatum', 1, 21),
(435, '2022-06-05', '2022-06-05 22:15:25', 2, 1, 140, 116, 90.00, 100.00, -5.5, 6.5, 12.04, 26.00, 13.68, 'Boston Celtics @ Golden State Warriors', 'Draymond Green', 1, 9),
(436, '2022-06-05', '2022-06-05 22:15:36', 2, 1, 140, 194, 100.00, 81.63, -5.5, 7.5, 24.32, 58.37, 32.13, 'Boston Celtics @ Golden State Warriors', 'Draymond Green', 2, 10),
(437, '2022-06-05', '2022-06-05 22:16:08', 2, 1, -145, 240, 100.00, 49.70, -3.5, 4.5, 11.40, 19.27, 12.87, 'Boston Celtics @ Golden State Warriors', 'Jaylen Brown', 1, 9),
(438, '2022-06-05', '2022-06-05 22:16:55', 2, 1, 115, 134, 100.00, 91.88, -5.5, 6.5, 10.75, 23.12, 12.05, 'Boston Celtics @ Golden State Warriors', 'Jayson Tatum', 1, 9),
(439, '2022-06-05', '2022-06-05 22:17:05', 2, 1, 115, 230, 100.00, 65.15, -5.5, 7.5, 23.19, 49.85, 30.18, 'Boston Celtics @ Golden State Warriors', 'Jayson Tatum', 1, 10),
(440, '2022-06-05', '2022-06-05 22:17:47', 2, 1, 104, 182, 100.00, 72.34, -2.5, 3.5, 15.52, 31.66, 18.37, 'Boston Celtics @ Golden State Warriors', 'Jordan Poole', 2, 9),
(441, '2022-06-05', '2022-06-05 22:18:27', 2, 1, 270, 182, 76.22, 100.00, -1.5, 3.5, 37.51, 105.78, 60.03, 'Boston Celtics @ Golden State Warriors', 'Jordan Poole', 2, 10),
(442, '2022-06-05', '2022-06-05 22:19:06', 1, 1, -112, 164, 100.00, 71.70, -5.5, 6.5, 9.29, 17.59, 10.24, 'Boston Celtics @ Golden State Warriors', 'Marcus Smart', 1, 9),
(443, '2022-06-05', '2022-06-05 22:19:16', 1, 1, -112, 280, 100.00, 49.81, -5.5, 7.5, 20.85, 39.47, 26.35, 'Boston Celtics @ Golden State Warriors', 'Marcus Smart', 1, 10),
(444, '2022-06-05', '2022-06-05 22:19:41', 1, 1, 116, 128, 100.00, 94.74, -5.5, 6.5, 9.84, 21.26, 10.92, 'Boston Celtics @ Golden State Warriors', 'Stephen Curry', 1, 9),
(445, '2022-06-05', '2022-06-05 22:19:51', 1, 1, 116, 225, 100.00, 66.46, -5.5, 7.5, 22.93, 49.54, 29.76, 'Boston Celtics @ Golden State Warriors', 'Stephen Curry', 1, 10),
(446, '2022-06-06', '2022-06-06 05:29:09', 3, 1, -110, 430, 100.00, 36.02, -6.5, 8.5, 28.75, 54.89, 40.35, 'Arizona Diamondbacks @ Cincinnati Reds', 'Hunter Greene', 2, 23),
(447, '2022-06-06', '2022-06-06 05:31:19', 1, 1, -106, 172, 100.00, 71.45, -5.5, 6.5, 11.78, 22.89, 13.35, 'New York Mets @ San Diego Padres', 'Blake Snell', 1, 4),
(448, '2022-06-07', '2022-06-07 17:47:57', 1, 1, -130, 390, 100.00, 36.11, -6.5, 8.5, 23.07, 40.82, 29.99, 'Seattle Mariners @ Houston Astros', 'Justin Verlander', 1, 23),
(449, '2022-06-07', '2022-06-07 17:50:55', 1, 1, 104, 300, 100.00, 51.00, -6.5, 8.5, 25.98, 53.00, 35.10, 'Colorado Rockies @ San Francisco Giants', 'Carlos Rodon', 1, 23),
(450, '2022-06-08', '2022-06-08 17:44:17', 3, 1, 105, 215, 100.00, 65.08, -6.5, 8.5, 19.47, 39.92, 24.18, 'Texas Rangers @ Cleveland Guardians', 'Shane Bieber', 1, 23),
(451, '2022-06-08', '2022-06-08 17:45:35', 1, 1, -138, 450, 100.00, 31.36, -6.5, 8.5, 23.83, 41.11, 31.29, 'New York Yankees @ Minnesota Twins', 'Nestor Cortes', 1, 23),
(452, '2022-06-08', '2022-06-08 17:46:40', 1, 1, 110, 260, 100.00, 58.33, -6.5, 8.5, 24.60, 51.67, 32.63, 'Philadelphia Phillies @ Milwaukee Brewers', 'Aaron Nola', 1, 23),
(453, '2022-06-08', '2022-06-08 17:47:42', 3, 1, -105, 340, 100.00, 44.37, -6.5, 8.5, 26.05, 50.87, 35.23, 'Boston Red Sox @ Los Angeles Angels', 'Nathan Eovaldi', 1, 23),
(454, '2022-06-10', '2022-06-10 17:26:16', 3, 1, 105, 172, 100.00, 75.37, -6.5, 7.5, 14.45, 29.63, 16.90, 'Chicago Cubs @ New York Yankees', 'Luis Severino', 1, 1),
(455, '2022-06-10', '2022-06-10 17:27:28', 1, 1, -152, 480, 100.00, 28.58, -6.5, 8.5, 22.44, 37.21, 28.93, 'Oakland Athletics @ Cleveland Guardians', 'Triston McKenzie', 1, 23),
(456, '2022-06-10', '2022-06-10 17:28:35', 1, 1, -132, 360, 100.00, 38.21, -6.5, 8.5, 21.36, 37.55, 27.17, 'Pittsburgh Pirates @ Atlanta Braves', 'Spencer Strider', 2, 23),
(457, '2022-06-11', '2022-06-11 06:20:05', 1, 1, -136, 420, 100.00, 33.37, -6.5, 8.5, 23.14, 40.16, 30.11, 'Cincinnati Reds @ St. Louis Cardinals', 'Hunter Greene', 2, 23),
(458, '2022-06-11', '2022-06-11 06:21:10', 1, 1, -124, 360, 100.00, 39.27, -7.5, 9.5, 22.90, 41.37, 29.71, 'Arizona Diamondbacks @ Philadelphia Phillies', 'Zack Wheeler', 2, 23),
(459, '2022-06-11', '2022-06-11 06:22:24', 1, 1, -136, 420, 100.00, 33.37, -6.5, 8.5, 23.14, 40.16, 30.11, 'Toronto Blue Jays @ Detroit Tigers', 'Kevin Gausman', 1, 23),
(460, '2022-06-12', '2022-06-12 16:13:46', 1, 1, -142, 400, 100.00, 34.08, -6.5, 8.5, 21.32, 36.34, 27.10, 'Pittsburgh Pirates @ Atlanta Braves', 'Kyle Wright', 2, 23),
(461, '2022-06-12', '2022-06-12 16:16:32', 1, 1, 114, 265, 100.00, 58.63, -6.5, 8.5, 25.87, 55.37, 34.91, 'Texas Rangers @ Chicago White Sox', 'Michael Kopech', 1, 23),
(462, '2022-06-12', '2022-06-12 16:17:26', 3, 1, 130, 215, 100.00, 73.02, -6.5, 8.5, 24.78, 56.98, 32.94, 'Miami Marlins @ Houston Astros', 'Justin Verlander', 1, 23),
(463, '2022-06-12', '2022-06-12 16:18:22', 2, 1, -154, 480, 100.00, 28.44, -6.5, 8.5, 22.13, 36.50, 28.42, 'Los Angeles Dodgers @ San Francisco Giants', 'Carlos Rodon', 2, 23),
(464, '2022-06-12', '2022-06-12 16:19:09', 1, 1, -146, 430, 100.00, 31.79, -6.5, 8.5, 21.78, 36.70, 27.85, 'Colorado Rockies @ San Diego Padres', 'Blake Snell', 2, 23),
(465, '2022-06-12', '2022-06-12 16:20:08', 1, 1, -136, 390, 100.00, 35.41, -7.5, 9.5, 21.96, 38.12, 28.15, 'Boston Red Sox @ Seattle Mariners', 'Robbie Ray', 1, 23),
(466, '2022-06-13', '2022-06-13 07:45:00', 1, 1, -104, 285, 100.00, 50.95, -6.5, 8.5, 23.05, 45.20, 29.95, 'Atlanta Braves @ Washington Nationals', 'Josiah Gray', 9, 23),
(467, '2022-06-13', '2022-06-13 07:45:51', 1, 1, -136, 360, 100.00, 37.72, -6.5, 8.5, 20.63, 35.81, 26.00, 'Miami Marlins @ Philadelphia Phillies', 'Sandy Alcantara', 1, 1),
(468, '2022-06-13', '2022-06-13 07:46:15', 1, 1, 106, 280, 100.00, 54.21, -6.5, 8.5, 25.14, 51.79, 33.58, 'Miami Marlins @ Philadelphia Phillies', 'Aaron Nola', 1, 1),
(469, '2022-06-14', '2022-06-14 15:33:12', 2, 1, -133, 350, 100.00, 38.93, -8.5, 10.5, 20.70, 36.26, 26.10, 'Tampa Bay Rays @ New York Yankees', 'Gerrit Cole', 1, 23),
(470, '2022-06-14', '2022-06-14 15:34:20', 3, 1, -125, 390, 100.00, 36.73, -6.5, 8.5, 24.04, 43.27, 31.64, 'Oakland Athletics @ Boston Red Sox', 'Nick Pivetta', 1, 23),
(471, '2022-06-14', '2022-06-14 15:35:10', 3, 1, -105, 290, 100.00, 50.06, -7.5, 9.5, 23.14, 45.18, 30.11, 'Chicago White Sox @ Detroit Tigers', 'Dylan Cease', 2, 23),
(472, '2022-06-14', '2022-06-14 15:36:15', 3, 1, -150, 440, 100.00, 30.86, -6.5, 8.5, 21.48, 35.80, 27.36, 'Cleveland Guardians @ Colorado Rockies', 'Shane Bieber', 2, 23),
(473, '2022-06-14', '2022-06-14 15:37:08', 1, 1, -140, 390, 100.00, 34.99, -6.5, 8.5, 21.26, 36.44, 27.00, 'Cincinnati Reds @ Arizona Diamondbacks', 'Tyler Mahle', 1, 23),
(474, '2022-06-14', '2022-06-14 15:38:37', 1, 1, -164, 480, 100.00, 27.75, -6.5, 8.5, 20.64, 33.22, 26.00, 'Los Angeles Angels @ Los Angeles Dodgers', 'Tony Gonsolin', 1, 23),
(475, '2022-06-14', '2022-06-14 15:39:32', 1, 1, -152, 450, 100.00, 30.14, -6.5, 8.5, 21.50, 35.65, 27.39, 'Minnesota Twins @ Seattle Mariners', 'Logan Gilbert', 1, 23),
(476, '2022-06-15', '2022-06-15 16:20:54', 1, 1, 122, 250, 100.00, 63.43, -6.5, 8.5, 26.38, 58.57, 35.84, 'Tampa Bay Rays @ New York Yankees', 'Shane McClanahan', 2, 23),
(477, '2022-06-15', '2022-06-15 16:22:00', 2, 1, 110, 280, 100.00, 55.26, -6.5, 8.5, 26.07, 54.74, 35.25, 'Milwaukee Brewers @ New York Mets', 'Corbin Burnes', 2, 23),
(478, '2022-06-16', '2022-06-16 15:49:03', 1, 1, -126, 350, 100.00, 39.86, -6.5, 8.5, 22.03, 39.51, 28.25, 'Baltimore Orioles @ Toronto Blue Jays', 'Kevin Gausman', 1, 23),
(479, '2022-06-16', '2022-06-16 15:49:56', 1, 1, 102, 300, 100.00, 50.50, -6.5, 8.5, 25.50, 51.50, 34.22, 'Tampa Bay Rays @ New York Yankees', 'Luis Severino', 9, 23),
(480, '2022-06-16', '2022-06-16 15:51:03', 1, 1, -112, 350, 100.00, 42.06, -6.5, 8.5, 24.95, 47.22, 33.24, 'Los Angeles Angels @ Seattle Mariners', 'Shohei Ohtani', 1, 23),
(481, '2022-06-17', '2022-06-17 16:54:55', 1, 1, -136, 420, 100.00, 33.37, -6.5, 8.5, 23.14, 40.16, 30.11, 'Atlanta Braves @ Chicago Cubs', 'Charlie Morton', 1, 23),
(482, '2022-06-17', '2022-06-17 16:56:05', 1, 1, 100, 290, 100.00, 51.28, -6.5, 8.5, 24.36, 48.72, 32.20, 'Milwaukee Brewers @ Cincinnati Reds', 'Hunter Greene', 1, 23),
(483, '2022-06-17', '2022-06-17 16:56:55', 2, 1, 126, 265, 100.00, 61.92, -6.5, 8.5, 28.35, 64.08, 39.58, 'San Francisco Giants @ Pittsburgh Pirates', 'Carlos Rodon', 2, 23),
(484, '2022-06-17', '2022-06-17 16:57:59', 2, 1, -132, 360, 100.00, 38.21, -6.5, 8.5, 21.36, 37.55, 27.17, 'Texas Rangers @ Detroit Tigers', 'Tarik Skubal', 1, 23),
(485, '2022-06-17', '2022-06-17 16:59:43', 2, 1, -150, 420, 100.00, 32.05, -7.5, 9.5, 20.77, 34.62, 26.21, 'Los Angeles Angels @ Seattle Mariners', 'Robbie Ray', 1, 23),
(486, '2022-06-19', '2022-06-19 17:06:14', 1, 1, -122, 350, 100.00, 40.44, -6.5, 8.5, 22.82, 41.53, 29.57, 'New York Yankees @ Toronto Blue Jays', 'Luis Severino', 1, 23),
(487, '2022-06-19', '2022-06-19 17:07:23', 1, 1, -140, 420, 100.00, 32.97, -6.5, 8.5, 22.44, 38.46, 28.93, 'Miami Marlins @ New York Mets', 'Chris Bassitt', 1, 23),
(488, '2022-06-19', '2022-06-19 17:08:47', 1, 1, 108, 280, 100.00, 54.74, -6.5, 8.5, 25.61, 53.26, 34.42, 'Los Angeles Angels @ Seattle Mariners', 'Logan Gilbert', 1, 23),
(489, '2022-06-19', '2022-06-19 17:09:44', 2, 1, -121, 340, 100.00, 41.51, -6.5, 8.5, 22.52, 41.13, 29.07, 'Cleveland Guardians @ Los Angeles Dodgers', 'Shane Bieber', 1, 23),
(490, '2022-06-19', '2022-06-19 17:10:38', 1, 1, -134, 420, 100.00, 33.58, -6.5, 8.5, 23.50, 41.04, 30.73, 'Chicago White Sox @ Houston Astros', 'Cristian Javier', 1, 23),
(491, '2022-06-20', '2022-06-20 16:16:54', 3, 1, 115, 220, 100.00, 67.19, -7.5, 9.5, 22.24, 47.81, 28.60, 'New York Yankees @ Tampa Bay Rays', 'Gerrit Cole', 1, 23),
(492, '2022-06-20', '2022-06-20 16:17:35', 1, 1, -122, 340, 100.00, 41.36, -7.5, 9.5, 22.32, 40.61, 28.73, 'New York Yankees @ Tampa Bay Rays', 'Shane McClanahan', 2, 23),
(493, '2022-06-20', '2022-06-20 16:18:31', 1, 1, -110, 300, 100.00, 47.73, -7.5, 9.5, 22.62, 43.18, 29.23, 'St. Louis Cardinals @ Milwaukee Brewers', 'Corbin Burnes', 1, 23),
(494, '2022-06-20', '2022-06-20 16:19:35', 3, 1, -140, 450, 100.00, 31.17, -6.5, 8.5, 23.48, 40.26, 30.69, 'Arizona Diamondbacks @ San Diego Padres', 'Yu Darvish', 1, 23),
(495, '2022-06-21', '2022-06-21 17:08:10', 3, 1, 125, 240, 100.00, 66.18, -6.5, 8.5, 26.14, 58.82, 35.40, 'San Francisco Giants @ Atlanta Braves', 'Spencer Strider', 1, 23),
(496, '2022-06-21', '2022-06-21 17:09:39', 3, 1, -134, 440, 100.00, 32.34, -7.5, 9.5, 24.22, 42.29, 31.95, 'Toronto Blue Jays @ Chicago White Sox', 'Dylan Cease', 1, 23),
(497, '2022-06-21', '2022-06-21 17:14:23', 1, 1, -140, 440, 100.00, 31.75, -6.5, 8.5, 23.15, 39.68, 30.12, 'Arizona Diamondbacks @ San Diego Padres', 'Sean Manaea', 1, 23),
(498, '2022-06-22', '2022-06-22 15:03:15', 1, 1, -148, 420, 100.00, 32.22, -7.5, 9.5, 21.09, 35.34, 26.73, 'Philadelphia Phillies @ Texas Rangers', 'Zack Wheeler', 2, 23),
(499, '2022-06-22', '2022-06-22 15:03:43', 1, 1, 105, 230, 100.00, 62.12, -6.5, 8.5, 20.92, 42.88, 26.45, 'Philadelphia Phillies @ Texas Rangers', 'Zack Wheeler', 2, 23),
(500, '2022-06-22', '2022-06-22 15:16:52', 1, 1, -155, 480, 100.00, 28.36, -6.5, 8.5, 21.97, 36.15, 28.16, 'Philadelphia Phillies @ Texas Rangers', 'Jon Gray', 1, 23),
(501, '2022-06-22', '2022-06-22 15:19:52', 1, 1, -108, 290, 100.00, 49.38, -7.5, 9.5, 22.44, 43.21, 28.93, 'San Francisco Giants @ Atlanta Braves', 'Carlos Rodon', 1, 23),
(502, '2022-06-22', '2022-06-22 15:20:24', 1, 1, -140, 430, 100.00, 32.35, -6.5, 8.5, 22.80, 39.08, 29.53, 'San Francisco Giants @ Atlanta Braves', 'Charlie Morton', 1, 23),
(503, '2022-06-22', '2022-06-22 15:22:13', 3, 1, -130, 440, 100.00, 32.76, -6.5, 8.5, 24.96, 44.16, 33.26, 'Kansas City Royals @ Los Angeles Angels', 'Shohei Ohtani', 1, 23),
(504, '2022-06-23', '2022-06-23 16:30:50', 1, 1, 114, 250, 100.00, 61.14, -6.5, 8.5, 24.70, 52.86, 32.80, 'Seattle Mariners @ Oakland Athletics', 'Robbie Ray', 1, 23),
(510, '2022-06-24', '2022-06-24 16:17:24', 1, 1, -130, 390, 100.00, 36.11, -6.5, 8.5, 23.07, 40.82, 29.99, 'Houston Astros @ New York Yankees', 'Justin Verlander', 1, 23),
(507, '2022-06-23', '2022-06-23 16:35:38', 3, 1, -120, 420, 100.00, 35.26, -6.5, 8.5, 26.22, 48.08, 35.55, 'Seattle Mariners @ Oakland Athletics', 'Frankie Montas', 2, 23),
(508, '2022-06-23', '2022-06-23 16:45:51', 1, 1, -150, 440, 100.00, 30.86, -6.5, 8.5, 21.48, 35.80, 27.36, 'Philadelphia Phillies @ San Diego Padres', 'Joe Musgrove', 1, 23),
(511, '2022-06-24', '2022-06-24 16:22:46', 1, 1, -135, 460, 100.00, 31.08, -6.5, 8.5, 24.70, 42.99, 32.80, 'Pittsburgh Pirates @ Tampa Bay Rays', 'Jeffrey Springs', 1, 23),
(512, '2022-06-24', '2022-06-24 16:28:34', 1, 1, -134, 390, 100.00, 35.64, -6.5, 8.5, 22.33, 38.99, 28.74, 'Philadelphia Phillies @ San Diego Padres', 'Aaron Nola', 1, 23),
(518, '2022-06-25', '2022-06-25 15:09:43', 6, 1, 100, 290, 100.00, 51.28, -7.5, 9.5, 24.36, 48.72, 32.20, 'Houston Astros @ New York Yankees', 'Gerrit Cole', 2, 23),
(514, '2022-06-25', '2022-06-25 14:57:15', 1, 1, 114, 260, 100.00, 59.44, -7.5, 9.5, 25.49, 54.56, 34.22, 'Toronto Blue Jays @ Milwaukee Brewers', 'Corbin Burnes', 2, 23),
(515, '2022-06-25', '2022-06-25 14:58:23', 3, 1, -180, 450, 100.00, 28.28, -7.5, 9.5, 17.53, 27.27, 21.26, 'Boston Red Sox @ Cleveland Guardians', 'Shane Bieber', 1, 23),
(516, '2022-06-25', '2022-06-25 15:00:10', 1, 1, -134, 400, 100.00, 34.93, -6.5, 8.5, 22.74, 39.70, 29.42, 'Seattle Mariners @ Los Angeles Angels', 'Logan Gilbert', 2, 23),
(517, '2022-06-25', '2022-06-25 15:01:17', 6, 1, -118, 360, 100.00, 40.16, -6.5, 8.5, 24.13, 44.58, 31.81, 'Philadelphia Phillies @ San Diego Padres', 'Blake Snell', 1, 23),
(519, '2022-06-26', '2022-06-26 14:27:57', 1, 1, -128, 340, 100.00, 40.48, -8.5, 10.5, 21.13, 37.64, 26.79, 'Pittsburgh Pirates @ Tampa Bay Rays', 'Shane McClanahan', 1, 1),
(520, '2022-06-26', '2022-06-26 14:29:08', 6, 1, -122, 360, 100.00, 39.56, -8.5, 10.5, 23.31, 42.41, 30.39, 'Baltimore Orioles @ Chicago White Sox', 'Dylan Cease', 1, 1),
(521, '2022-06-26', '2022-06-26 14:34:06', 1, 1, -140, 440, 100.00, 31.75, -6.5, 8.5, 23.15, 39.68, 30.12, 'Philadelphia Phillies @ San Diego Padres', 'Yu Darvish', 1, 23),
(522, '2022-06-26', '2022-06-26 14:37:04', 6, 1, 112, 330, 100.00, 49.30, -6.5, 8.5, 29.57, 62.70, 41.99, 'Los Angeles Dodgers @ Atlanta Braves', 'Spencer Strider', 2, 23),
(523, '2022-06-27', '2022-06-27 22:36:45', 1, 1, -146, 450, 100.00, 30.64, -6.5, 8.5, 22.47, 37.86, 28.98, 'Boston Red Sox @ Toronto Blue Jays', 'Kevin Gausman', 1, 23),
(524, '2022-06-27', '2022-06-27 22:38:10', 1, 1, 112, 265, 100.00, 58.08, -6.5, 8.5, 25.43, 53.92, 34.11, 'Chicago White Sox @ Los Angeles Angels', 'Lucas Giolito', 1, 23),
(525, '2022-06-28', '2022-06-28 18:54:03', 1, 1, 118, 255, 100.00, 61.41, -6.5, 8.5, 25.96, 56.59, 35.06, 'Atlanta Braves @ Philadelphia Phillies', 'Charlie Morton', 1, 23),
(526, '2022-06-28', '2022-06-28 18:54:33', 1, 1, -148, 430, 100.00, 31.62, -7.5, 9.5, 21.45, 35.95, 27.31, 'Atlanta Braves @ Philadelphia Phillies', 'Zak Wheeler', 2, 23),
(527, '2022-06-28', '2022-06-28 18:58:39', 1, 1, 120, 240, 100.00, 64.71, -7.5, 9.5, 25.13, 55.29, 33.57, 'Detroit Tigers @ San Francisco Giants', 'Carlos Rodon', 1, 23),
(528, '2022-06-28', '2022-06-28 19:01:37', 1, 1, 104, 285, 100.00, 52.99, -6.5, 8.5, 25.01, 51.01, 33.34, 'Baltimore Orioles @ Seattle Mariners', 'Robbie Ray', 2, 23),
(529, '2022-06-29', '2022-06-29 16:34:07', 1, 1, -135, 420, 100.00, 33.48, -6.5, 8.5, 23.32, 40.60, 30.42, 'Cincinnati Reds @ Chicago Cubs', 'Hunter Greene', 1, 23),
(530, '2022-06-29', '2022-06-29 16:35:16', 4, 1, -129, 420, 100.00, 34.14, -6.5, 8.5, 24.44, 43.38, 32.34, 'Chicago White Sox @ Los Angeles Angels', 'Shohei Ohtani', 1, 23),
(531, '2022-06-30', '2022-06-30 16:41:32', 1, 1, -134, 400, 100.00, 34.93, -6.5, 8.5, 22.74, 39.70, 29.42, 'Minnesota Twins @ Cleveland Guardians', 'Shane Bieber', 1, 23),
(532, '2022-06-30', '2022-06-30 16:42:38', 1, 1, -118, 340, 100.00, 41.99, -7.5, 9.5, 23.14, 42.76, 30.11, 'Atlanta Braves @ Philadelphia Phillies', 'Aaron Nola', 2, 23),
(533, '2022-06-30', '2022-06-30 16:43:45', 1, 1, -124, 400, 100.00, 36.13, -6.5, 8.5, 24.64, 44.52, 32.70, 'New York Yankees @ Houston Astros', 'Luis Severino', 1, 23),
(534, '2022-07-01', '2022-07-01 16:47:23', 1, 1, -160, 480, 100.00, 28.02, -6.5, 8.5, 21.22, 34.48, 26.94, 'Atlanta Braves @ Cincinnati Reds', 'Max Fried', 1, 23),
(535, '2022-07-01', '2022-07-01 16:49:19', 1, 1, -132, 340, 100.00, 39.94, -8.5, 10.5, 20.38, 35.81, 25.59, 'Milwaukee Brewers @ Pittsburgh Pirates', 'Corbin Burnes', 1, 23),
(536, '2022-07-01', '2022-07-01 16:50:00', 1, 1, 139, 196, 100.00, 80.74, -7.5, 9.5, 24.38, 58.26, 32.23, 'Milwaukee Brewers @ Pittsburgh Pirates', 'Corbin Burnes', 1, 23),
(537, '2022-07-01', '2022-07-01 16:51:29', 1, 1, 112, 255, 100.00, 59.72, -6.5, 8.5, 24.66, 52.28, 32.73, 'New York Yankees @ Cleveland Guardians', 'Gerrit Cole', 1, 23),
(538, '2022-07-01', '2022-07-01 16:52:23', 1, 1, -148, 440, 100.00, 31.03, -6.5, 8.5, 21.80, 36.54, 27.88, 'Texas Rangers @ New York Mets', 'Chris Bassitt', 9, 23),
(539, '2022-07-01', '2022-07-01 16:53:43', 1, 1, -115, 340, 100.00, 42.49, -7.5, 9.5, 23.78, 44.47, 31.21, 'Los Angeles Angels @ Houston Astros', 'Cristian Javier', 1, 23),
(540, '2022-07-01', '2022-07-01 16:55:14', 1, 1, -150, 440, 100.00, 30.86, -6.5, 8.5, 21.48, 35.80, 27.36, 'San Diego Padres @ Los Angeles Dodgers', 'Blake Snell', 1, 23),
(541, '2022-07-03', '2022-07-03 16:44:27', 1, 1, 116, 255, 100.00, 60.85, -6.5, 8.5, 25.53, 55.15, 34.29, 'Milwaukee Brewers @ Pittsburgh Pirates', 'Brandon Woodruff', 2, 23),
(542, '2022-07-03', '2022-07-03 16:45:54', 1, 1, -150, 450, 100.00, 30.30, -6.5, 8.5, 21.82, 36.36, 27.91, 'Atlanta Braves @ Cincinnati Reds', 'Charlie Morton', 1, 23),
(543, '2022-07-03', '2022-07-03 16:46:14', 1, 1, -106, 320, 100.00, 46.27, -6.5, 8.5, 24.73, 48.07, 32.86, 'Atlanta Braves @ Cincinnati Reds', 'Luis Castillo', 1, 23),
(544, '2022-07-03', '2022-07-03 16:47:38', 1, 1, -130, 390, 100.00, 36.11, -6.5, 8.5, 23.07, 40.82, 29.99, 'Los Angeles Angels @ Houston Astros', 'Framber Valdez', 1, 23),
(545, '2022-07-03', '2022-07-03 16:49:14', 1, 1, -112, 340, 100.00, 43.02, -6.5, 8.5, 24.44, 46.27, 32.35, 'Oakland Athletics @ Seattle Mariners', 'Frankie Montas', 1, 23),
(546, '2022-07-03', '2022-07-03 16:49:53', 1, 1, -150, 420, 100.00, 32.05, -7.5, 9.5, 20.77, 34.62, 26.21, 'Oakland Athletics @ Seattle Mariners', 'Robbie Ray', 1, 23),
(547, '2022-07-03', '2022-07-03 16:50:12', 1, 1, 120, 230, 100.00, 66.67, -6.5, 8.5, 24.24, 53.33, 32.00, 'Oakland Athletics @ Seattle Mariners', 'Robbie Ray', 1, 23),
(548, '2022-07-03', '2022-07-03 16:51:20', 1, 1, 104, 330, 100.00, 47.44, -6.5, 8.5, 27.72, 56.56, 38.36, 'St. Louis Cardinals @ Philadelphia Phillies', 'Zack Wheeler', 1, 23),
(549, '2022-07-04', '2022-07-04 16:04:12', 1, 1, -122, 350, 100.00, 40.44, -7.5, 9.5, 22.82, 41.53, 29.57, 'San Francisco Giants @ Arizona Diamondbacks', 'Carlos Rodon', 1, 23),
(550, '2022-07-04', '2022-07-04 16:06:00', 1, 1, -128, 360, 100.00, 38.72, -6.5, 8.5, 22.12, 39.40, 28.40, 'Seattle Mariners @ San Diego Padres', 'Sean Manaea', 1, 23),
(551, '2022-07-04', '2022-07-04 16:08:10', 1, 1, -116, 340, 100.00, 42.32, -6.5, 8.5, 23.57, 43.89, 30.84, 'Toronto Blue Jays @ Oakland Athletics', 'Alek Manoah', 1, 23),
(552, '2022-07-05', '2022-07-05 18:49:20', 1, 1, -148, 450, 100.00, 30.47, -7.5, 9.5, 22.14, 37.10, 28.44, 'New York Mets @ Cincinnati Reds', 'Max Scherzer', 1, 23),
(553, '2022-07-05', '2022-07-05 18:49:44', 6, 1, 116, 230, 100.00, 65.45, -6.5, 8.5, 23.40, 50.55, 30.55, 'New York Mets @ Cincinnati Reds', 'Max Scherzer', 1, 23),
(554, '2022-07-05', '2022-07-05 18:51:06', 1, 1, -136, 390, 100.00, 35.41, -7.5, 9.5, 21.96, 38.12, 28.15, 'Los Angeles Angels @ Miami Marlins', 'Sandy Alcantara', 1, 23),
(555, '2022-07-06', '2022-07-06 17:12:06', 1, 1, -121, 320, 100.00, 43.49, -8.5, 10.5, 21.44, 39.16, 27.29, 'Chicago Cubs @ Milwaukee Brewers', 'Corbin Burnes', 1, 23),
(556, '2022-07-06', '2022-07-06 17:13:42', 1, 1, -134, 340, 100.00, 39.69, -7.5, 9.5, 20.01, 34.94, 25.01, 'Los Angeles Angels @ Miami Marlins', 'Shohei Ohtani', 1, 23),
(557, '2022-07-06', '2022-07-06 17:14:58', 1, 1, 100, 310, 100.00, 48.78, -6.5, 8.5, 25.61, 51.22, 34.43, 'Washington Nationals @ Philadelphia Phillies', 'Aaron Nola', 1, 23),
(558, '2022-07-06', '2022-07-06 17:16:10', 1, 1, -125, 370, 100.00, 38.30, -6.5, 8.5, 23.17, 41.70, 30.15, 'New York Yankees @ Pittsburgh Pirates', 'Luis Severino', 1, 23),
(559, '2022-07-06', '2022-07-06 17:17:27', 6, 1, 116, 280, 100.00, 56.84, -6.5, 8.5, 27.39, 59.16, 37.72, 'Kansas City Royals @ Houston Astros', 'Cristian Javier', 2, 23),
(560, '2022-07-07', '2022-07-07 16:35:01', 1, 1, -134, 420, 100.00, 33.58, -6.5, 8.5, 23.50, 41.04, 30.73, 'Kansas City Royals @ Houston Astros', 'Justin Verlander', 2, 23),
(561, '2022-07-07', '2022-07-07 16:36:37', 1, 1, -136, 400, 100.00, 34.71, -7.5, 9.5, 22.37, 38.82, 28.82, 'New York Yankees @ Boston Red Sox', 'Gerrit Cole', 1, 23),
(562, '2022-07-07', '2022-07-07 16:37:52', 1, 1, -144, 450, 100.00, 30.81, -7.5, 9.5, 22.80, 38.64, 29.54, 'St. Louis Cardinals @ Atlanta Braves', 'Spencer Strider', 1, 23),
(563, '2022-07-07', '2022-07-07 16:39:10', 1, 1, 102, 285, 100.00, 52.47, -8.5, 10.5, 24.52, 49.53, 32.49, 'Detroit Tigers @ Chicago White Sox', 'Dylan Cease', 1, 23),
(564, '2022-07-07', '2022-07-07 16:40:25', 1, 1, -138, 430, 100.00, 32.54, -6.5, 8.5, 23.15, 39.92, 30.12, 'San Francisco Giants @ San Diego Padres', 'Joe Musgrove', 1, 23),
(565, '2022-07-08', '2022-07-08 16:25:42', 1, 1, -132, 370, 100.00, 37.40, -7.5, 9.5, 21.83, 38.36, 27.92, 'Tampa Bay Rays @ Cincinnati Reds', 'Shane McClanahan', 2, 23),
(566, '2022-07-08', '2022-07-08 16:26:22', 1, 1, -122, 360, 100.00, 39.56, -6.5, 8.5, 23.31, 42.41, 30.39, 'Tampa Bay Rays @ Cincinnati Reds', 'Luis Castillo', 2, 23),
(567, '2022-07-08', '2022-07-08 16:29:02', 1, 1, -148, 450, 100.00, 30.47, -6.5, 8.5, 22.14, 37.10, 28.44, 'Washington Nationals @ Atlanta Braves', 'Charlie Morton', 2, 23),
(568, '2022-07-08', '2022-07-08 16:30:28', 6, 1, -118, 420, 100.00, 35.53, -6.5, 8.5, 26.64, 49.22, 36.32, 'Minnesota Twins @ Texas Rangers', 'Jon Gray', 2, 23),
(569, '2022-07-08', '2022-07-08 16:31:51', 1, 1, -132, 400, 100.00, 35.15, -6.5, 8.5, 23.10, 40.61, 30.04, 'Pittsburgh Pirates @ Milwaukee Brewers', 'Aaron Ashby', 1, 23),
(570, '2022-07-08', '2022-07-08 16:33:12', 1, 1, 102, 320, 100.00, 48.10, -6.5, 8.5, 26.69, 53.90, 36.40, 'Detroit Tigers @ Chicago White Sox', 'Lucas Giolito', 2, 23),
(571, '2022-07-08', '2022-07-08 16:34:29', 1, 1, 106, 285, 100.00, 53.51, -6.5, 8.5, 25.48, 52.49, 34.20, 'San Francisco Giants @ San Diego Padres', 'Blake Snell', 1, 23),
(572, '2022-07-09', '2022-07-09 17:09:01', 1, 1, -120, 360, 100.00, 39.86, -6.5, 8.5, 23.72, 43.48, 31.09, 'Houston Astros @ Oakland Athletics', 'Framber Valdez', 1, 23),
(573, '2022-07-09', '2022-07-09 17:11:18', 6, 1, 120, 265, 100.00, 60.27, -7.5, 9.5, 27.15, 59.73, 37.26, 'Pittsburgh Pirates @ Milwaukee Brewers', 'Brandon Woodruff', 2, 23),
(574, '2022-07-09', '2022-07-09 17:12:42', 2, 1, -107, 350, 100.00, 42.99, -6.5, 8.5, 26.09, 50.47, 35.29, 'San Francisco Giants @ San Diego Padres', 'Carlos Rodon', 1, 23),
(575, '2022-07-09', '2022-07-09 17:13:09', 1, 1, -126, 370, 100.00, 38.16, -6.5, 8.5, 22.97, 41.20, 29.82, 'San Francisco Giants @ San Diego Padres', 'Yu darvish', 1, 23),
(576, '2022-07-09', '2022-07-09 17:14:35', 6, 1, 104, 330, 100.00, 47.44, -6.5, 8.5, 27.72, 56.56, 38.36, 'Toronto Blue Jays @ Seattle Mariners', 'Robbie Ray', 1, 23),
(577, '2022-07-09', '2022-07-09 17:15:54', 1, 1, -118, 360, 100.00, 40.16, -6.5, 8.5, 24.13, 44.58, 31.81, 'Chicago Cubs @ Los Angeles Dodgers', 'Clayton Kershaw', 1, 23),
(578, '2022-07-10', '2022-07-10 17:25:06', 1, 1, -136, 420, 100.00, 33.37, -6.5, 8.5, 23.14, 40.16, 30.11, 'Tampa Bay Rays @ Cincinnati Reds', 'Nick Lodolo', 1, 1),
(579, '2022-07-10', '2022-07-10 17:30:09', 1, 1, -128, 400, 100.00, 35.62, -6.5, 8.5, 23.86, 42.50, 31.34, 'Pittsburgh Pirates @ Milwaukee Brewers', 'Eric Lauer', 2, 1),
(580, '2022-07-10', '2022-07-10 17:31:11', 1, 1, -142, 450, 100.00, 30.99, -6.5, 8.5, 23.14, 39.44, 30.11, 'Detroit Tigers @ Chicago White Sox', 'Michael Kopech', 1, 1),
(581, '2022-07-11', '2022-07-11 16:16:33', 1, 1, -156, 470, 100.00, 28.79, -6.5, 8.5, 21.52, 35.31, 27.42, 'Philadelphia Phillies @ St. Louis Cardinals', 'Aaron Nola', 2, 23),
(582, '2022-07-11', '2022-07-11 16:17:41', 1, 1, -128, 340, 100.00, 40.48, -7.5, 9.5, 21.13, 37.64, 26.79, 'New York Mets @ Atlanta Braves', 'Max Scherzer', 2, 23),
(583, '2022-07-12', '2022-07-12 16:15:21', 1, 1, -148, 440, 100.00, 31.03, -6.5, 8.5, 21.80, 36.54, 27.88, 'Chicago White Sox @ Cleveland Guardians', 'Shane Bieber', 2, 23),
(584, '2022-07-12', '2022-07-12 16:17:15', 1, 1, 106, 300, 100.00, 51.50, -7.5, 9.5, 26.46, 54.50, 35.97, 'Cincinnati Reds @ New York Yankees', 'Gerrit Cole', 1, 23),
(585, '2022-07-12', '2022-07-12 16:18:53', 1, 1, -144, 400, 100.00, 33.89, -7.5, 9.5, 20.98, 35.56, 26.56, 'New York Mets @ Atlanta Braves', 'Spencer Strider', 2, 23),
(586, '2022-07-12', '2022-07-12 16:21:57', 1, 1, -154, 480, 100.00, 28.44, -6.5, 8.5, 22.13, 36.50, 28.42, 'Houston Astros @ Los Angeles Angels', 'Luis Garcia', 2, 23),
(587, '2022-07-13', '2022-07-13 16:16:08', 1, 1, -142, 420, 100.00, 32.77, -6.5, 8.5, 22.09, 37.65, 28.36, 'New York Mets @ Atlanta Braves', 'Charlie Morton', 1, 23),
(588, '2022-07-13', '2022-07-13 16:17:48', 1, 1, -150, 450, 100.00, 30.30, -6.5, 8.5, 21.82, 36.36, 27.91, 'Pittsburgh Pirates @ Miami Marlins', 'Pablo Lopez', 1, 23),
(589, '2022-07-13', '2022-07-13 16:21:48', 1, 1, -141, 440, 100.00, 31.65, -6.5, 8.5, 22.98, 39.27, 29.83, 'Cincinnati Reds @ New York Yankees', 'Luis Severino', 1, 23),
(590, '2022-07-13', '2022-07-13 16:22:55', 1, 1, -108, 300, 100.00, 48.15, -7.5, 9.5, 23.08, 44.44, 30.00, 'Boston Red Sox @ Tampa Bay Rays', 'Shane McClanahan', 1, 23),
(591, '2022-07-13', '2022-07-13 16:24:24', 1, 1, 122, 240, 100.00, 65.29, -6.5, 8.5, 25.54, 56.71, 34.31, 'Oakland Athletics @ Texas Rangers', 'Jon Gray', 1, 23),
(592, '2022-07-13', '2022-07-13 16:26:23', 1, 1, -144, 390, 100.00, 34.58, -7.5, 9.5, 20.58, 34.86, 25.91, 'Houston Astros @ Los Angeles Angels', 'Cristian Javier', 1, 23),
(593, '2022-07-13', '2022-07-13 16:26:53', 1, 1, -144, 420, 100.00, 32.59, -7.5, 9.5, 21.75, 36.86, 27.80, 'Houston Astros @ Los Angeles Angels', 'Shohei Ohtani', 1, 23),
(594, '2022-07-14', '2022-07-14 15:28:01', 1, 1, -128, 390, 100.00, 36.35, -6.5, 8.5, 23.45, 41.77, 30.64, 'Houston Astros @ Los Angeles Angels', 'Framber Valdez', 1, 23),
(595, '2022-07-14', '2022-07-14 15:29:16', 1, 1, 115, 255, 100.00, 60.56, -7.5, 9.5, 25.32, 54.44, 33.90, 'Milwaukee Brewers @ San Francisco Giants', 'Carlos Rodon', 1, 23),
(596, '2022-07-14', '2022-07-14 15:30:30', 1, 1, 123, 230, 100.00, 67.58, -7.5, 9.5, 24.85, 55.42, 33.07, 'Milwaukee Brewers @ San Francisco Giants', 'Corbin Burnes', 1, 23),
(597, '2022-07-14', '2022-07-14 15:30:58', 1, 1, -146, 400, 100.00, 33.70, -8.5, 10.5, 20.65, 34.79, 26.02, 'Milwaukee Brewers @ San Francisco Giants', 'Corbin Burnes', 2, 23),
(598, '2022-07-15', '2022-07-15 17:33:58', 1, 1, -122, 360, 100.00, 39.56, -6.5, 8.5, 23.31, 42.41, 30.39, 'Philadelphia Phillies @ Miami Marlins', 'Sandy Alcantara', 1, 23),
(599, '2022-07-15', '2022-07-15 17:35:38', 1, 1, -116, 340, 100.00, 42.32, -7.5, 9.5, 23.57, 43.89, 30.84, 'Seattle Mariners @ Texas Rangers', 'Robbie Ray', 1, 23),
(600, '2022-07-15', '2022-07-15 17:37:46', 1, 1, 114, 255, 100.00, 60.28, -6.5, 8.5, 25.10, 53.72, 33.51, 'Los Angeles Dodgers @ Los Angeles Angels', 'Clayton Kershaw', 1, 23),
(601, '2022-07-15', '2022-07-15 17:38:41', 1, 1, -139, 470, 100.00, 30.17, -6.5, 8.5, 24.30, 41.78, 32.10, 'Arizona Diamondbacks @ San Diego Padres', 'Yu Darvish', 1, 23),
(602, '2022-07-15', '2022-07-15 17:40:01', 6, 1, 126, 250, 100.00, 64.57, -6.5, 8.5, 27.18, 61.43, 37.33, 'Milwaukee Brewers @ San Francisco Giants', 'Brandon Woodruff', 1, 23),
(603, '2022-07-21', '2022-07-21 17:13:41', 1, 1, -136, 400, 100.00, 34.71, -6.5, 8.5, 22.37, 38.82, 28.82, 'Detroit Tigers @ Oakland Athletics', 'Tarik Skubal', 1, 23),
(604, '2022-07-21', '2022-07-21 17:14:43', 1, 1, -154, 470, 100.00, 28.94, -6.5, 8.5, 21.83, 36.00, 27.92, 'Detroit Tigers @ Oakland Athletics', 'Frankie Montas', 1, 23),
(605, '2022-07-21', '2022-07-21 17:15:33', 1, 1, -154, 420, 100.00, 31.72, -7.5, 9.5, 20.14, 33.22, 25.22, 'San Francisco Giants @ Los Angeles Dodgers', 'Carlos Rodon', 1, 23),
(606, '2022-07-22', '2022-07-22 16:57:46', 1, 1, -112, 320, 100.00, 45.07, -7.5, 9.5, 23.36, 44.22, 30.48, 'San Diego Padres @ New York Mets', 'Max Scherzer', 2, 23),
(607, '2022-07-22', '2022-07-22 16:59:16', 1, 1, -133, 350, 100.00, 38.93, -8.5, 10.5, 20.70, 36.26, 26.10, 'Los Angeles Angels @ Atlanta Braves', 'Charlie Morton', 1, 23),
(608, '2022-07-22', '2022-07-22 16:59:48', 1, 1, -128, 350, 100.00, 39.58, -8.5, 10.5, 21.64, 38.54, 27.61, 'Los Angeles Angels @ Atlanta Braves', 'Shohei Ohtani', 1, 23),
(609, '2022-07-22', '2022-07-22 17:01:53', 1, 1, -140, 390, 100.00, 34.99, -8.5, 10.5, 21.26, 36.44, 27.00, 'Colorado Rockies @ Milwaukee Brewers', 'Corbin Burnes', 1, 23),
(610, '2022-07-22', '2022-07-22 17:02:18', 1, 1, 116, 215, 100.00, 68.57, -7.5, 9.5, 21.96, 47.43, 28.14, 'Colorado Rockies @ Milwaukee Brewers', 'Corbin Burnes', 1, 23),
(611, '2022-07-23', '2022-07-23 18:59:50', 1, 1, -138, 420, 100.00, 33.17, -6.5, 8.5, 22.79, 39.30, 29.51, 'Toronto Blue Jays @ Boston Red Sox', 'Alek Manoah', 2, 23),
(612, '2022-07-23', '2022-07-23 19:00:50', 1, 1, 120, 240, 100.00, 64.71, -6.5, 8.5, 25.13, 55.29, 33.57, 'Houston Astros @ Seattle Mariners', 'Justin Verlander', 1, 23),
(613, '2022-07-23', '2022-07-23 19:01:57', 1, 1, 106, 240, 100.00, 60.59, -6.5, 8.5, 22.04, 45.41, 28.28, 'Chicago Cubs @ Philadelphia Phillies', 'Zack Wheeler', 1, 23),
(614, '2022-07-23', '2022-07-23 19:02:16', 1, 1, -160, 450, 100.00, 29.55, -7.5, 9.5, 20.28, 32.95, 25.44, 'Chicago Cubs @ Philadelphia Phillies', 'Zack Wheeler', 1, 23),
(615, '2022-07-23', '2022-07-23 19:03:25', 1, 1, -104, 285, 100.00, 50.95, -7.5, 9.5, 23.05, 45.20, 29.95, 'New York Yankees @ Baltimore Orioles', 'Gerrit Cole', 1, 23),
(616, '2022-07-23', '2022-07-23 19:04:32', 1, 1, -122, 360, 100.00, 39.56, -6.5, 8.5, 23.31, 42.41, 30.39, 'San Diego Padres @ New York Mets', 'Blake Snell', 1, 23),
(617, '2022-07-23', '2022-07-23 19:05:18', 1, 1, 108, 300, 100.00, 52.00, -6.5, 8.5, 26.92, 56.00, 36.84, 'Colorado Rockies @ Milwaukee Brewers', 'Brandon Woodruff', 2, 23),
(618, '2022-07-23', '2022-07-23 19:06:25', 1, 1, -130, 460, 100.00, 31.59, -6.5, 8.5, 25.62, 45.33, 34.45, 'San Francisco Giants @ Los Angeles Dodgers', 'Julio Urias', 1, 23),
(619, '2022-07-23', '2022-07-23 19:07:24', 1, 1, -120, 400, 100.00, 36.67, -6.5, 8.5, 25.45, 46.67, 34.15, 'Los Angeles Angels @ Atlanta Braves', 'Kyle Wright', 2, 23),
(620, '2022-07-24', '2022-07-24 16:17:17', 1, 1, -132, 350, 100.00, 39.06, -6.5, 8.5, 20.88, 36.70, 26.39, 'Miami Marlins @ Pittsburgh Pirates', 'Sandy Alcantara', 1, 23),
(621, '2022-07-24', '2022-07-24 16:19:29', 1, 1, -124, 420, 100.00, 34.74, -6.5, 8.5, 25.41, 45.91, 34.07, 'Cleveland Guardians @ Chicago White Sox', 'Shane Bieber', 1, 23),
(622, '2022-07-24', '2022-07-24 16:19:54', 1, 1, -138, 400, 100.00, 34.49, -7.5, 9.5, 22.02, 37.97, 28.23, 'Cleveland Guardians @ Chicago White Sox', 'Dylan Cease', 1, 23),
(623, '2022-07-24', '2022-07-24 16:21:32', 1, 1, -110, 330, 100.00, 44.40, -6.5, 8.5, 24.36, 46.51, 32.21, 'San Francisco Giants @ Los Angeles Dodgers', 'Clayton Kershaw', 1, 23),
(624, '2022-07-24', '2022-07-24 16:23:01', 1, 1, 112, 290, 100.00, 54.36, -6.5, 8.5, 27.19, 57.64, 37.34, 'Houston Astros @ Seattle Mariners', 'Robbie Ray', 1, 23),
(625, '2022-07-25', '2022-07-25 16:51:23', 1, 1, -152, 430, 100.00, 31.28, -6.5, 8.5, 20.81, 34.51, 26.29, 'Miami Marlins @ Cincinnati Reds', 'Nick Lodolo', 1, 23),
(626, '2022-07-26', '2022-07-26 15:14:41', 1, 1, -158, 440, 100.00, 30.24, -6.5, 8.5, 20.24, 33.05, 25.38, 'Miami Marlins @ Cincinnati Reds', 'Hunter Greene', 1, 23),
(627, '2022-07-26', '2022-07-26 15:29:43', 1, 1, -108, 285, 100.00, 50.02, -7.5, 9.5, 22.10, 42.57, 28.37, 'Atlanta Braves @ Philadelphia Phillies', 'Spencer Strider', 1, 23),
(628, '2022-07-26', '2022-07-26 15:30:05', 1, 1, -116, 310, 100.00, 45.42, -7.5, 9.5, 21.91, 40.79, 28.05, 'Atlanta Braves @ Philadelphia Phillies', 'Aaron Nola', 1, 23),
(629, '2022-07-26', '2022-07-26 15:34:04', 1, 1, 116, 220, 100.00, 67.50, -7.5, 9.5, 22.45, 48.50, 28.96, 'Tampa Bay Rays @ Baltimore Orioles', 'Shane McClanahan', 1, 23),
(631, '2022-07-26', '2022-07-26 16:36:48', 1, 1, -146, 420, 100.00, 32.40, -7.5, 9.5, 21.42, 36.09, 27.26, 'San Francisco Giants @ Arizona Diamondbacks', 'Carlos Rodon', 1, 23),
(632, '2022-07-27', '2022-07-27 14:45:47', 1, 1, -104, 320, 100.00, 46.70, -6.5, 8.5, 25.21, 49.45, 33.71, 'Atlanta Braves @ Philadelphia Phillies', 'Charlie Morton', 1, 23),
(633, '2022-07-27', '2022-07-27 14:47:12', 1, 1, 105, 285, 100.00, 53.25, -6.5, 8.5, 25.25, 51.75, 33.77, 'San Diego Padres @ Detroit Tigers', 'Yu Darvish', 1, 23),
(634, '2022-07-27', '2022-07-27 14:54:59', 1, 1, -102, 285, 100.00, 51.44, -7.5, 9.5, 23.53, 46.60, 30.77, 'Minnesota Twins @ Milwaukee Brewers', 'Corbin Burnes', 1, 23),
(635, '2022-07-27', '2022-07-27 14:55:30', 1, 1, -160, 520, 100.00, 26.21, -8.5, 10.5, 22.33, 36.29, 28.75, 'Minnesota Twins @ Milwaukee Brewers', 'Corbin Burnes', 1, 23),
(636, '2022-07-27', '2022-07-27 14:59:00', 1, 1, 118, 220, 100.00, 68.12, -6.5, 8.5, 22.88, 49.87, 29.67, 'Houston Astros @ Oakland Athletics', 'Cristian Javier', 1, 23),
(637, '2022-07-27', '2022-07-27 14:59:41', 1, 1, -144, 400, 100.00, 33.89, -7.5, 9.5, 20.98, 35.56, 26.56, 'Houston Astros @ Oakland Athletics', 'Cristian Javier', 1, 23),
(638, '2022-07-27', '2022-07-27 15:03:39', 1, 1, -143, 480, 100.00, 29.30, -6.5, 8.5, 23.91, 40.63, 31.42, 'Texas Rangers @ Seattle Mariners', 'Jon Gray', 2, 23),
(639, '2022-07-27', '2022-07-27 15:07:16', 1, 1, -156, 470, 100.00, 28.79, -6.5, 8.5, 21.52, 35.31, 27.42, 'St. Louis Cardinals @ Toronto Blue Jays', 'Kevin Gausman', 1, 23),
(640, '2022-07-27', '2022-07-27 15:08:45', 1, 1, -154, 420, 100.00, 31.72, -8.5, 10.5, 20.14, 33.22, 25.22, 'New York Yankees @ New York Mets', 'Max Scherzer', 1, 23),
(641, '2022-07-27', '2022-07-27 15:09:01', 1, 1, 120, 235, 100.00, 65.67, -7.5, 9.5, 24.69, 54.33, 32.79, 'New York Yankees @ New York Mets', 'Max Scherzer', 1, 23),
(642, '2022-07-28', '2022-07-28 15:09:57', 1, 1, -132, 320, 100.00, 41.85, -6.5, 8.5, 19.29, 33.91, 23.91, 'Philadelphia Phillies @ Pittsburgh Pirates', 'Zack Wheeler', 2, 23),
(643, '2022-07-28', '2022-07-28 15:13:04', 1, 1, -130, 320, 100.00, 42.12, -8.5, 10.5, 19.67, 34.80, 24.48, 'Texas Rangers @ Los Angeles Angels', 'Shohei Ohtani', 1, 23),
(644, '2022-07-29', '2022-07-29 15:47:34', 1, 1, -120, 390, 100.00, 37.41, -8.5, 10.5, 25.05, 45.92, 33.42, 'Kansas City Royals @ New York Yankees', 'Gerrit Cole', 2, 23),
(645, '2022-07-29', '2022-07-29 15:51:20', 1, 1, -128, 390, 100.00, 36.35, -6.5, 8.5, 23.45, 41.77, 30.64, 'Detroit Tigers @ Toronto Blue Jays', 'Alek Manoah', 1, 23),
(646, '2022-07-29', '2022-07-29 15:54:36', 1, 1, 120, 210, 100.00, 70.97, -6.5, 8.5, 22.29, 49.03, 28.68, 'Cleveland Guardians @ Tampa Bay Rays', 'Shane Bieber', 2, 23),
(647, '2022-07-29', '2022-07-29 15:55:00', 1, 1, -134, 360, 100.00, 37.96, -7.5, 9.5, 21.00, 36.66, 26.58, 'Cleveland Guardians @ Tampa Bay Rays', 'Shane Bieber', 2, 23),
(648, '2022-07-29', '2022-07-29 15:58:48', 1, 1, -146, 420, 100.00, 32.40, -7.5, 9.5, 21.42, 36.09, 27.26, 'Milwaukee Brewers @ Boston Red Sox', 'Brandon Woodruff', 2, 23),
(649, '2022-07-29', '2022-07-29 15:59:05', 1, 1, 105, 230, 100.00, 62.12, -6.5, 8.5, 20.92, 42.88, 26.45, 'Milwaukee Brewers @ Boston Red Sox', 'Brandon Woodruff', 1, 23),
(650, '2022-07-29', '2022-07-29 16:00:48', 1, 1, 124, 235, 100.00, 66.87, -6.5, 8.5, 25.51, 57.13, 34.24, 'Seattle Mariners @ Houston Astros', 'Justin Verlander', 1, 23);
INSERT INTO `bet_entries` (`id`, `date`, `datetime`, `book_id1`, `book_id2`, `odds1`, `odds2`, `stake1`, `stake2`, `over_under1`, `over_under2`, `profit_pct`, `profit_potential`, `bet_pct`, `game`, `prop`, `win_loss`, `category_id`) VALUES
(651, '2022-07-29', '2022-07-29 16:01:10', 1, 1, -150, 430, 100.00, 31.45, -7.5, 9.5, 21.13, 35.22, 26.79, 'Seattle Mariners @ Houston Astros', 'Justin Verlander', 1, 23),
(652, '2022-07-29', '2022-07-29 16:04:47', 1, 1, -110, 360, 100.00, 41.50, -6.5, 8.5, 25.88, 49.41, 34.92, 'Oakland Athletics @ Chicago White Sox', 'Lance Lynn', 2, 23),
(653, '2022-07-29', '2022-07-29 16:08:01', 1, 1, -120, 350, 100.00, 40.74, -6.5, 8.5, 23.23, 42.59, 30.26, 'Minnesota Twins @ San Diego Padres', 'Blake Snell', 2, 23),
(654, '2022-07-30', '2022-07-30 15:38:35', 1, 1, -116, 330, 100.00, 43.30, -6.5, 8.5, 23.04, 42.90, 29.94, 'Minnesota Twins @ San Diego Padres', 'Joe Musgrove', 2, 23),
(655, '2022-08-01', '2022-08-01 22:54:56', 1, 1, -132, 340, 100.00, 39.94, -7.5, 9.5, 20.38, 35.81, 25.59, 'New York Mets @ Washington Nationals', 'Max Scherzer', 1, 23),
(656, '2022-08-01', '2022-08-01 22:55:15', 1, 1, 123, 190, 100.00, 76.90, -6.5, 8.5, 20.67, 46.10, 26.06, 'New York Mets @ Washington Nationals', 'Max Scherzer', 1, 23),
(657, '2022-08-01', '2022-08-01 22:56:25', 1, 1, 114, 255, 100.00, 60.28, -6.5, 8.5, 25.10, 53.72, 33.51, 'Baltimore Orioles @ Texas Rangers', 'Jon Gray', 1, 23),
(658, '2022-08-01', '2022-08-01 22:57:26', 1, 1, -127, 390, 100.00, 36.48, -6.5, 8.5, 23.64, 42.26, 30.97, 'Boston Red Sox @ Houston Astros', 'Luis Garcia', 1, 23),
(659, '2022-08-02', '2022-08-02 16:06:08', 1, 1, 123, 255, 100.00, 62.82, -6.5, 8.5, 26.99, 60.18, 36.96, 'Colorado Rockies @ San Diego Padres', 'Yu Darvish', 2, 23),
(660, '2022-08-02', '2022-08-02 16:07:10', 1, 1, 120, 255, 100.00, 61.97, -6.5, 8.5, 26.38, 58.03, 35.83, 'New York Mets @ Washington Nationals', 'Jacob deGrom', 1, 23),
(661, '2022-08-02', '2022-08-02 16:08:16', 1, 1, 114, 215, 100.00, 67.94, -7.5, 9.5, 21.52, 46.06, 27.43, 'Milwaukee Brewers @ Pittsburgh Pirates', 'Corbin Burnes', 1, 23),
(662, '2022-08-02', '2022-08-02 16:08:38', 1, 1, -146, 400, 100.00, 33.70, -8.5, 10.5, 20.65, 34.79, 26.02, 'Milwaukee Brewers @ Pittsburgh Pirates', 'Corbin Burnes', 1, 23),
(663, '2022-08-02', '2022-08-02 16:11:21', 1, 1, 118, 250, 100.00, 62.29, -6.5, 8.5, 25.56, 55.71, 34.33, 'Toronto Blue Jays @ Tampa Bay Rays', 'Kevin Gausman', 1, 23),
(664, '2022-08-02', '2022-08-02 16:12:17', 1, 1, -160, 450, 100.00, 29.55, -6.5, 8.5, 20.28, 32.95, 25.44, 'Arizona Diamondbacks @ Cleveland Guardians', 'Triston McKenzie', 2, 23),
(665, '2022-08-02', '2022-08-02 16:13:17', 1, 1, -122, 360, 100.00, 39.56, -7.5, 9.5, 23.31, 42.41, 30.39, 'Philadelphia Phillies @ Atlanta Braves', 'Spencer Strider', 1, 23),
(666, '2022-08-02', '2022-08-02 16:14:36', 1, 1, -134, 390, 100.00, 35.64, -7.5, 9.5, 22.33, 38.99, 28.74, 'Boston Red Sox @ Houston Astros', 'Cristian Javier', 1, 23),
(667, '2022-08-03', '2022-08-03 16:08:32', 1, 1, 110, 300, 100.00, 52.50, -6.5, 8.5, 27.38, 57.50, 37.70, 'Philadelphia Phillies @ Atlanta Braves', 'Zack Wheeler', 2, 23),
(668, '2022-08-03', '2022-08-03 16:09:05', 1, 1, -105, 340, 100.00, 44.37, -6.5, 8.5, 26.05, 50.87, 35.23, 'Philadelphia Phillies @ Atlanta Braves', 'Charlie Morton', 2, 23),
(669, '2022-08-03', '2022-08-03 16:12:39', 1, 1, -132, 340, 100.00, 39.94, -8.5, 10.5, 20.38, 35.81, 25.59, 'Seattle Mariners @ New York Yankees', 'Gerrit Cole', 1, 23),
(670, '2022-08-03', '2022-08-03 16:13:01', 1, 1, 116, 196, 100.00, 72.97, -7.5, 9.5, 19.92, 43.03, 24.88, 'Seattle Mariners @ New York Yankees', 'Gerrit Cole', 2, 23),
(671, '2022-08-03', '2022-08-03 16:14:08', 1, 1, 113, 300, 100.00, 53.25, -6.5, 8.5, 28.05, 59.75, 38.99, 'Arizona Diamondbacks @ Cleveland Guardians', 'Shane Bieber', 2, 23),
(672, '2022-08-03', '2022-08-03 16:15:12', 1, 1, -136, 400, 100.00, 34.71, -6.5, 8.5, 22.37, 38.82, 28.82, 'Kansas City Royals @ Chicago White Sox', 'Lance Lynn', 2, 23),
(674, '2022-08-03', '2022-08-03 16:17:40', 1, 1, -134, 360, 100.00, 37.96, -7.5, 9.5, 21.00, 36.66, 26.58, 'Cincinnati Reds @ Miami Marlins', 'Sandy Alcantara', 1, 23),
(676, '2022-08-03', '2022-08-03 16:21:07', 1, 1, 120, 280, 100.00, 57.89, -8.5, 10.5, 28.23, 62.11, 39.33, 'Oakland Athletics @ Los Angeles Angels', 'Shohei Ohtani', 1, 23),
(677, '2022-08-03', '2022-08-03 16:22:09', 1, 1, -116, 330, 100.00, 43.30, -6.5, 8.5, 23.04, 42.90, 29.94, 'Colorado Rockies @ San Diego Padres', 'Blake Snell', 1, 23),
(678, '2022-08-03', '2022-08-03 16:23:05', 1, 1, -138, 450, 100.00, 31.36, -6.5, 8.5, 23.83, 41.11, 31.29, 'Los Angeles Dodgers @ San Francisco Giants', 'Julio Urias', 1, 23),
(679, '2022-08-04', '2022-08-04 16:31:37', 1, 1, -108, 310, 100.00, 46.97, -7.5, 9.5, 23.69, 45.62, 31.04, 'Milwaukee Brewers @ Pittsburgh Pirates', 'Brandon Woodruff', 1, 23),
(680, '2022-08-04', '2022-08-04 16:31:55', 1, 1, -135, 560, 100.00, 26.37, -8.5, 10.5, 27.40, 47.70, 37.74, 'Milwaukee Brewers @ Pittsburgh Pirates', 'Brandon Woodruff', 1, 23),
(681, '2022-08-04', '2022-08-04 16:32:56', 1, 1, -146, 450, 100.00, 30.64, -6.5, 8.5, 22.47, 37.86, 28.98, 'Los Angeles Dodgers @ San Francisco Giants', 'Clayton Kershaw', 1, 23),
(682, '2022-08-04', '2022-08-04 16:34:03', 1, 1, -146, 430, 100.00, 31.79, -6.5, 8.5, 21.78, 36.70, 27.85, 'Colorado Rockies @ San Diego Padres', 'Joe Musgrove', 1, 23),
(683, '2022-08-05', '2022-08-05 17:52:09', 1, 1, -160, 440, 100.00, 30.09, -6.5, 8.5, 19.94, 32.41, 24.91, 'Washington Nationals @ Philadelphia Phillies', 'Josiah Gray', 1, 23),
(684, '2022-08-05', '2022-08-05 17:53:47', 1, 1, 110, 260, 100.00, 58.33, -7.5, 9.5, 24.60, 51.67, 32.63, 'Chicago White Sox @ Texas Rangers', 'Dylan Cease', 1, 23),
(685, '2022-08-05', '2022-08-05 17:55:24', 1, 1, 115, 250, 100.00, 61.43, -7.5, 9.5, 24.92, 53.57, 33.19, 'Los Angeles Angels @ Seattle Mariners', 'Robbie Ray', 1, 23),
(686, '2022-08-06', '2022-08-06 17:45:06', 1, 1, -150, 460, 100.00, 29.76, -6.5, 8.5, 22.14, 36.90, 28.44, 'Los Angeles Angels @ Seattle Mariners', 'George Kirby', 2, 23),
(687, '2022-08-06', '2022-08-06 17:46:14', 1, 1, 120, 255, 100.00, 61.97, -6.5, 8.5, 26.38, 58.03, 35.83, 'Tampa Bay Rays @ Detroit Tigers', 'Shane McClanahan', 1, 23),
(688, '2022-08-06', '2022-08-06 17:46:30', 1, 1, -143, 470, 100.00, 29.81, -7.5, 9.5, 23.61, 40.12, 30.90, 'Tampa Bay Rays @ Detroit Tigers', 'Shane McClanahan', 1, 23),
(689, '2022-08-06', '2022-08-06 17:47:34', 1, 1, -130, 350, 100.00, 39.32, -8.5, 10.5, 21.26, 37.61, 26.99, 'San Francisco Giants @ Oakland Athletics', 'Carlos Rodon', 1, 23),
(690, '2022-08-06', '2022-08-06 17:48:43', 1, 1, -144, 400, 100.00, 33.89, -8.5, 10.5, 20.98, 35.56, 26.56, 'Atlanta Braves @ New York Mets', 'Max Scherzer', 1, 23),
(691, '2022-08-06', '2022-08-06 17:49:32', 1, 1, 118, 290, 100.00, 55.90, -6.5, 8.5, 28.49, 62.10, 39.84, 'Cincinnati Reds @ Milwaukee Brewers', 'Nick Lodolo', 1, 23),
(692, '2022-08-07', '2022-08-07 16:23:40', 1, 1, -102, 240, 100.00, 58.25, -6.5, 8.5, 20.09, 39.79, 25.15, 'Washington Nationals @ Philadelphia Phillies', 'Aaron Nola', 1, 23),
(693, '2022-08-07', '2022-08-07 16:23:58', 1, 1, -158, 450, 100.00, 29.69, -7.5, 9.5, 20.58, 33.60, 25.91, 'Washington Nationals @ Philadelphia Phillies', 'Aaron Nola', 1, 23),
(694, '2022-08-07', '2022-08-07 16:25:08', 1, 1, -112, 300, 100.00, 47.32, -8.5, 10.5, 22.17, 41.96, 28.48, 'Cincinnati Reds @ Milwaukee Brewers', 'Corbin Burnes', 2, 23),
(695, '2022-08-07', '2022-08-07 16:26:06', 1, 1, -146, 450, 100.00, 30.64, -6.5, 8.5, 22.47, 37.86, 28.98, 'Toronto Blue Jays @ Minnesota Twins', 'Kevin Gausman', 1, 23),
(696, '2022-08-07', '2022-08-07 16:27:23', 1, 1, -126, 390, 100.00, 36.61, -6.5, 8.5, 23.84, 42.76, 31.30, 'Chicago White Sox @ Texas Rangers', 'Lucas Giolito', 1, 23),
(697, '2022-08-07', '2022-08-07 16:28:46', 1, 1, -134, 370, 100.00, 37.15, -6.5, 8.5, 21.46, 37.47, 27.32, 'Atlanta Braves @ New York Mets', 'Spencer Strider', 1, 23),
(698, '2022-08-07', '2022-08-07 16:29:35', 1, 1, 100, 265, 100.00, 54.79, -8.5, 10.5, 22.60, 45.21, 29.20, 'Atlanta Braves @ New York Mets', 'Jacob deGrom', 1, 23),
(699, '2022-08-07', '2022-08-07 16:30:30', 1, 1, -135, 440, 100.00, 32.24, -6.5, 8.5, 24.03, 41.84, 31.64, 'San Diego Padres @ Los Angeles Dodgers', 'Yu Darvish', 1, 23),
(700, '2022-08-08', '2022-08-08 16:14:51', 1, 1, -120, 340, 100.00, 41.67, -7.5, 9.5, 22.73, 41.67, 29.41, 'San Francisco Giants @ San Diego Padres', 'Blake Snell', 2, 23),
(701, '2022-08-08', '2022-08-08 16:15:50', 1, 1, -152, 470, 100.00, 29.09, -6.5, 8.5, 22.14, 36.70, 28.43, 'Pittsburgh Pirates @ Arizona Diamondbacks', 'Zac Gallen', 2, 23),
(702, '2022-08-09', '2022-08-09 15:48:09', 1, 1, 110, 260, 100.00, 58.33, -6.5, 8.5, 24.60, 51.67, 32.63, 'Miami Marlins @ Philadelphia Phillies', 'Zack Wheeler', 2, 23),
(703, '2022-08-09', '2022-08-09 15:49:12', 1, 1, 116, 230, 100.00, 65.45, -6.5, 8.5, 23.40, 50.55, 30.55, 'Cleveland Guardians @ Detroit Tigers', 'Shane Bieber', 2, 23),
(704, '2022-08-09', '2022-08-09 15:49:33', 1, 1, -148, 400, 100.00, 33.51, -7.5, 9.5, 20.32, 34.05, 25.51, 'Cleveland Guardians @ Detroit Tigers', 'Shane Bieber', 2, 23),
(705, '2022-08-09', '2022-08-09 15:51:01', 1, 1, -134, 400, 100.00, 34.93, -6.5, 8.5, 22.74, 39.70, 29.42, 'San Francisco Giants @ San Diego Padres', 'Joe Musgrove', 1, 23),
(706, '2022-08-09', '2022-08-09 15:51:57', 1, 1, 123, 214, 100.00, 71.02, -7.5, 9.5, 23.31, 51.98, 30.39, 'Los Angeles Angels @ Oakland Athletics', 'Shohei Ohtani', 1, 23),
(707, '2022-08-09', '2022-08-09 15:54:03', 1, 1, 118, 255, 100.00, 61.41, -7.5, 9.5, 25.96, 56.59, 35.06, 'New York Yankees @ Seattle Mariners', 'Gerrit Cole', 2, 23),
(708, '2022-08-09', '2022-08-09 15:54:33', 1, 1, -144, 430, 100.00, 31.97, -6.5, 8.5, 22.12, 37.47, 28.40, 'New York Yankees @ Seattle Mariners', 'Luis Castillo', 2, 23),
(709, '2022-08-10', '2022-08-10 15:48:57', 1, 1, -106, 320, 100.00, 46.27, -7.5, 9.5, 24.73, 48.07, 32.86, 'Tampa Bay Rays @ Milwaukee Brewers', 'Brandon Woodruff', 1, 23),
(710, '2022-08-10', '2022-08-10 15:50:22', 1, 1, -122, 360, 100.00, 39.56, -6.5, 8.5, 23.31, 42.41, 30.39, 'New York Yankees @ Seattle Mariners', 'Robbie Ray', 2, 23),
(711, '2022-08-10', '2022-08-10 15:51:33', 1, 1, -160, 460, 100.00, 29.02, -6.5, 8.5, 20.60, 33.48, 25.95, 'Atlanta Braves @ Boston Red Sox', 'Nick Pivetta', 1, 23),
(712, '2022-08-10', '2022-08-10 15:52:27', 1, 1, 120, 154, 100.00, 86.61, -6.5, 8.5, 15.18, 33.39, 17.89, 'Texas Rangers @ Houston Astros', 'Justin Verlander', 2, 23),
(713, '2022-08-10', '2022-08-10 15:52:43', 1, 1, -104, 285, 100.00, 50.95, -7.5, 9.5, 23.05, 45.20, 29.95, 'Texas Rangers @ Houston Astros', 'Justin Verlander', 1, 23),
(714, '2022-08-11', '2022-08-11 17:23:55', 1, 1, 108, 280, 100.00, 54.74, -6.5, 8.5, 25.61, 53.26, 34.42, 'Texas Rangers @ Houston Astros', 'Framber Valdez', 2, 23),
(715, '2022-08-11', '2022-08-11 17:24:46', 1, 1, -126, 350, 100.00, 39.86, -7.5, 9.5, 22.03, 39.51, 28.25, 'Chicago White Sox @ Kansas City Royals', 'Dylan Cease', 2, 23),
(716, '2022-08-11', '2022-08-11 17:26:05', 1, 1, 108, 266, 100.00, 56.83, -6.5, 8.5, 24.60, 51.17, 32.63, 'Chicago Cubs @ Cincinnati Reds', 'Nick Lodolo', 1, 23),
(717, '2022-08-11', '2022-08-11 17:26:34', 1, 1, -157, 480, 100.00, 28.22, -7.5, 9.5, 21.67, 35.47, 27.66, 'Chicago Cubs @ Cincinnati Reds', 'Nick Lodolo', 1, 23),
(718, '2022-08-12', '2022-08-12 17:06:53', 1, 1, -120, 390, 100.00, 37.41, -6.5, 8.5, 25.05, 45.92, 33.42, 'Atlanta Braves @ Miami Marlins', 'Pablo Lopez', 1, 23),
(719, '2022-08-12', '2022-08-12 17:08:02', 1, 1, 116, 215, 100.00, 68.57, -7.5, 9.5, 21.96, 47.43, 28.14, 'Philadelphia Phillies @ New York Mets', 'Max Scherzer', 1, 23),
(720, '2022-08-12', '2022-08-12 17:08:18', 1, 1, -146, 390, 100.00, 34.39, -8.5, 10.5, 20.24, 34.11, 25.38, 'Philadelphia Phillies @ New York Mets', 'Max Scherzer', 1, 23),
(721, '2022-08-12', '2022-08-12 17:09:10', 1, 1, -160, 500, 100.00, 27.08, -6.5, 8.5, 21.79, 35.42, 27.87, 'Detroit Tigers @ Chicago White Sox', 'Michael Kopech', 1, 23),
(722, '2022-08-12', '2022-08-12 17:10:39', 1, 1, -158, 470, 100.00, 28.65, -6.5, 8.5, 21.22, 34.64, 26.93, 'Oakland Athletics @ Houston Astros', 'Luis Garcia', 1, 23),
(723, '2022-08-12', '2022-08-12 17:11:34', 1, 1, -112, 340, 100.00, 43.02, -6.5, 8.5, 24.44, 46.27, 32.35, 'Minnesota Twins @ Los Angeles Angels', 'Tyler Mahle', 1, 23),
(724, '2022-08-12', '2022-08-12 17:12:22', 1, 1, 110, 215, 100.00, 66.67, -7.5, 9.5, 20.63, 43.33, 26.00, 'Pittsburgh Pirates @ San Francisco Giants', 'Carlos Rodon', 1, 23),
(725, '2022-08-12', '2022-08-12 17:12:35', 1, 1, -146, 390, 100.00, 34.39, -8.5, 10.5, 20.24, 34.11, 25.38, 'Pittsburgh Pirates @ San Francisco Giants', 'Carlos Rodon', 1, 23),
(726, '2022-08-13', '2022-08-13 16:51:05', 1, 1, -136, 440, 100.00, 32.14, -6.5, 8.5, 23.85, 41.39, 31.33, 'Atlanta Braves @ Miami Marlins', 'Jesus Luzardo', 1, 23),
(727, '2022-08-13', '2022-08-13 16:52:02', 1, 1, -110, 310, 100.00, 46.56, -7.5, 9.5, 23.23, 44.35, 30.26, 'Baltimore Orioles @ Tampa Bay Rays', 'Shane McClanahan', 1, 23),
(728, '2022-08-13', '2022-08-13 16:53:14', 1, 1, 122, 210, 100.00, 71.61, -8.5, 10.5, 22.70, 50.39, 29.36, 'Philadelphia Phillies @ New York Mets', 'Jacob deGrom', 2, 23),
(729, '2022-08-13', '2022-08-13 16:54:09', 1, 1, -108, 320, 100.00, 45.86, -6.5, 8.5, 24.27, 46.74, 32.04, 'Detroit Tigers @ Chicago White Sox', 'Lucas Giolito', 2, 23),
(730, '2022-08-13', '2022-08-13 16:55:17', 1, 1, -122, 390, 100.00, 37.14, -7.5, 9.5, 24.64, 44.83, 32.69, 'Milwaukee Brewers @ St. Louis Cardinals', 'Corbin Burnes', 1, 23),
(731, '2022-08-14', '2022-08-14 07:15:32', 1, 1, 110, 280, 100.00, 55.26, -6.5, 8.5, 26.07, 54.74, 35.25, 'San Diego Padres @ Washington Nationals', 'Blake Snell', 1, 23),
(732, '2022-08-14', '2022-08-14 07:16:36', 1, 1, -160, 480, 100.00, 28.02, -6.5, 8.5, 21.22, 34.48, 26.94, 'Cleveland Guardians @ Toronto Blue Jays', 'Shane Bieber', 1, 23),
(733, '2022-08-14', '2022-08-14 15:50:46', 1, 1, -128, 350, 100.00, 39.58, -7.5, 9.5, 21.64, 38.54, 27.61, 'San Diego Padres @ Washington Nationals', 'Blake Snell', 1, 23),
(734, '2022-08-14', '2022-08-14 15:52:02', 1, 1, -116, 350, 100.00, 41.38, -6.5, 8.5, 24.07, 44.83, 31.71, 'Oakland Athletics @ Houston Astros', 'Cristian Javier', 1, 23),
(735, '2022-08-14', '2022-08-14 15:52:55', 1, 1, -117, 420, 100.00, 35.67, -6.5, 8.5, 26.85, 49.80, 36.71, 'Detroit Tigers @ Chicago White Sox', 'Lance Lynn', 2, 23),
(736, '2022-08-14', '2022-08-14 15:54:25', 1, 1, -144, 450, 100.00, 30.81, -6.5, 8.5, 22.80, 38.64, 29.54, 'Pittsburgh Pirates @ San Francisco Giants', 'Alex Wood', 1, 23),
(737, '2022-08-15', '2022-08-15 16:07:34', 1, 1, -124, 400, 100.00, 36.13, -6.5, 8.5, 24.64, 44.52, 32.70, 'Chicago Cubs @ Washington Nationals', 'Josiah Gray', 1, 23),
(738, '2022-08-15', '2022-08-15 16:08:29', 1, 1, 104, 200, 100.00, 68.00, -8.5, 10.5, 17.65, 36.00, 21.43, 'Tampa Bay Rays @ New York Yankees', 'Gerrit Cole', 1, 23),
(739, '2022-08-15', '2022-08-15 16:08:43', 1, 1, -136, 360, 100.00, 37.72, -9.5, 11.5, 20.63, 35.81, 26.00, 'Tampa Bay Rays @ New York Yankees', 'Gerrit Cole', 1, 23),
(740, '2022-08-15', '2022-08-15 16:09:39', 1, 1, -134, 400, 100.00, 34.93, -6.5, 8.5, 22.74, 39.70, 29.42, 'New York Mets @ Atlanta Braves', 'Spencer Strider', 1, 23),
(741, '2022-08-15', '2022-08-15 16:10:51', 1, 1, -118, 350, 100.00, 41.05, -6.5, 8.5, 23.65, 43.69, 30.97, 'Los Angeles Dodgers @ Milwaukee Brewers', 'Julio Urias', 1, 23),
(742, '2022-08-15', '2022-08-15 16:12:14', 1, 1, 118, 220, 100.00, 68.12, -6.5, 8.5, 22.88, 49.87, 29.67, 'Seattle Mariners @ Los Angeles Angels', 'Luis Castillo', 1, 23),
(743, '2022-08-15', '2022-08-15 16:12:31', 1, 1, -148, 420, 100.00, 32.22, -7.5, 9.5, 21.09, 35.34, 26.73, 'Seattle Mariners @ Los Angeles Angels', 'Luis Castillo', 2, 23),
(744, '2022-08-15', '2022-08-15 16:12:53', 1, 1, -108, 290, 100.00, 49.38, -7.5, 9.5, 22.44, 43.21, 28.93, 'Seattle Mariners @ Los Angeles Angels', 'Shohei Ohtani', 2, 23),
(745, '2022-08-16', '2022-08-16 15:28:16', 1, 1, -106, 340, 100.00, 44.17, -6.5, 8.5, 25.82, 50.17, 34.80, 'Tampa Bay Rays @ New York Yankees', 'Nestor Cortes', 1, 23),
(746, '2022-08-16', '2022-08-16 15:29:24', 1, 1, -148, 450, 100.00, 30.47, -6.5, 8.5, 22.14, 37.10, 28.44, 'New York Mets @ Atlanta Braves', 'Charlie Morton', 1, 23),
(747, '2022-08-16', '2022-08-16 15:30:41', 1, 1, -142, 450, 100.00, 30.99, -6.5, 8.5, 23.14, 39.44, 30.11, 'Los Angeles Dodgers @ Milwaukee Brewers', 'Brandon Woodruff', 2, 23),
(748, '2022-08-16', '2022-08-16 15:31:32', 1, 1, -120, 350, 100.00, 40.74, -6.5, 8.5, 23.23, 42.59, 30.26, 'Houston Astros @ Chicago White Sox', 'Justin Verlander', 1, 23),
(749, '2022-08-16', '2022-08-16 15:31:55', 1, 1, 116, 250, 100.00, 61.71, -6.5, 8.5, 25.13, 54.29, 33.57, 'Houston Astros @ Chicago White Sox', 'Dylan Cease', 1, 23),
(750, '2022-08-16', '2022-08-16 15:32:13', 1, 1, -148, 450, 100.00, 30.47, -7.5, 9.5, 22.14, 37.10, 28.44, 'Houston Astros @ Chicago White Sox', 'Dylan Cease', 1, 23),
(751, '2022-08-16', '2022-08-16 15:33:00', 1, 1, 106, 280, 100.00, 54.21, -7.5, 9.5, 25.14, 51.79, 33.58, 'Seattle Mariners @ Los Angeles Angels', 'Robbie Ray', 1, 23),
(752, '2022-08-17', '2022-08-17 11:09:41', 1, 1, -122, 365, 100.00, 39.13, -6.5, 8.5, 23.54, 42.83, 30.79, 'Kansas City Royals @ Minnesota Twins', 'Tyler Mahle', 1, 23),
(753, '2022-08-17', '2022-08-17 11:11:04', 1, 1, 106, 266, 100.00, 56.28, -7.5, 9.5, 24.13, 49.72, 31.81, 'New York Mets @ Atlanta Braves', 'Max Scherzer', 2, 23),
(754, '2022-08-17', '2022-08-17 11:12:13', 1, 1, -104, 290, 100.00, 50.30, -7.5, 9.5, 23.38, 45.86, 30.51, 'Arizona Diamondbacks @ San Francisco Giants', 'Carlos Rodon', 1, 23),
(755, '2022-08-24', '2022-08-24 15:12:18', 1, 1, -146, 450, 100.00, 30.64, -6.5, 8.5, 22.47, 37.86, 28.98, 'Miami Marlins @ Oakland Athletics', 'Jesus Luzardo', 1, 23),
(756, '2022-08-24', '2022-08-24 15:13:13', 1, 1, -138, 420, 100.00, 33.17, -6.5, 8.5, 22.79, 39.30, 29.51, 'Cleveland Guardians @ San Diego Padres', 'Blake Snell', 1, 23),
(757, '2022-08-24', '2022-08-24 15:14:15', 1, 1, 120, 164, 100.00, 83.33, -6.5, 8.5, 16.67, 36.67, 20.00, 'Los Angeles Angels @ Tampa Bay Rays', 'Shane McClanahan', 1, 23),
(758, '2022-08-24', '2022-08-24 15:14:29', 1, 1, -112, 300, 100.00, 47.32, -7.5, 9.5, 22.17, 41.96, 28.48, 'Los Angeles Angels @ Tampa Bay Rays', 'Shane McClanahan', 2, 23),
(759, '2022-08-24', '2022-08-24 15:15:43', 1, 1, 114, 265, 100.00, 58.63, -6.5, 8.5, 25.87, 55.37, 34.91, 'Milwaukee Brewers @ Los Angeles Dodgers', 'Andrew Heaney', 1, 23),
(760, '2022-08-25', '2022-08-25 15:33:56', 1, 1, -109, 320, 100.00, 45.65, -7.5, 9.5, 24.04, 46.09, 31.64, 'Cincinnati Reds @ Philadelphia Phillies', 'Aaron Nola', 1, 23),
(761, '2022-08-25', '2022-08-25 15:35:03', 1, 1, -112, 300, 100.00, 47.32, -9.5, 11.5, 22.17, 41.96, 28.48, 'Colorado Rockies @ New York Mets', 'Jacob deGrom', 1, 23),
(762, '2022-08-25', '2022-08-25 15:35:54', 1, 1, -146, 450, 100.00, 30.64, -6.5, 8.5, 22.47, 37.86, 28.98, 'Toronto Blue Jays @ Boston Red Sox', 'Kevin Gausman', 1, 23),
(763, '2022-08-26', '2022-08-26 16:39:32', 1, 1, -152, 470, 100.00, 29.09, -6.5, 8.5, 22.14, 36.70, 28.43, 'Chicago Cubs @ Milwaukee Brewers', 'Justin Steele', 1, 23),
(764, '2022-08-26', '2022-08-26 16:40:02', 1, 1, -108, 320, 100.00, 45.86, -6.5, 8.5, 24.27, 46.74, 32.04, 'Chicago Cubs @ Milwaukee Brewers', 'Freddy Peralta', 1, 23),
(765, '2022-08-26', '2022-08-26 16:41:09', 1, 1, -156, 460, 100.00, 29.30, -6.5, 8.5, 21.21, 34.80, 26.91, 'Baltimore Orioles @ Houston Astros', 'Lance McCullers', 1, 23),
(766, '2022-08-26', '2022-08-26 16:42:01', 1, 1, 114, 200, 100.00, 71.33, -6.5, 8.5, 19.94, 42.67, 24.90, 'Atlanta Braves @ St. Louis Cardinals', 'Spencer Strider', 2, 23),
(767, '2022-08-26', '2022-08-26 16:42:18', 1, 1, -128, 370, 100.00, 37.90, -7.5, 9.5, 22.58, 40.23, 29.17, 'Atlanta Braves @ St. Louis Cardinals', 'Spencer Strider', 1, 23),
(768, '2022-08-26', '2022-08-26 16:43:02', 1, 1, 100, 280, 100.00, 52.63, -7.5, 9.5, 23.68, 47.37, 31.03, 'New York Yankees @ Oakland Athletics', 'Gerrit Cole', 1, 23),
(769, '2022-08-26', '2022-08-26 16:43:49', 1, 1, 100, 350, 100.00, 44.44, -6.5, 8.5, 27.78, 55.56, 38.46, 'Cleveland Guardians @ Seattle Mariners', 'Shane Bieber', 1, 23),
(770, '2022-08-27', '2022-08-27 17:17:22', 1, 1, -106, 350, 100.00, 43.19, -6.5, 8.5, 26.32, 51.15, 35.72, 'Los Angeles Angels @ Toronto Blue Jays', 'Alek Manoah', 2, 23),
(771, '2022-08-27', '2022-08-27 17:17:45', 1, 1, 104, 280, 100.00, 53.68, -6.5, 8.5, 24.66, 50.32, 32.74, 'Los Angeles Angels @ Toronto Blue Jays', 'Shohei Ohtani', 1, 23),
(772, '2022-08-27', '2022-08-27 17:18:58', 1, 1, -134, 420, 100.00, 33.58, -6.5, 8.5, 23.50, 41.04, 30.73, 'Los Angeles Dodgers @ Miami Marlins', 'Dustin May', 1, 23),
(773, '2022-08-27', '2022-08-27 17:19:21', 1, 1, -145, 480, 100.00, 29.13, -6.5, 8.5, 23.57, 39.83, 30.85, 'Los Angeles Dodgers @ Miami Marlins', 'Sandy Alcantara', 1, 23),
(774, '2022-08-27', '2022-08-27 17:20:21', 1, 1, 110, 280, 100.00, 55.26, -6.5, 8.5, 26.07, 54.74, 35.25, 'Chicago Cubs @ Milwaukee Brewers', 'Brandon Woodruff', 1, 23),
(775, '2022-08-27', '2022-08-27 17:21:16', 1, 1, -134, 390, 100.00, 35.64, -6.5, 8.5, 22.33, 38.99, 28.74, 'San Diego Padres @ Kansas City Royals', 'Yu Darvish', 1, 23),
(776, '2022-08-27', '2022-08-27 17:22:16', 1, 1, -142, 430, 100.00, 32.16, -6.5, 8.5, 22.45, 38.27, 28.96, 'Atlanta Braves @ St. Louis Cardinals', 'Charlie Morton', 1, 23),
(777, '2022-08-28', '2022-08-28 17:46:00', 1, 1, 116, 255, 100.00, 60.85, -6.5, 8.5, 25.53, 55.15, 34.29, 'Baltimore Orioles @ Houston Astros', 'Justin Verlander', 1, 23),
(778, '2022-08-28', '2022-08-28 17:47:00', 1, 1, -146, 400, 100.00, 33.70, -7.5, 9.5, 20.65, 34.79, 26.02, 'Arizona Diamondbacks @ Chicago White Sox', 'Dylan Cease', 2, 23),
(779, '2022-08-28', '2022-08-28 17:47:50', 1, 1, -106, 310, 100.00, 47.40, -6.5, 8.5, 24.15, 46.94, 31.85, 'Cleveland Guardians @ Seattle Mariners', 'Robbie Ray', 2, 23),
(780, '2022-08-29', '2022-08-29 15:39:17', 1, 1, -148, 460, 100.00, 29.92, -6.5, 8.5, 22.47, 37.64, 28.97, 'New York Yankees @ Los Angeles Angels', 'Frankie Montas', 1, 23),
(781, '2022-08-29', '2022-08-29 15:40:09', 1, 1, 104, 290, 100.00, 52.31, -6.5, 8.5, 25.34, 51.69, 33.94, 'San Diego Padres @ San Francisco Giants', 'Carlos Rodon', 1, 23),
(782, '2022-08-30', '2022-08-30 18:22:24', 1, 1, -115, 350, 100.00, 41.55, -7.5, 9.5, 24.29, 45.41, 32.08, 'Tampa Bay Rays @ Miami Marlins', 'Shane McClanahan', 9, 23),
(783, '2022-08-30', '2022-08-30 18:23:35', 1, 1, -132, 400, 100.00, 35.15, -6.5, 8.5, 23.10, 40.61, 30.04, 'Chicago Cubs @ Toronto Blue Jays', 'Kevin Gausman', 1, 23),
(784, '2022-08-30', '2022-08-30 18:24:52', 1, 1, -122, 420, 100.00, 34.99, -6.5, 8.5, 25.81, 46.97, 34.80, 'Houston Astros @ Texas Rangers', 'Framber Valdez', 2, 23),
(785, '2022-08-30', '2022-08-30 18:25:41', 1, 1, -154, 480, 100.00, 28.44, -6.5, 8.5, 22.13, 36.50, 28.42, 'Kansas City Royals @ Chicago White Sox', 'Lucas Giolito', 2, 23),
(786, '2022-08-30', '2022-08-30 18:26:31', 1, 1, -102, 290, 100.00, 50.78, -6.5, 8.5, 23.86, 47.26, 31.34, 'Philadelphia Phillies @ Arizona Diamondbacks', 'Aaron Nola', 1, 23),
(787, '2022-08-30', '2022-08-30 18:27:34', 1, 1, 108, 285, 100.00, 54.03, -6.5, 8.5, 25.95, 53.97, 35.04, 'San Diego Padres @ San Francisco Giants', 'Blake Snell', 2, 23),
(788, '2022-08-30', '2022-08-30 18:27:47', 1, 1, -152, 560, 100.00, 25.12, -7.5, 9.5, 24.53, 40.67, 32.50, 'San Diego Padres @ San Francisco Giants', 'Blake Snell', 2, 23),
(789, '2022-08-31', '2022-08-31 15:48:55', 1, 1, 108, 290, 100.00, 53.33, -6.5, 8.5, 26.28, 54.67, 35.65, 'Houston Astros @ Texas Rangers', 'Cristian Javier', 2, 23),
(790, '2022-08-31', '2022-08-31 15:49:58', 1, 1, -130, 390, 100.00, 36.11, -6.5, 8.5, 23.07, 40.82, 29.99, 'Pittsburgh Pirates @ Milwaukee Brewers', 'Freddy Peralta', 1, 23),
(791, '2022-08-31', '2022-08-31 15:51:51', 1, 1, 106, 255, 100.00, 58.03, -8.5, 10.5, 23.29, 47.97, 30.36, 'Los Angeles Dodgers @ New York Mets', 'Jacob deGrom', 2, 23),
(792, '2022-08-31', '2022-08-31 15:53:12', 1, 1, 114, 215, 100.00, 67.94, -6.5, 8.5, 21.52, 46.06, 27.43, 'Kansas City Royals @ Chicago White Sox', 'Lance Lynn', 2, 23),
(793, '2022-08-31', '2022-08-31 15:53:27', 1, 1, -142, 400, 100.00, 34.08, -7.5, 9.5, 21.32, 36.34, 27.10, 'Kansas City Royals @ Chicago White Sox', 'Lance Lynn', 2, 23),
(794, '2022-08-31', '2022-08-31 15:54:19', 1, 1, -118, 320, 100.00, 43.99, -8.5, 10.5, 22.06, 40.76, 28.31, 'New York Yankees @ Los Angeles Angels', 'Gerrit Cole', 1, 23),
(795, '2022-09-01', '2022-09-01 16:42:00', 1, 1, -104, 300, 100.00, 49.04, -6.5, 8.5, 24.02, 47.12, 31.61, 'Baltimore Orioles @ Cleveland Guardians', 'Shane Bieber', 1, 23),
(796, '2022-09-01', '2022-09-01 16:43:05', 1, 1, -111, 330, 100.00, 44.21, -7.5, 9.5, 24.14, 45.88, 31.82, 'Colorado Rockies @ Atlanta Braves', 'Spencer Strider', 1, 23),
(797, '2022-09-01', '2022-09-01 16:43:59', 1, 1, -130, 400, 100.00, 35.38, -6.5, 8.5, 23.48, 41.54, 30.68, 'Milwaukee Brewers @ Arizona Diamondbacks', 'Brandon Woodruff', 1, 23),
(798, '2022-09-02', '2022-09-02 18:23:37', 1, 1, -136, 400, 100.00, 34.71, -6.5, 8.5, 22.37, 38.82, 28.82, 'Miami Marlins @ Atlanta Braves', 'Sandy Alcantara', 1, 23),
(799, '2022-09-02', '2022-09-02 18:24:14', 1, 1, 118, 235, 100.00, 65.07, -6.5, 8.5, 24.28, 52.93, 32.06, 'Miami Marlins @ Atlanta Braves', 'Charlie Morton', 2, 23),
(800, '2022-09-02', '2022-09-02 18:24:27', 1, 1, -150, 430, 100.00, 31.45, -7.5, 9.5, 21.13, 35.22, 26.79, 'Miami Marlins @ Atlanta Braves', 'Charlie Morton', 1, 23),
(801, '2022-09-06', '2022-09-06 15:42:03', 1, 1, -120, 340, 100.00, 41.67, -7.5, 9.5, 22.73, 41.67, 29.41, 'Miami Marlins @ Philadelphia Phillies', 'Aaron Nola', 1, 23),
(802, '2022-09-06', '2022-09-06 15:43:27', 1, 1, -154, 470, 100.00, 28.94, -6.5, 8.5, 21.83, 36.00, 27.92, 'Minnesota Twins @ New York Yankees', 'Joe Ryan', 9, 23),
(803, '2022-09-06', '2022-09-06 15:43:56', 1, 1, 117, 200, 100.00, 72.33, -6.5, 8.5, 20.58, 44.67, 25.92, 'Minnesota Twins @ New York Yankees', 'Gerrit Cole', 9, 23),
(804, '2022-09-06', '2022-09-06 15:44:12', 1, 1, -132, 390, 100.00, 35.87, -7.5, 9.5, 22.70, 39.89, 29.36, 'Minnesota Twins @ New York Yankees', 'Gerrit Cole', 9, 23),
(805, '2022-09-06', '2022-09-06 15:45:45', 1, 1, -102, 330, 100.00, 46.06, -6.5, 8.5, 26.25, 51.98, 35.59, 'Texas Rangers @ Houston Astros', 'Framber Valdez', 1, 23),
(806, '2022-09-06', '2022-09-06 15:47:24', 1, 1, -158, 560, 100.00, 24.74, -6.5, 8.5, 23.61, 38.55, 30.90, 'Milwaukee Brewers @ Colorado Rockies', 'Brandon Woodruff', 1, 23),
(807, '2022-09-08', '2022-09-08 19:33:16', 1, 1, -121, 350, 100.00, 40.59, -7.5, 9.5, 23.03, 42.06, 29.92, 'San Francisco Giants @ Milwaukee Brewers', 'Corbin Burnes', 1, 23),
(808, '2022-09-08', '2022-09-08 19:35:32', 1, 1, -136, 420, 100.00, 33.37, -6.5, 8.5, 23.14, 40.16, 30.11, 'Miami Marlins @ Philadelphia Phillies', 'Sandy Alcantara', 2, 23),
(809, '2022-09-08', '2022-09-08 19:37:12', 1, 1, -146, 420, 100.00, 32.40, -8.5, 10.5, 21.42, 36.09, 27.26, 'Chicago White Sox @ Oakland Athletics', 'Dylan Cease', 2, 23),
(810, '2022-09-10', '2022-09-10 00:14:20', 1, 1, 104, 255, 100.00, 57.46, -6.5, 8.5, 22.81, 46.54, 29.55, 'Atlanta Braves @ Seattle Mariners', 'Charlie Morton', 1, 23),
(811, '2022-09-10', '2022-09-10 00:14:43', 1, 1, -108, 290, 100.00, 49.38, -6.5, 8.5, 22.44, 43.21, 28.93, 'Atlanta Braves @ Seattle Mariners', 'Robbie Ray', 1, 23),
(812, '2022-09-10', '2022-09-10 18:33:48', 1, 1, -122, 390, 100.00, 37.14, -6.5, 8.5, 24.64, 44.83, 32.69, 'Chicago White Sox @ Oakland Athletics', 'Lance Lynn', 1, 23),
(813, '2022-09-10', '2022-09-10 18:35:28', 1, 1, -122, 350, 100.00, 40.44, -6.5, 8.5, 22.82, 41.53, 29.57, 'Toronto Blue Jays @ Texas Rangers', 'Kevin Gausman', 1, 23),
(814, '2022-09-10', '2022-09-10 18:36:41', 1, 1, 108, 280, 100.00, 54.74, -6.5, 8.5, 25.61, 53.26, 34.42, 'Los Angeles Angels @ Houston Astros', 'Shohei Ohtani', 2, 23),
(815, '2022-09-10', '2022-09-10 18:38:13', 1, 1, -143, 420, 100.00, 32.68, -7.5, 9.5, 21.92, 37.25, 28.08, 'Los Angeles Dodgers @ San Diego Padres', 'Blake Snell', 1, 23),
(816, '2022-09-11', '2022-09-11 16:01:53', 1, 1, -112, 330, 100.00, 44.02, -7.5, 9.5, 23.91, 45.27, 31.43, 'Washington Nationals @ Philadelphia Phillies', 'Aaron Nola', 1, 23),
(817, '2022-09-11', '2022-09-11 16:03:28', 1, 1, -115, 340, 100.00, 42.49, -7.5, 9.5, 23.78, 44.47, 31.21, 'Cincinnati Reds @ Milwaukee Brewers', 'Brandon Woodruff', 1, 23),
(818, '2022-09-11', '2022-09-11 16:04:25', 1, 1, -112, 340, 100.00, 43.02, -6.5, 8.5, 24.44, 46.27, 32.35, 'Los Angeles Angels @ Houston Astros', 'Luis Garcia', 1, 23),
(819, '2022-09-11', '2022-09-11 16:05:17', 1, 1, -127, 400, 100.00, 35.75, -6.5, 8.5, 24.05, 42.99, 31.67, 'Cleveland Guardians @ Minnesota Twins', 'Shane Bieber', 2, 23),
(820, '2022-09-12', '2022-09-12 14:54:38', 1, 1, -118, 350, 100.00, 41.05, -6.5, 8.5, 23.65, 43.69, 30.97, 'Houston Astros @ Detroit Tigers', 'Framber Valdez', 2, 23),
(821, '2022-09-12', '2022-09-12 14:55:31', 1, 1, -140, 430, 100.00, 32.35, -6.5, 8.5, 22.80, 39.08, 29.53, 'Chicago Cubs @ New York Mets', 'Chris Bassitt', 1, 23),
(822, '2022-09-12', '2022-09-12 14:56:31', 1, 1, -116, 300, 100.00, 46.55, -7.5, 9.5, 21.30, 39.66, 27.06, 'Atlanta Braves @ San Francisco Giants', 'Spencer Strider', 2, 23),
(823, '2022-09-13', '2022-09-13 15:14:03', 1, 1, -128, 350, 100.00, 39.58, -6.5, 8.5, 21.64, 38.54, 27.61, 'Philadelphia Phillies @ Miami Marlins', 'Sandy Alcantara', 1, 23),
(824, '2022-09-13', '2022-09-13 15:15:10', 1, 1, 116, 240, 100.00, 63.53, -9.5, 11.5, 24.29, 52.47, 32.09, 'Chicago Cubs @ New York Mets', 'Jacob deGrom', 2, 23),
(825, '2022-09-13', '2022-09-13 15:16:11', 1, 1, 114, 255, 100.00, 60.28, -6.5, 8.5, 25.10, 53.72, 33.51, 'New York Yankees @ Boston Red Sox', 'Gerrit Cole', 1, 23),
(826, '2022-09-13', '2022-09-13 15:17:31', 1, 1, -148, 430, 100.00, 31.62, -6.5, 8.5, 21.45, 35.95, 27.31, 'Los Angeles Dodgers @ Arizona Diamondbacks', 'Clayton Kershaw', 1, 23),
(827, '2022-09-13', '2022-09-13 15:18:29', 1, 1, -132, 420, 100.00, 33.80, -6.5, 8.5, 23.87, 41.96, 31.36, 'San Diego Padres @ Seattle Mariners', 'Yu Darvish', 2, 23),
(828, '2022-09-15', '2022-09-15 16:10:37', 1, 1, -141, 450, 100.00, 31.08, -6.5, 8.5, 23.31, 39.85, 30.40, 'Tampa Bay Rays @ Toronto Blue Jays', 'Kevin Gausman', 2, 23),
(829, '2022-09-15', '2022-09-15 16:11:55', 1, 1, 100, 285, 100.00, 51.95, -6.5, 8.5, 24.03, 48.05, 31.62, 'Oakland Athletics @ Houston Astros', 'Lance McCullers', 1, 23),
(830, '2022-09-16', '2022-09-16 15:59:47', 1, 1, -142, 440, 100.00, 31.56, -6.5, 8.5, 22.80, 38.86, 29.54, 'Miami Marlins @ Washington Nationals', 'Josiah Gray', 1, 23),
(831, '2022-09-16', '2022-09-16 16:02:04', 1, 1, 100, 300, 100.00, 50.00, -6.5, 8.5, 25.00, 50.00, 33.33, 'Seattle Mariners @ Los Angeles Angels', 'Robbie Ray', 1, 23),
(832, '2022-09-16', '2022-09-16 16:06:46', 1, 1, 102, 300, 100.00, 50.50, -6.5, 8.5, 25.50, 51.50, 34.22, 'San Diego Padres @ Arizona Diamondbacks', 'Blake Snell', 2, 23),
(833, '2022-09-17', '2022-09-17 17:19:21', 1, 1, -130, 360, 100.00, 38.46, -6.5, 8.5, 21.74, 38.46, 27.78, 'Pittsburgh Pirates @ New York Mets', 'Chris Bassitt', 2, 23),
(834, '2022-09-17', '2022-09-17 17:20:48', 1, 1, 100, 300, 100.00, 50.00, -7.5, 9.5, 25.00, 50.00, 33.33, 'New York Yankees @ Milwaukee Brewers', 'Brandon Woodruff', 1, 23),
(835, '2022-09-17', '2022-09-17 17:23:20', 1, 1, 102, 285, 100.00, 52.47, -6.5, 8.5, 24.52, 49.53, 32.49, 'Philadelphia Phillies @ Atlanta Braves', 'Aaron Nola', 2, 23),
(836, '2022-09-17', '2022-09-17 17:25:57', 1, 1, -124, 186, 100.00, 63.16, -6.5, 8.5, 9.68, 17.48, 10.71, 'Seattle Mariners @ Los Angeles Angels', 'Shohei Ohtani', 2, 23),
(837, '2022-09-17', '2022-09-17 17:26:30', 1, 1, -122, 340, 100.00, 41.36, -7.5, 9.5, 22.32, 40.61, 28.73, 'Seattle Mariners @ Los Angeles Angels', 'Shohei Ohtani', 2, 23),
(838, '2022-09-18', '2022-09-18 15:40:24', 1, 1, 112, 250, 100.00, 60.57, -7.5, 9.5, 24.26, 51.43, 32.03, 'Philadelphia Phillies @ Atlanta Braves', 'Spencer Strider', 1, 23),
(839, '2022-09-18', '2022-09-18 15:42:57', 1, 1, -139, 450, 100.00, 31.26, -7.5, 9.5, 23.66, 40.68, 30.99, 'Oakland Athletics @ Houston Astros', 'Framber Valdez', 1, 23),
(840, '2022-09-18', '2022-09-18 15:43:54', 1, 1, -110, 300, 100.00, 47.73, -8.5, 10.5, 22.62, 43.18, 29.23, 'New York Yankees @ Milwaukee Brewers', 'Gerrit Cole', 1, 23),
(841, '2022-09-18', '2022-09-18 15:45:07', 1, 1, -136, 400, 100.00, 34.71, -6.5, 8.5, 22.37, 38.82, 28.82, 'San Diego Padres @ Arizona Diamondbacks', 'Yu Darvish', 2, 23),
(842, '2022-09-18', '2022-09-18 15:45:59', 1, 1, -105, 350, 100.00, 43.39, -6.5, 8.5, 26.56, 51.85, 36.16, 'Los Angeles Dodgers @ San Francisco Giants', 'Andrew Heaney', 2, 23),
(843, '2022-09-19', '2022-09-19 14:28:06', 1, 1, 106, 285, 100.00, 53.51, -6.5, 8.5, 25.48, 52.49, 34.20, 'Chicago Cubs @ Miami Marlins', 'Edward Cabrera', 1, 23),
(844, '2022-09-19', '2022-09-19 14:33:18', 1, 1, -108, 320, 100.00, 45.86, -6.5, 8.5, 24.27, 46.74, 32.04, 'New York Mets @ Milwaukee Brewers', 'Max Scherzer', 1, 23),
(845, '2022-09-19', '2022-09-19 14:36:06', 1, 1, -102, 300, 100.00, 49.51, -6.5, 8.5, 24.50, 48.53, 32.46, 'New York Mets @ Milwaukee Brewers', 'Corbin Burnes', 1, 23),
(846, '2022-09-20', '2022-09-20 14:13:10', 1, 1, -142, 440, 100.00, 31.56, -6.5, 8.5, 22.80, 38.86, 29.54, 'Houston Astros @ Tampa Bay Rays', 'Cristian Javier', 1, 23),
(847, '2022-09-20', '2022-09-20 14:14:19', 1, 1, 122, 240, 100.00, 65.29, -6.5, 8.5, 25.54, 56.71, 34.31, 'Boston Red Sox @ Cincinnati Reds', 'Nick Lodolo', 2, 23),
(848, '2022-09-20', '2022-09-20 14:18:02', 1, 1, -104, 300, 100.00, 49.04, -6.5, 8.5, 24.02, 47.12, 31.61, 'Chicago Cubs @ Miami Marlins', 'Pablo Lopez', 1, 23),
(849, '2022-09-20', '2022-09-20 14:21:14', 1, 1, 112, 240, 100.00, 62.35, -6.5, 8.5, 23.42, 49.65, 30.58, 'Washington Nationals @ Atlanta Braves', 'Charlie Morton', 1, 23),
(850, '2022-09-20', '2022-09-20 14:23:07', 1, 1, 112, 180, 100.00, 75.71, -6.5, 8.5, 17.12, 36.29, 20.65, 'Seattle Mariners @ Oakland Athletics', 'Luis Castillo', 1, 23),
(851, '2022-09-21', '2022-09-21 14:43:53', 1, 1, -122, 370, 100.00, 38.72, -7.5, 9.5, 23.77, 43.25, 31.18, 'Chicago Cubs @ Miami Marlins', 'Jesus Luzardo', 1, 23),
(852, '2022-09-21', '2022-09-21 14:49:09', 1, 1, -157, 480, 100.00, 28.22, -6.5, 8.5, 21.67, 35.47, 27.66, 'Toronto Blue Jays @ Philadelphia Phillies', 'Kevin Gausman', 2, 23),
(853, '2022-09-21', '2022-09-21 14:50:59', 1, 1, -118, 350, 100.00, 41.05, -6.5, 8.5, 23.65, 43.69, 30.97, 'St. Louis Cardinals @ San Diego Padres', 'Blake Snell', 1, 23),
(854, '2022-09-21', '2022-09-21 14:51:58', 1, 1, 108, 265, 100.00, 56.99, -6.5, 8.5, 24.53, 51.01, 32.50, 'Seattle Mariners @ Oakland Athletics', 'Robbie Ray', 2, 23),
(855, '2022-09-22', '2022-09-22 15:52:23', 1, 1, -108, 300, 100.00, 48.15, -7.5, 9.5, 23.08, 44.44, 30.00, 'Milwaukee Brewers @ Cincinnati Reds', 'Brandon Woodruff', 1, 23),
(856, '2022-09-22', '2022-09-22 15:53:50', 1, 1, -156, 470, 100.00, 28.79, -6.5, 8.5, 21.52, 35.31, 27.42, 'Houston Astros @ Baltimore Orioles', 'Justin Verlander', 1, 23),
(857, '2022-09-22', '2022-09-22 15:55:45', 1, 1, -142, 440, 100.00, 31.56, -6.5, 8.5, 22.80, 38.86, 29.54, 'Cleveland Guardians @ Chicago White Sox', 'Shane Bieber', 1, 23),
(858, '2022-09-22', '2022-09-22 15:56:39', 1, 1, -152, 470, 100.00, 29.09, -6.5, 8.5, 22.14, 36.70, 28.43, 'Arizona Diamondbacks @ Los Angeles Dodgers', 'Julio Urias', 1, 23),
(859, '2022-09-23', '2022-09-23 14:11:11', 1, 1, -110, 310, 100.00, 46.56, -7.5, 9.5, 23.23, 44.35, 30.26, 'Atlanta Braves @ Philadelphia Phillies', 'Aaron Nola', 2, 23),
(860, '2022-09-23', '2022-09-23 14:12:28', 1, 1, 114, 255, 100.00, 60.28, -7.5, 9.5, 25.10, 53.72, 33.51, 'Boston Red Sox @ New York Yankees', 'Gerrit Cole', 2, 23),
(861, '2022-09-23', '2022-09-23 14:13:52', 1, 1, -122, 350, 100.00, 40.44, -6.5, 8.5, 22.82, 41.53, 29.57, 'Detroit Tigers @ Chicago White Sox', 'Lucas Giolito', 1, 23),
(862, '2022-09-23', '2022-09-23 14:15:14', 1, 1, -137, 420, 100.00, 33.27, -7.5, 9.5, 22.96, 39.72, 29.81, 'San Francisco Giants @ Arizona Diamondbacks', 'Carlos Rodon', 1, 23),
(863, '2022-09-23', '2022-09-23 14:17:34', 1, 1, -120, 390, 100.00, 37.41, -6.5, 8.5, 25.05, 45.92, 33.42, 'St. Louis Cardinals @ Los Angeles Dodgers', 'Andrew Heaney', 1, 23),
(864, '2022-09-24', '2022-09-24 16:36:31', 1, 1, 120, 210, 100.00, 70.97, -8.5, 10.5, 22.29, 49.03, 28.68, 'New York Mets @ Oakland Athletics', 'Jacob deGrom', 1, 23),
(865, '2022-09-24', '2022-09-24 16:38:27', 1, 1, -118, 340, 100.00, 41.99, -6.5, 8.5, 23.14, 42.76, 30.11, 'Washington Nationals @ Miami Marlins', 'Sandy Alcantara', 1, 23),
(866, '2022-09-24', '2022-09-24 16:42:37', 1, 1, -102, 285, 100.00, 51.44, -7.5, 9.5, 23.53, 46.60, 30.77, 'Milwaukee Brewers @ Cincinnati Reds', 'Corbin Burnes', 2, 23),
(867, '2022-09-24', '2022-09-24 16:43:50', 1, 1, -115, 370, 100.00, 39.78, -6.5, 8.5, 25.24, 47.18, 33.75, 'Houston Astros @ Baltimore Orioles', 'Framber Valdez', 1, 23),
(868, '2022-09-24', '2022-09-24 16:48:04', 1, 1, -134, 420, 100.00, 33.58, -6.5, 8.5, 23.50, 41.04, 30.73, 'Los Angeles Angels @ Minnesota Twins', 'Joe Ryan', 1, 23),
(869, '2022-09-25', '2022-09-25 16:00:36', 1, 1, -105, 330, 100.00, 45.40, -6.5, 8.5, 25.52, 49.83, 34.27, 'Atlanta Braves @ Philadelphia Phillies', 'Charlie Morton', 1, 23),
(870, '2022-09-25', '2022-09-25 16:02:53', 1, 1, -109, 215, 100.00, 60.87, -7.5, 9.5, 16.10, 30.87, 19.19, 'Milwaukee Brewers @ Cincinnati Reds', 'Nick Lodolo', 1, 23),
(871, '2022-09-25', '2022-09-25 16:04:01', 1, 1, 120, 240, 100.00, 64.71, -7.5, 9.5, 25.13, 55.29, 33.57, 'Detroit Tigers @ Chicago White Sox', 'Dylan Cease', 1, 23),
(872, '2022-09-25', '2022-09-25 16:06:56', 1, 1, -150, 420, 100.00, 32.05, -7.5, 9.5, 20.77, 34.62, 26.21, 'New York Mets @ Oakland Athletics', 'Max Scherzer', 1, 23),
(873, '2022-09-26', '2022-09-26 14:44:16', 1, 1, -128, 390, 100.00, 36.35, -6.5, 8.5, 23.45, 41.77, 30.64, 'New York Yankees @ Toronto Blue Jays', 'Kevin Gausman', 2, 23),
(874, '2022-09-27', '2022-09-27 15:03:34', 1, 1, -122, 360, 100.00, 39.56, -6.5, 8.5, 23.31, 42.41, 30.39, 'Tampa Bay Rays @ Cleveland Guardians', 'Shane Bieber', 1, 23),
(875, '2022-09-27', '2022-09-27 15:04:27', 1, 1, -115, 330, 100.00, 43.48, -7.5, 9.5, 23.26, 43.48, 30.30, 'Cincinnati Reds @ Pittsburgh Pirates', 'Hunter Greene', 1, 23),
(876, '2022-09-27', '2022-09-27 15:06:36', 1, 1, -115, 340, 100.00, 42.49, -6.5, 8.5, 23.78, 44.47, 31.21, 'Chicago White Sox @ Minnesota Twins', 'Lance Lynn', 1, 23),
(877, '2022-09-27', '2022-09-27 15:09:48', 1, 1, -105, 320, 100.00, 46.49, -6.5, 8.5, 24.97, 48.75, 33.28, 'Arizona Diamondbacks @ Houston Astros', 'Lance McCullers', 9, 23),
(878, '2022-09-27', '2022-09-27 15:12:49', 1, 1, -140, 400, 100.00, 34.29, -7.5, 9.5, 21.67, 37.14, 27.66, 'Los Angeles Dodgers @ San Diego Padres', 'Blake Snell', 1, 23),
(879, '2022-09-27', '2022-09-27 16:36:25', 1, 1, -118, 390, 100.00, 37.70, -7.5, 9.5, 25.46, 47.04, 34.16, 'Texas Rangers @ Seattle Mariners', 'Robbie Ray', 2, 23),
(880, '2022-09-28', '2022-09-28 16:15:33', 1, 1, -148, 450, 100.00, 30.47, -6.5, 8.5, 22.14, 37.10, 28.44, 'Tampa Bay Rays @ Cleveland Guardians', 'Triston McKenzie', 1, 23),
(881, '2022-09-28', '2022-09-28 16:17:07', 1, 1, 117, 220, 100.00, 67.81, -6.5, 8.5, 22.67, 49.19, 29.31, 'New York Yankees @ Toronto Blue Jays', 'Gerrit Cole', 1, 23),
(882, '2022-09-28', '2022-09-28 16:18:22', 1, 1, -104, 300, 100.00, 49.04, -7.5, 9.5, 24.02, 47.12, 31.61, 'Philadelphia Phillies @ Chicago Cubs', 'Aaron Nola', 2, 23),
(883, '2022-09-28', '2022-09-28 16:21:55', 1, 1, 112, 285, 100.00, 55.06, -6.5, 8.5, 26.86, 56.94, 36.72, 'St. Louis Cardinals @ Milwaukee Brewers', 'Brandon Woodruff', 1, 23),
(884, '2022-09-28', '2022-09-28 16:23:02', 1, 1, 108, 280, 100.00, 54.74, -6.5, 8.5, 25.61, 53.26, 34.42, 'Arizona Diamondbacks @ Houston Astros', 'Justin Verlander', 2, 23),
(885, '2022-09-29', '2022-09-29 22:35:57', 1, 1, 116, 265, 100.00, 59.18, -7.5, 9.5, 26.31, 56.82, 35.70, 'Oakland Athletics @ Los Angeles Angels', 'Shohei Ohtani', 1, 23),
(886, '2022-09-29', '2022-09-29 22:47:48', 1, 1, -114, 340, 100.00, 42.66, -7.5, 9.5, 24.00, 45.06, 31.58, 'Colorado Rockies @ San Francisco Giants', 'Carlos Rodon', 1, 23),
(887, '2022-09-30', '2022-09-30 16:23:58', 1, 1, -146, 450, 100.00, 30.64, -6.5, 8.5, 22.47, 37.86, 28.98, 'Minnesota Twins @ Detroit Tigers', 'Joe Ryan', 2, 23),
(888, '2022-09-30', '2022-09-30 16:28:26', 1, 1, 116, 200, 100.00, 72.00, -8.5, 10.5, 20.37, 44.00, 25.58, 'New York Mets @ Atlanta Braves', 'Jacob deGrom', 1, 23),
(889, '2022-09-30', '2022-09-30 16:28:46', 1, 1, -140, 350, 100.00, 38.10, -9.5, 11.5, 19.44, 33.33, 24.14, 'New York Mets @ Atlanta Braves', 'Jacob deGrom', 2, 23),
(890, '2022-09-30', '2022-09-30 16:30:01', 1, 1, -117, 360, 100.00, 40.32, -6.5, 8.5, 24.34, 45.15, 32.18, 'Miami Marlins @ Milwaukee Brewers', 'Sandy Alcantara', 2, 23),
(891, '2022-09-30', '2022-09-30 16:33:02', 1, 1, -122, 340, 100.00, 41.36, -8.5, 10.5, 22.32, 40.61, 28.73, 'Miami Marlins @ Milwaukee Brewers', 'Corbin Burnes', 1, 23),
(892, '2022-09-30', '2022-09-30 16:34:31', 1, 1, -136, 420, 100.00, 33.37, -6.5, 8.5, 23.14, 40.16, 30.11, 'Chicago White Sox @ San Diego Padres', 'Yu Darvish', 1, 23),
(893, '2022-09-30', '2022-09-30 16:35:51', 1, 1, -135, 420, 100.00, 33.48, -6.5, 8.5, 23.32, 40.60, 30.42, 'Colorado Rockies @ Los Angeles Dodgers', 'Clayton Kershaw', 1, 23),
(894, '2022-10-01', '2022-10-01 18:20:33', 1, 1, -102, 285, 100.00, 51.44, -7.5, 9.5, 23.53, 46.60, 30.77, 'Cincinnati Reds @ Chicago Cubs', 'Nick Lodolo', 1, 23),
(895, '2022-10-01', '2022-10-01 18:22:51', 1, 1, -125, 450, 100.00, 32.73, -6.5, 8.5, 26.26, 47.27, 35.62, 'Oakland Athletics @ Seattle Mariners', 'Luis Castillo', 2, 23),
(896, '2022-10-01', '2022-10-01 18:24:31', 1, 1, -139, 400, 100.00, 34.39, -7.5, 9.5, 21.84, 37.55, 27.94, 'New York Mets @ Atlanta Braves', 'Max Scherzer', 1, 23),
(897, '2022-10-01', '2022-10-01 18:25:43', 1, 1, 108, 300, 100.00, 52.00, -6.5, 8.5, 26.92, 56.00, 36.84, 'Tampa Bay Rays @ Houston Astros', 'Cristian Javier', 2, 23),
(898, '2022-10-03', '2022-10-03 20:24:27', 1, 1, -136, 420, 100.00, 33.37, -6.5, 8.5, 23.14, 40.16, 30.11, 'Kansas City Royals @ Cleveland Guardians', 'Triston McKenzie', 1, 23),
(899, '2022-10-03', '2022-10-03 20:25:41', 1, 1, -112, 300, 100.00, 47.32, -8.5, 10.5, 22.17, 41.96, 28.48, 'Chicago Cubs @ Cincinnati Reds', 'Hunter Greene', 1, 23),
(900, '2022-10-03', '2022-10-03 20:29:28', 1, 1, -134, 390, 100.00, 35.64, -6.5, 8.5, 22.33, 38.99, 28.74, 'Atlanta Braves @ Miami Marlins', 'Jesus Luzardo', 1, 23),
(901, '2022-10-03', '2022-10-03 20:31:01', 1, 1, -102, 280, 100.00, 52.12, -8.5, 10.5, 23.19, 45.92, 30.19, 'Arizona Diamondbacks @ Milwaukee Brewers', 'Brandon Woodruff', 1, 23),
(902, '2022-10-05', '2022-10-05 15:25:08', 1, 1, -116, 340, 100.00, 42.32, -7.5, 9.5, 23.57, 43.89, 30.84, 'Los Angeles Angels @ Oakland Athletics', 'Shohei Ohtani', 0, 23);

-- --------------------------------------------------------

--
-- Table structure for table `bet_mlb`
--

CREATE TABLE `bet_mlb` (
  `mlb_id` int NOT NULL,
  `name` varchar(64) DEFAULT NULL
) ENGINE=MyISAM DEFAULT CHARSET=latin1;

--
-- Dumping data for table `bet_mlb`
--

INSERT INTO `bet_mlb` (`mlb_id`, `name`) VALUES
(1, 'Yankees'),
(2, 'Rays'),
(3, 'Blue Jays'),
(4, 'Red Sox'),
(5, 'Orioles'),
(6, 'Twins'),
(7, 'White Sox'),
(8, 'Guardians'),
(9, 'Tigers'),
(10, 'Royals'),
(11, 'Astros'),
(12, 'Angels'),
(13, 'Rangers'),
(14, 'A\'s'),
(15, 'Mariners'),
(16, 'Mets'),
(17, 'Braves'),
(18, 'Phillies'),
(19, 'Marlins'),
(20, 'Nationals'),
(21, 'Brewers'),
(22, 'Cardinals'),
(23, 'Cubs'),
(24, 'Pirates'),
(25, 'Reds'),
(26, 'Dodgers'),
(27, 'Padres'),
(28, 'Giants'),
(29, 'Diamond Backs'),
(30, 'Rockies');

-- --------------------------------------------------------

--
-- Table structure for table `bet_over`
--

CREATE TABLE `bet_over` (
  `id` int NOT NULL,
  `date` date DEFAULT NULL,
  `datetime` datetime DEFAULT NULL,
  `mlb_id` int DEFAULT NULL,
  `mlb_id2` int DEFAULT NULL,
  `book7` int DEFAULT NULL,
  `odds7` int DEFAULT NULL,
  `win_loss7` int DEFAULT NULL,
  `book8` int DEFAULT NULL,
  `odds8` int DEFAULT NULL,
  `win_loss8` int DEFAULT NULL,
  `book9` int DEFAULT NULL,
  `odds9` int DEFAULT NULL,
  `win_loss9` int DEFAULT NULL
) ENGINE=MyISAM DEFAULT CHARSET=latin1;

--
-- Dumping data for table `bet_over`
--

INSERT INTO `bet_over` (`id`, `date`, `datetime`, `mlb_id`, `mlb_id2`, `book7`, `odds7`, `win_loss7`, `book8`, `odds8`, `win_loss8`, `book9`, `odds9`, `win_loss9`) VALUES
(2, '2022-05-26', '2022-05-26 04:02:16', 25, 23, 3, -255, 1, 3, -150, 1, 3, -105, 1),
(3, '2022-05-26', '2022-05-26 04:04:24', 2, 1, 2, -175, 1, 2, 100, 1, 2, 130, 1),
(4, '2022-05-26', '2022-05-26 04:05:16', 30, 20, 3, -265, 1, 3, -155, 1, 3, -110, 1),
(5, '2022-05-26', '2022-05-26 04:05:59', 9, 8, 2, -190, 1, 3, -102, 2, 2, 120, 2),
(6, '2022-05-26', '2022-05-26 04:06:43', 17, 18, 1, -210, 2, 2, -125, 2, 2, 110, 2),
(7, '2022-05-26', '2022-05-26 04:07:28', 6, 10, 2, -200, 2, 2, -120, 2, 2, 120, 2),
(8, '2022-05-26', '2022-05-26 04:08:08', 22, 21, 2, -175, 1, 2, 100, 2, 2, 140, 2),
(9, '2022-05-26', '2022-05-26 04:08:46', 7, 4, 2, -335, 1, 2, -190, 1, 2, -140, 1),
(10, '2022-05-26', '2022-05-26 04:09:26', 12, 3, 1, -188, 1, 2, -110, 1, 1, 126, 1),
(11, '2022-05-26', '2022-05-26 04:10:13', 26, 29, 2, -350, 1, 2, -200, 1, 2, -150, 1),
(12, '2022-05-26', '2022-05-26 04:10:59', 14, 13, 1, -124, 2, 1, 136, 2, 1, 200, 2),
(13, '2022-05-27', '2022-05-27 07:34:11', 20, 30, 2, -300, 9, 1, -188, 9, 2, -135, 9),
(14, '2022-05-27', '2022-05-27 07:35:11', 4, 5, 2, -450, 1, 2, -250, 1, 2, -180, 1),
(15, '2022-05-27', '2022-05-27 07:36:12', 9, 8, 3, -155, 9, 2, 105, 9, 3, 150, 9),
(16, '2022-05-27', '2022-05-27 07:37:37', 16, 18, 2, -225, 1, 1, -136, 1, 1, 104, 1),
(17, '2022-05-27', '2022-05-27 07:38:21', 2, 1, 1, -174, 2, 1, 100, 2, 2, 140, 2),
(18, '2022-05-27', '2022-05-27 07:39:20', 17, 19, 2, -250, 1, 2, -150, 1, 2, -105, 1),
(19, '2022-05-27', '2022-05-27 07:40:13', 6, 10, 2, -200, 1, 1, -115, 1, 1, 122, 1),
(20, '2022-05-27', '2022-05-27 07:40:48', 22, 21, 3, -150, 2, 2, 110, 2, 3, 155, 2),
(21, '2022-05-27', '2022-05-27 07:41:50', 12, 3, 1, -215, 1, 1, -128, 2, 1, 116, 2),
(22, '2022-05-27', '2022-05-27 07:42:53', 14, 13, 3, -150, 1, 2, 110, 1, 1, 150, 1),
(23, '2022-05-27', '2022-05-27 07:44:14', 27, 24, 2, -150, 1, 3, 120, 2, 3, 165, 2),
(24, '2022-05-27', '2022-05-27 07:44:58', 11, 15, 2, -150, 1, 2, 110, 2, 2, 150, 2),
(25, '2022-05-27', '2022-05-27 17:13:05', 26, 29, 2, -450, 1, 1, -265, 1, 1, -186, 1),
(26, '2022-05-30', '2022-05-30 00:05:53', 9, 6, 3, -265, 1, 3, -155, 1, 3, -110, 1),
(27, '2022-05-30', '2022-05-30 00:06:54', 27, 22, 3, -265, 1, 3, -155, 1, 1, -105, 1),
(28, '2022-05-30', '2022-05-30 00:07:57', 14, 11, 1, -146, 2, 1, 120, 2, 1, 164, 2),
(29, '2022-05-30', '2022-05-30 00:08:52', 30, 19, 3, -525, 1, 3, -300, 1, 3, -210, 2),
(30, '2022-05-30', '2022-05-30 00:10:01', 8, 10, 3, -330, 1, 3, -195, 1, 2, -145, 1),
(31, '2022-05-30', '2022-05-30 00:10:49', 4, 5, 2, -500, 1, 2, -285, 1, 2, -200, 1),
(32, '2022-05-30', '2022-05-30 00:11:30', 16, 20, 3, -265, 1, 3, -155, 1, 1, -110, 1),
(33, '2022-05-30', '2022-05-30 00:12:42', 29, 17, 2, -250, 1, 3, -155, 1, 3, -110, 2),
(34, '2022-05-30', '2022-05-30 00:13:23', 26, 24, 2, -225, 2, 3, -135, 2, 2, 100, 2),
(35, '2022-05-30', '2022-05-30 04:32:10', 28, 18, 2, -275, 1, 2, -165, 1, 2, -115, 1),
(36, '2022-05-30', '2022-05-30 04:32:51', 13, 2, 2, -250, 1, 2, -145, 1, 2, -105, 1),
(37, '2022-05-31', '2022-05-31 03:37:50', 9, 6, 2, -285, 1, 2, -175, 1, 2, -110, 1),
(38, '2022-05-31', '2022-05-31 03:38:35', 8, 10, 2, -400, 1, 2, -250, 1, 2, -175, 1),
(39, '2022-05-31', '2022-05-31 03:39:18', 28, 18, 2, -350, 1, 2, -225, 1, 2, -155, 1),
(40, '2022-05-31', '2022-05-31 03:39:59', 12, 1, 2, -285, 1, 2, -165, 1, 6, -120, 1),
(41, '2022-05-31', '2022-05-31 03:40:36', 3, 7, 2, -200, 1, 1, -114, 1, 2, 115, 1),
(42, '2022-05-31', '2022-05-31 03:41:24', 4, 25, 2, -285, 2, 2, -175, 2, 2, -120, 2),
(43, '2022-05-31', '2022-05-31 03:41:57', 16, 20, 2, -350, 1, 2, -225, 1, 2, -155, 1),
(44, '2022-05-31', '2022-05-31 03:42:31', 27, 22, 1, -265, 2, 1, -160, 2, 1, -110, 2),
(45, '2022-05-31', '2022-05-31 03:43:58', 17, 29, 2, -335, 1, 2, -190, 1, 2, -140, 1),
(46, '2022-05-31', '2022-05-31 03:44:30', 14, 11, 2, -165, 2, 2, 105, 2, 2, 145, 2),
(47, '2022-05-31', '2022-05-31 14:37:51', 23, 21, 3, -435, 1, 3, -245, 1, 3, -165, 1),
(48, '2022-05-31', '2022-05-31 14:39:03', 30, 19, 2, -500, 9, 2, -285, 9, 2, -200, 9),
(49, '2022-05-31', '2022-05-31 15:19:09', 26, 24, 1, -250, 1, 1, -148, 1, 1, -102, 2),
(50, '2022-06-01', '2022-06-01 17:19:50', 30, 19, 2, -650, 1, 2, -350, 1, 2, -250, 1),
(51, '2022-06-01', '2022-06-01 17:20:23', 14, 11, 3, -170, 1, 3, 100, 1, 3, 135, 1),
(52, '2022-06-01', '2022-06-01 17:21:03', 29, 17, 3, -280, 2, 3, -160, 2, 1, -110, 2),
(53, '2022-06-01', '2022-06-01 17:33:08', 28, 18, 2, -200, 1, 2, -125, 1, 2, 110, 1),
(54, '2022-06-01', '2022-06-01 17:33:49', 30, 19, 2, -600, 1, 2, -335, 1, 1, -235, 1),
(55, '2022-06-01', '2022-06-01 17:34:53', 5, 15, 2, -285, 1, 3, -165, 1, 3, -120, 1),
(56, '2022-06-01', '2022-06-01 17:35:22', 12, 1, 1, -210, 9, 1, -118, 9, 1, 122, 9),
(57, '2022-06-01', '2022-06-01 17:35:58', 3, 7, 3, -265, 1, 3, -155, 1, 3, -110, 1),
(58, '2022-06-01', '2022-06-01 17:36:40', 4, 25, 2, -275, 1, 2, -165, 1, 3, -115, 2),
(59, '2022-06-01', '2022-06-01 17:37:16', 9, 6, 3, -165, 2, 2, 100, 2, 3, 140, 2),
(60, '2022-06-01', '2022-06-01 17:37:52', 23, 21, 2, -225, 1, 3, -140, 2, 2, 100, 2),
(61, '2022-06-01', '2022-06-01 17:38:22', 13, 2, 3, -160, 1, 3, 105, 2, 3, 145, 2),
(62, '2022-06-02', '2022-06-02 05:31:47', 12, 1, 2, -190, 1, 2, -110, 2, 2, 120, 2),
(63, '2022-06-02', '2022-06-02 05:32:39', 9, 6, 2, -250, 2, 1, -142, 2, 1, 100, 2),
(64, '2022-06-02', '2022-06-02 05:40:10', 13, 2, 2, -250, 2, 3, -150, 2, 1, -105, 2),
(65, '2022-06-02', '2022-06-02 05:44:37', 3, 7, 2, -250, 1, 3, -145, 1, 1, 100, 1),
(66, '2022-06-02', '2022-06-02 05:46:28', 25, 20, 2, -400, 1, 3, -235, 1, 3, -165, 1),
(67, '2022-06-02', '2022-06-02 05:47:09', 19, 28, 2, -155, 2, 2, 105, 2, 2, 145, 2),
(68, '2022-06-02', '2022-06-02 05:47:52', 5, 15, 2, -300, 1, 3, -175, 1, 1, -122, 1),
(69, '2022-06-02', '2022-06-02 05:49:02', 21, 27, 2, -225, 1, 3, -135, 1, 2, 100, 1),
(70, '2022-06-02', '2022-06-02 05:50:28', 30, 17, 2, -700, 1, 2, -400, 1, 3, -290, 1),
(71, '2022-06-02', '2022-06-02 05:52:00', 26, 16, 2, -275, 2, 1, -162, 2, 1, -110, 2),
(72, '2022-06-02', '2022-06-02 14:15:54', 1, 12, 2, -250, 2, 3, -155, 2, 1, -110, 2),
(73, '2022-06-02', '2022-06-02 14:16:31', 23, 22, 3, -235, 1, 1, -142, 1, 1, 100, 1),
(74, '2022-06-03', '2022-06-03 05:30:04', 23, 22, 2, -200, 1, 2, -105, 1, 2, 115, 1),
(75, '2022-06-03', '2022-06-03 05:34:00', 25, 20, 2, -400, 1, 3, -245, 1, 3, -170, 1),
(76, '2022-06-03', '2022-06-03 05:34:41', 19, 28, 3, -195, 1, 3, -120, 1, 2, 115, 1),
(77, '2022-06-03', '2022-06-03 05:35:28', 5, 8, 2, -275, 1, 2, -165, 1, 1, -112, 1),
(78, '2022-06-03', '2022-06-03 05:36:03', 1, 9, 2, -225, 1, 2, -140, 1, 2, 105, 1),
(79, '2022-06-03', '2022-06-03 05:36:46', 24, 29, 2, -190, 1, 6, -105, 1, 2, 125, 1),
(80, '2022-06-03', '2022-06-03 05:37:45', 2, 7, 2, -155, 1, 1, 108, 1, 1, 152, 1),
(81, '2022-06-03', '2022-06-03 05:38:36', 10, 11, 2, -275, 1, 3, -160, 1, 3, -115, 1),
(82, '2022-06-03', '2022-06-03 05:39:13', 21, 27, 6, -115, 1, 2, 140, 2, 1, 196, 2),
(83, '2022-06-03', '2022-06-03 05:39:55', 30, 17, 2, -800, 2, 3, -450, 2, 2, -300, 2),
(84, '2022-06-03', '2022-06-03 05:40:35', 14, 4, 2, -155, 1, 2, 105, 1, 3, 145, 1),
(85, '2022-06-03', '2022-06-03 05:41:15', 26, 16, 2, -250, 1, 3, -155, 2, 6, -110, 2),
(86, '2022-06-03', '2022-06-03 15:44:15', 3, 6, 2, -350, 1, 3, -220, 1, 3, -150, 1),
(87, '2022-06-03', '2022-06-03 15:45:06', 13, 15, 3, -210, 1, 1, -128, 2, 1, 114, 2),
(88, '2022-06-04', '2022-06-04 06:21:15', 1, 9, 3, -255, 2, 3, -150, 2, 3, -105, 2),
(89, '2022-06-04', '2022-06-04 06:22:06', 3, 6, 2, -335, 1, 2, -200, 1, 2, -145, 1),
(90, '2022-06-04', '2022-06-04 06:22:44', 5, 8, 3, -220, 1, 2, -135, 1, 1, 106, 1),
(91, '2022-06-04', '2022-06-04 06:23:22', 24, 29, 2, -250, 2, 3, -155, 2, 6, -105, 2),
(92, '2022-06-04', '2022-06-04 06:24:04', 13, 15, 2, -300, 2, 2, -180, 2, 1, -130, 2),
(93, '2022-06-04', '2022-06-04 06:24:45', 14, 4, 3, -165, 1, 3, 100, 1, 3, 140, 2),
(94, '2022-06-04', '2022-06-04 06:25:23', 25, 20, 2, -400, 1, 2, -250, 1, 3, -175, 1),
(95, '2022-06-04', '2022-06-04 06:26:12', 19, 28, 6, -120, 1, 1, 132, 1, 1, 186, 1),
(96, '2022-06-04', '2022-06-04 06:26:46', 21, 27, 3, -175, 2, 2, -105, 2, 3, 130, 2),
(97, '2022-06-04', '2022-06-04 06:27:19', 2, 7, 1, -136, 2, 1, 126, 2, 1, 180, 2),
(98, '2022-06-04', '2022-06-04 16:36:42', 23, 22, 2, -285, 1, 3, -170, 2, 1, -122, 2),
(99, '2022-06-04', '2022-06-04 16:37:38', 10, 11, 2, -400, 2, 3, -225, 2, 3, -165, 2),
(100, '2022-06-04', '2022-06-04 16:40:00', 18, 12, 2, -225, 1, 2, -140, 1, 1, 100, 1),
(101, '2022-06-04', '2022-06-04 16:41:06', 30, 17, 2, -800, 1, 2, -450, 1, 2, -335, 2),
(102, '2022-06-05', '2022-06-05 04:55:53', 1, 9, 3, -255, 1, 3, -150, 1, 3, -105, 1),
(103, '2022-06-05', '2022-06-05 04:57:08', 18, 12, 3, -265, 1, 3, -155, 1, 1, -115, 1),
(104, '2022-06-05', '2022-06-05 04:57:45', 24, 29, 3, -185, 2, 3, -110, 2, 3, 120, 2),
(105, '2022-06-05', '2022-06-05 04:58:23', 3, 6, 2, -225, 1, 3, -140, 1, 2, 100, 1),
(106, '2022-06-05', '2022-06-05 04:58:58', 25, 20, 2, -335, 1, 2, -200, 1, 1, -142, 1),
(107, '2022-06-05', '2022-06-05 04:59:36', 10, 11, 2, -350, 1, 2, -200, 1, 2, -150, 1),
(108, '2022-06-05', '2022-06-05 05:00:10', 21, 27, 1, -174, 1, 1, -102, 1, 1, 140, 1),
(109, '2022-06-05', '2022-06-05 05:00:47', 13, 15, 3, -225, 1, 2, -135, 1, 2, 105, 1),
(110, '2022-06-05', '2022-06-05 05:01:25', 30, 17, 2, -1000, 1, 2, -550, 1, 2, -400, 1),
(111, '2022-06-05', '2022-06-05 05:02:05', 14, 4, 3, -170, 1, 1, 100, 2, 2, 140, 2),
(112, '2022-06-05', '2022-06-05 05:02:41', 26, 16, 3, -280, 1, 3, -165, 1, 1, -118, 1),
(113, '2022-06-05', '2022-06-05 15:55:54', 5, 8, 3, -280, 2, 3, -160, 2, 3, -120, 2),
(115, '2022-06-06', '2022-06-06 05:24:21', 25, 29, 2, -450, 1, 2, -250, 2, 3, -175, 2),
(116, '2022-06-06', '2022-06-06 05:25:06', 13, 8, 2, -275, 9, 2, -165, 9, 2, -120, 9),
(117, '2022-06-06', '2022-06-06 05:25:38', 15, 11, 3, -235, 1, 3, -140, 1, 1, 102, 1),
(118, '2022-06-06', '2022-06-06 05:26:23', 10, 3, 2, -400, 1, 2, -225, 1, 2, -165, 2),
(119, '2022-06-06', '2022-06-06 05:27:04', 12, 4, 1, -295, 2, 3, -175, 2, 1, -120, 2),
(120, '2022-06-06', '2022-06-06 05:27:38', 16, 27, 3, -175, 1, 1, -105, 1, 1, 134, 1),
(121, '2022-06-07', '2022-06-07 05:30:09', 8, 13, 2, -225, 1, 2, -140, 1, 2, 100, 1),
(122, '2022-06-07', '2022-06-07 05:30:51', 25, 29, 2, -500, 1, 2, -275, 1, 2, -200, 1),
(123, '2022-06-07', '2022-06-07 05:31:41', 19, 20, 3, -245, 1, 3, -145, 1, 6, 100, 1),
(124, '2022-06-07', '2022-06-07 05:32:55', 5, 23, 3, -330, 1, 1, -188, 1, 1, -132, 1),
(125, '2022-06-07', '2022-06-07 05:33:32', 24, 9, 2, -140, 1, 3, -155, 1, 1, 176, 2),
(126, '2022-06-07', '2022-06-07 05:35:01', 2, 22, 2, -200, 2, 6, -110, 2, 2, 115, 2),
(127, '2022-06-07', '2022-06-07 05:35:37', 14, 17, 2, -250, 2, 2, -145, 2, 2, 100, 2),
(128, '2022-06-07', '2022-06-07 05:36:19', 7, 26, 3, -245, 2, 3, -145, 2, 3, 100, 2),
(129, '2022-06-07', '2022-06-07 05:37:00', 11, 15, 2, -200, 2, 3, -120, 2, 2, 115, 2),
(130, '2022-06-07', '2022-06-07 05:37:39', 3, 10, 2, -250, 1, 3, -155, 2, 2, -110, 2),
(131, '2022-06-07', '2022-06-07 05:38:46', 21, 18, 3, -265, 2, 1, -150, 2, 1, -104, 2),
(132, '2022-06-07', '2022-06-07 05:40:12', 27, 16, 1, -178, 1, 1, -102, 2, 1, 134, 2),
(133, '2022-06-07', '2022-06-07 05:41:09', 30, 28, 2, -190, 1, 2, -110, 1, 2, 125, 2),
(134, '2022-06-07', '2022-06-07 17:29:18', 12, 4, 2, -300, 1, 2, -180, 1, 6, -120, 1),
(135, '2022-06-07', '2022-06-07 17:30:08', 6, 1, 2, -275, 1, 3, -165, 1, 6, -105, 1),
(136, '2022-06-08', '2022-06-08 17:27:33', 10, 3, 2, -285, 1, 3, -170, 1, 1, -120, 1),
(137, '2022-06-08', '2022-06-08 17:28:14', 25, 29, 2, -450, 1, 2, -250, 2, 1, -186, 2),
(138, '2022-06-08', '2022-06-08 17:28:50', 11, 15, 3, -245, 1, 3, -145, 1, 1, -102, 1),
(139, '2022-06-08', '2022-06-08 17:29:27', 19, 20, 3, -175, 2, 3, -105, 2, 3, 130, 2),
(140, '2022-06-08', '2022-06-08 17:30:04', 5, 23, 2, -275, 9, 3, -160, 9, 3, -115, 9),
(141, '2022-06-08', '2022-06-08 17:30:41', 8, 13, 1, -156, 2, 3, 105, 2, 3, 145, 2),
(142, '2022-06-08', '2022-06-08 17:31:15', 2, 22, 2, -200, 1, 3, -115, 1, 1, 116, 1),
(143, '2022-06-08', '2022-06-08 17:31:46', 14, 17, 2, -350, 1, 3, -210, 1, 3, -145, 1),
(144, '2022-06-08', '2022-06-08 17:32:27', 6, 1, 2, -350, 1, 3, -195, 1, 3, -140, 1),
(145, '2022-06-08', '2022-06-08 17:33:00', 7, 26, 2, -275, 2, 3, -160, 2, 1, -114, 2),
(146, '2022-06-08', '2022-06-08 17:33:33', 21, 18, 3, -220, 1, 1, -136, 1, 1, 108, 1),
(147, '2022-06-08', '2022-06-08 17:34:06', 12, 4, 2, -250, 2, 3, -150, 2, 1, -105, 2),
(148, '2022-06-08', '2022-06-08 17:34:42', 27, 16, 2, -145, 1, 2, 115, 1, 3, 160, 1),
(149, '2022-06-08', '2022-06-08 17:35:17', 28, 30, 2, -300, 2, 3, -170, 2, 1, -128, 2),
(150, '2022-06-10', '2022-06-10 17:11:07', 1, 23, 2, -285, 2, 3, -170, 2, 1, -114, 2),
(151, '2022-06-10', '2022-06-10 17:11:46', 18, 29, 3, -265, 1, 3, -150, 1, 6, -105, 1),
(152, '2022-06-10', '2022-06-10 17:12:23', 20, 21, 2, -250, 1, 3, -145, 1, 3, 100, 1),
(153, '2022-06-10', '2022-06-10 17:12:57', 14, 8, 2, -200, 2, 2, -125, 2, 1, 110, 2),
(154, '2022-06-10', '2022-06-10 17:13:27', 9, 3, 3, -290, 1, 3, -175, 1, 1, -130, 1),
(155, '2022-06-10', '2022-06-10 17:14:00', 17, 24, 3, -220, 2, 3, -135, 2, 2, 100, 2),
(156, '2022-06-10', '2022-06-10 17:14:33', 7, 13, 3, -315, 1, 3, -175, 1, 1, -138, 1),
(157, '2022-06-10', '2022-06-10 17:15:16', 11, 19, 3, -185, 1, 6, -105, 1, 3, 125, 1),
(158, '2022-06-10', '2022-06-10 17:16:02', 10, 5, 3, -350, 1, 3, -200, 1, 3, -145, 1),
(159, '2022-06-10', '2022-06-10 17:16:37', 6, 2, 2, -350, 1, 3, -200, 1, 3, -145, 1),
(160, '2022-06-10', '2022-06-10 17:17:14', 22, 25, 3, -210, 2, 1, -128, 2, 1, 114, 2),
(161, '2022-06-10', '2022-06-10 17:17:51', 12, 16, 2, -250, 1, 3, -145, 1, 3, 100, 1),
(162, '2022-06-10', '2022-06-10 17:18:23', 27, 30, 1, -172, 1, 1, 100, 1, 1, 142, 1),
(163, '2022-06-10', '2022-06-10 17:18:58', 15, 4, 2, -285, 1, 3, -165, 2, 3, -120, 2),
(164, '2022-06-10', '2022-06-10 17:19:26', 28, 26, 2, -300, 1, 3, -170, 1, 1, -122, 1),
(165, '2022-06-11', '2022-06-11 06:08:37', 13, 7, 3, -210, 1, 2, -140, 1, 3, 105, 1),
(166, '2022-06-11', '2022-06-11 06:09:06', 22, 25, 3, -220, 1, 3, -135, 1, 1, 100, 1),
(167, '2022-06-11', '2022-06-11 06:09:35', 18, 29, 3, -280, 2, 2, -165, 2, 1, -115, 2),
(168, '2022-06-11', '2022-06-11 06:10:02', 20, 21, 2, -300, 1, 3, -175, 1, 2, -135, 1),
(169, '2022-06-11', '2022-06-11 06:10:37', 17, 24, 3, -280, 1, 3, -165, 1, 3, -115, 1),
(170, '2022-06-11', '2022-06-11 06:11:06', 14, 8, 3, -210, 1, 6, -120, 1, 1, 112, 1),
(171, '2022-06-11', '2022-06-11 06:11:33', 9, 3, 3, -245, 2, 3, -140, 2, 1, -104, 2),
(172, '2022-06-11', '2022-06-11 06:12:04', 11, 19, 3, -245, 2, 2, -145, 2, 6, 100, 2),
(173, '2022-06-11', '2022-06-11 06:12:36', 10, 5, 2, -400, 1, 3, -225, 1, 3, -160, 1),
(174, '2022-06-11', '2022-06-11 06:13:08', 27, 30, 2, -225, 1, 2, -135, 1, 2, 105, 2),
(175, '2022-06-11', '2022-06-11 06:13:37', 1, 23, 2, -300, 1, 3, -175, 1, 2, -135, 2),
(176, '2022-06-11', '2022-06-11 06:14:02', 12, 16, 1, -265, 1, 1, -158, 1, 1, -110, 1),
(177, '2022-06-11', '2022-06-11 06:14:40', 27, 30, 2, -175, 2, 6, 105, 2, 2, 140, 2),
(178, '2022-06-11', '2022-06-11 06:15:10', 15, 4, 3, -245, 1, 3, -140, 1, 1, -104, 1),
(179, '2022-06-11', '2022-06-11 14:59:08', 6, 2, 2, -275, 1, 2, -165, 1, 6, -110, 1),
(180, '2022-06-11', '2022-06-11 14:59:43', 26, 28, 2, -250, 2, 3, -150, 2, 6, -105, 2),
(181, '2022-06-12', '2022-06-12 16:04:33', 17, 24, 2, -335, 1, 2, -190, 1, 2, -140, 2),
(182, '2022-06-12', '2022-06-12 16:05:06', 1, 23, 3, -265, 1, 3, -150, 1, 6, -110, 1),
(183, '2022-06-12', '2022-06-12 16:05:41', 18, 29, 2, -400, 1, 2, -225, 1, 3, -165, 1),
(184, '2022-06-12', '2022-06-12 16:06:08', 20, 21, 2, -400, 2, 3, -235, 2, 3, -165, 2),
(185, '2022-06-12', '2022-06-12 16:06:38', 9, 3, 2, -250, 2, 3, -150, 2, 1, -104, 2),
(186, '2022-06-12', '2022-06-12 16:07:08', 7, 13, 2, -200, 1, 1, -125, 1, 2, 115, 1),
(187, '2022-06-12', '2022-06-12 16:07:36', 11, 19, 2, -200, 1, 1, -115, 1, 1, 120, 1),
(188, '2022-06-12', '2022-06-12 16:08:08', 10, 5, 2, -450, 1, 2, -275, 1, 3, -175, 1),
(189, '2022-06-12', '2022-06-12 16:08:37', 6, 2, 3, -280, 2, 3, -160, 2, 3, -115, 2),
(190, '2022-06-12', '2022-06-12 16:09:12', 22, 25, 3, -220, 1, 2, -135, 1, 3, 105, 1),
(191, '2022-06-12', '2022-06-12 16:09:40', 28, 26, 1, -220, 2, 1, -130, 2, 1, 110, 2),
(192, '2022-06-12', '2022-06-12 16:10:13', 27, 30, 1, -200, 2, 1, -114, 2, 1, 120, 2),
(193, '2022-06-12', '2022-06-12 16:10:47', 15, 4, 2, -250, 2, 3, -155, 2, 6, -105, 2),
(194, '2022-06-12', '2022-06-12 16:11:20', 12, 16, 3, -330, 2, 3, -195, 2, 3, -145, 2),
(195, '2022-06-13', '2022-06-13 07:39:04', 18, 19, 2, -190, 2, 6, -105, 2, 2, 125, 2),
(196, '2022-06-13', '2022-06-13 07:39:34', 20, 17, 3, -385, 1, 3, -220, 1, 3, -155, 1),
(197, '2022-06-13', '2022-06-13 07:40:03', 3, 5, 3, -265, 1, 3, -155, 1, 1, -110, 1),
(198, '2022-06-13', '2022-06-13 07:40:34', 9, 7, 3, -235, 1, 1, -140, 1, 1, 102, 1),
(199, '2022-06-13', '2022-06-13 07:41:04', 22, 24, 2, -350, 1, 2, -200, 1, 1, -150, 1),
(200, '2022-06-13', '2022-06-13 07:41:32', 23, 27, 2, -275, 2, 2, -165, 2, 1, -115, 2),
(201, '2022-06-13', '2022-06-13 07:42:03', 13, 11, 3, -300, 1, 3, -170, 1, 3, -120, 2),
(202, '2022-06-13', '2022-06-13 07:42:38', 29, 25, 1, -330, 1, 3, -185, 1, 1, -132, 1),
(203, '2022-06-13', '2022-06-13 07:43:09', 28, 10, 2, -250, 1, 2, -145, 1, 2, 100, 2),
(204, '2022-06-13', '2022-06-13 07:43:45', 15, 6, 3, -290, 2, 3, -165, 2, 6, -120, 2),
(205, '2022-06-14', '2022-06-14 15:23:42', 22, 24, 2, -350, 2, 2, -200, 2, 1, -148, 2),
(206, '2022-06-14', '2022-06-14 15:24:10', 1, 2, 1, -192, 2, 1, -110, 2, 1, 124, 2),
(207, '2022-06-14', '2022-06-14 15:24:40', 18, 19, 1, -265, 1, 1, -154, 1, 1, -104, 1),
(208, '2022-06-14', '2022-06-14 15:25:07', 20, 17, 2, -300, 1, 1, -184, 1, 1, -122, 1),
(209, '2022-06-14', '2022-06-14 15:25:41', 3, 5, 3, -330, 1, 3, -195, 1, 3, -140, 1),
(210, '2022-06-14', '2022-06-14 15:26:08', 14, 4, 2, -400, 1, 1, -225, 2, 1, -162, 2),
(211, '2022-06-14', '2022-06-14 15:26:38', 9, 7, 3, -185, 2, 6, -105, 2, 1, 126, 2),
(212, '2022-06-14', '2022-06-14 15:27:16', 16, 21, 2, -200, 2, 2, -125, 2, 1, 112, 2),
(213, '2022-06-14', '2022-06-14 15:27:54', 22, 24, 3, -330, 1, 3, -185, 1, 2, -145, 1),
(214, '2022-06-14', '2022-06-14 15:28:27', 23, 27, 2, -600, 1, 2, -350, 1, 1, -250, 1),
(215, '2022-06-14', '2022-06-14 15:30:34', 13, 11, 2, -285, 1, 3, -170, 2, 6, -115, 2),
(216, '2022-06-14', '2022-06-14 15:31:13', 30, 8, 2, -700, 1, 3, -400, 2, 3, -280, 2),
(217, '2022-06-14', '2022-06-14 15:31:44', 29, 25, 1, -295, 1, 1, -174, 1, 1, -120, 2),
(218, '2022-06-14', '2022-06-14 15:40:23', 28, 10, 2, -225, 2, 3, -140, 2, 1, 102, 2),
(219, '2022-06-14', '2022-06-14 15:40:58', 26, 12, 3, -265, 2, 3, -155, 2, 3, -110, 2),
(220, '2022-06-14', '2022-06-14 15:41:35', 15, 6, 3, -150, 2, 1, 112, 2, 1, 158, 2),
(221, '2022-06-15', '2022-06-15 16:10:17', 18, 19, 2, -400, 2, 2, -225, 2, 3, -160, 2),
(222, '2022-06-15', '2022-06-15 16:10:46', 9, 7, 2, -285, 1, 1, -174, 1, 1, -118, 1),
(223, '2022-06-15', '2022-06-15 16:11:31', 13, 11, 3, -290, 1, 3, -165, 1, 3, -120, 1),
(224, '2022-06-15', '2022-06-15 16:12:00', 29, 25, 3, -175, 1, 6, -105, 1, 1, 130, 1),
(225, '2022-06-15', '2022-06-15 16:13:31', 28, 10, 2, -300, 2, 3, -175, 2, 1, -132, 2),
(226, '2022-06-15', '2022-06-15 16:14:01', 15, 6, 2, -200, 2, 3, -120, 2, 1, 118, 2),
(227, '2022-06-15', '2022-06-15 16:14:38', 1, 2, 1, -120, 1, 1, 136, 2, 1, 196, 2),
(228, '2022-06-15', '2022-06-15 16:15:17', 20, 17, 2, -350, 1, 2, -200, 1, 2, -150, 1),
(229, '2022-06-15', '2022-06-15 16:15:48', 3, 5, 2, -400, 1, 2, -225, 1, 1, -160, 1),
(230, '2022-06-15', '2022-06-15 16:16:38', 14, 4, 3, -435, 1, 2, -250, 1, 3, -175, 1),
(231, '2022-06-15', '2022-06-15 16:17:07', 16, 21, 3, -195, 1, 6, -105, 1, 2, 120, 1),
(232, '2022-06-15', '2022-06-15 16:17:39', 22, 24, 2, -285, 1, 3, -165, 1, 3, -115, 1),
(233, '2022-06-15', '2022-06-15 16:18:10', 23, 27, 2, -1000, 1, 2, -550, 1, 3, -385, 1),
(234, '2022-06-15', '2022-06-15 16:18:44', 30, 8, 2, -1000, 1, 2, -600, 1, 2, -400, 1),
(235, '2022-06-16', '2022-06-16 15:42:14', 14, 4, 2, -450, 1, 3, -255, 2, 3, -185, 2),
(236, '2022-06-16', '2022-06-16 15:42:42', 23, 27, 2, -675, 1, 3, -390, 1, 1, -265, 1),
(237, '2022-06-16', '2022-06-16 15:43:14', 3, 5, 3, -270, 1, 3, -160, 1, 6, -105, 1),
(238, '2022-06-16', '2022-06-16 15:43:44', 30, 8, 2, -900, 2, 3, -475, 2, 3, -320, 2),
(239, '2022-06-16', '2022-06-16 15:44:13', 1, 2, 3, -205, 2, 1, -115, 2, 1, 118, 2),
(240, '2022-06-16', '2022-06-16 15:44:42', 20, 18, 3, -325, 1, 3, -195, 1, 3, -145, 1),
(241, '2022-06-16', '2022-06-16 15:45:14', 9, 13, 3, -255, 2, 3, -155, 2, 6, -105, 2),
(242, '2022-06-16', '2022-06-16 15:45:45', 16, 21, 2, -225, 1, 1, -142, 1, 1, 102, 1),
(243, '2022-06-16', '2022-06-16 15:46:16', 15, 12, 2, -155, 2, 1, 108, 2, 1, 150, 2),
(244, '2022-06-17', '2022-06-17 16:43:50', 20, 18, 2, -700, 1, 2, -400, 1, 3, -290, 2),
(245, '2022-06-17', '2022-06-17 16:44:19', 23, 17, 2, -250, 2, 3, -150, 2, 6, -105, 2),
(246, '2022-06-17', '2022-06-17 16:44:46', 5, 2, 3, -270, 2, 3, -160, 2, 3, -115, 2),
(247, '2022-06-17', '2022-06-17 16:45:14', 25, 21, 2, -400, 1, 3, -235, 1, 2, -175, 1),
(248, '2022-06-17', '2022-06-17 16:45:41', 24, 28, 3, -215, 2, 1, -138, 2, 1, 106, 2),
(249, '2022-06-17', '2022-06-17 16:46:14', 20, 18, 2, -550, 1, 3, -320, 1, 1, -220, 1),
(250, '2022-06-17', '2022-06-17 16:46:46', 3, 1, 2, -350, 1, 1, -215, 1, 1, -150, 1),
(251, '2022-06-17', '2022-06-17 16:47:15', 4, 22, 3, -540, 1, 2, -300, 1, 3, -220, 1),
(252, '2022-06-17', '2022-06-17 16:47:41', 9, 13, 3, -215, 1, 1, -130, 2, 1, 110, 2),
(253, '2022-06-17', '2022-06-17 16:48:06', 16, 19, 1, -260, 1, 1, -154, 1, 1, -104, 1),
(254, '2022-06-17', '2022-06-17 16:48:35', 11, 7, 3, -215, 1, 2, -125, 1, 1, 112, 1),
(255, '2022-06-17', '2022-06-17 16:49:10', 30, 27, 2, -1400, 1, 2, -700, 1, 2, -500, 1),
(256, '2022-06-17', '2022-06-17 16:49:40', 29, 6, 2, -350, 1, 2, -200, 1, 2, -150, 1),
(257, '2022-06-17', '2022-06-17 16:50:07', 14, 10, 2, -140, 2, 1, 122, 2, 1, 176, 2),
(258, '2022-06-17', '2022-06-17 16:50:41', 26, 8, 3, -210, 2, 1, -140, 2, 2, 105, 2),
(259, '2022-06-17', '2022-06-17 16:53:15', 12, 15, 3, -195, 1, 2, -110, 1, 3, 120, 1),
(260, '2022-06-19', '2022-06-19 16:50:29', 5, 2, 3, -240, 2, 3, -145, 2, 3, 100, 2),
(261, '2022-06-19', '2022-06-19 16:51:04', 4, 22, 3, -325, 1, 3, -190, 1, 2, -145, 1),
(262, '2022-06-19', '2022-06-19 16:51:29', 24, 28, 3, -270, 1, 3, -160, 2, 1, -114, 2),
(263, '2022-06-19', '2022-06-19 16:51:56', 3, 1, 2, -300, 1, 3, -185, 1, 1, -136, 1),
(264, '2022-06-19', '2022-06-19 16:52:23', 25, 21, 2, -400, 1, 3, -230, 1, 1, -172, 1),
(265, '2022-06-19', '2022-06-19 16:52:54', 9, 13, 2, -250, 1, 3, -155, 1, 6, -105, 1),
(266, '2022-06-19', '2022-06-19 16:53:23', 16, 19, 3, -110, 1, 2, 150, 1, 1, 215, 2),
(267, '2022-06-19', '2022-06-19 16:53:58', 23, 17, 3, -305, 2, 3, -185, 2, 1, -138, 2),
(268, '2022-06-19', '2022-06-19 16:54:30', 30, 27, 2, -1400, 1, 2, -700, 1, 3, -425, 1),
(269, '2022-06-19', '2022-06-19 16:54:57', 14, 10, 3, -220, 2, 2, -135, 2, 2, 105, 2),
(270, '2022-06-19', '2022-06-19 16:55:23', 29, 6, 3, -305, 1, 3, -180, 1, 2, -140, 2),
(271, '2022-06-19', '2022-06-19 16:55:50', 26, 8, 3, -195, 1, 1, -114, 1, 1, 122, 2),
(272, '2022-06-19', '2022-06-19 16:56:15', 15, 12, 2, -190, 2, 1, -108, 2, 1, 130, 2),
(273, '2022-06-19', '2022-06-19 16:56:56', 11, 7, 3, -160, 1, 3, 105, 2, 1, 142, 2),
(275, '2022-06-20', '2022-06-20 16:10:01', 16, 19, 1, -225, 2, 1, -145, 2, 1, -105, 2),
(276, '2022-06-20', '2022-06-20 16:10:32', 24, 23, 1, -200, 1, 1, -135, 1, 1, 105, 1),
(277, '2022-06-20', '2022-06-20 16:11:04', 4, 9, 1, -350, 1, 1, -200, 2, 1, -150, 2),
(278, '2022-06-20', '2022-06-20 16:11:30', 2, 1, 1, -104, 2, 1, 162, 2, 1, 230, 2),
(279, '2022-06-20', '2022-06-20 16:11:57', 17, 28, 1, -200, 2, 1, -125, 2, 1, 110, 2),
(280, '2022-06-20', '2022-06-20 16:12:28', 7, 3, 1, -275, 1, 1, -180, 1, 1, -130, 1),
(281, '2022-06-20', '2022-06-20 16:12:52', 21, 22, 1, -186, 2, 1, -114, 2, 1, 125, 2),
(282, '2022-06-20', '2022-06-20 16:13:21', 12, 10, 1, -275, 1, 1, -165, 1, 1, -125, 2),
(283, '2022-06-20', '2022-06-20 16:13:49', 27, 29, 1, -150, 2, 1, 107, 2, 1, 155, 2),
(284, '2022-06-21', '2022-06-21 17:26:35', 25, 26, 1, -350, 1, 1, -195, 1, 1, -148, 1),
(285, '2022-06-21', '2022-06-21 17:27:08', 19, 30, 1, -190, 1, 1, -115, 1, 1, 122, 1),
(286, '2022-06-21', '2022-06-21 17:27:37', 5, 20, 1, -350, 2, 1, -225, 2, 1, -165, 2),
(287, '2022-06-21', '2022-06-21 17:28:31', 24, 23, 1, -275, 1, 1, -175, 1, 1, -130, 2),
(288, '2022-06-21', '2022-06-21 17:29:08', 4, 9, 1, -350, 1, 1, -200, 1, 1, -150, 1),
(289, '2022-06-21', '2022-06-21 17:29:39', 2, 1, 1, -145, 1, 1, 112, 1, 1, 155, 1),
(290, '2022-06-21', '2022-06-21 17:30:14', 17, 28, 1, -350, 1, 1, -200, 1, 1, -143, 1),
(291, '2022-06-21', '2022-06-21 17:30:52', 6, 8, 1, -350, 1, 1, -200, 1, 1, -143, 1),
(292, '2022-06-21', '2022-06-21 17:31:26', 13, 18, 1, -200, 1, 1, -125, 2, 1, 110, 2),
(293, '2022-06-21', '2022-06-21 17:32:03', 11, 16, 1, -275, 1, 1, -165, 1, 1, -125, 1),
(294, '2022-06-21', '2022-06-21 17:32:37', 7, 3, 1, -300, 1, 1, -185, 1, 1, -137, 1),
(295, '2022-06-21', '2022-06-21 17:33:09', 21, 22, 1, -300, 1, 1, -200, 1, 1, -145, 2),
(296, '2022-06-21', '2022-06-21 17:33:39', 12, 10, 1, -350, 1, 1, -200, 1, 1, -160, 1),
(297, '2022-06-21', '2022-06-21 17:34:17', 14, 15, 1, -250, 1, 1, -155, 1, 1, -105, 1),
(298, '2022-06-21', '2022-06-21 17:34:52', 27, 29, 1, -130, 2, 1, 128, 2, 1, 182, 2),
(299, '2022-06-22', '2022-06-22 07:41:45', 7, 3, 1, -350, 1, 1, -200, 1, 1, -150, 1),
(300, '2022-06-22', '2022-06-22 07:42:11', 11, 16, 1, -250, 1, 1, -150, 1, 1, -108, 2),
(301, '2022-06-22', '2022-06-22 07:42:48', 13, 18, 1, -200, 2, 1, -115, 2, 1, 117, 2),
(302, '2022-06-22', '2022-06-22 07:43:23', 27, 29, 1, -180, 1, 1, -108, 1, 1, 128, 1),
(303, '2022-06-22', '2022-06-22 07:43:56', 25, 26, 1, -350, 1, 1, -200, 1, 1, -150, 1),
(304, '2022-06-22', '2022-06-22 07:44:33', 19, 30, 1, -160, 1, 1, 100, 1, 1, 135, 1),
(305, '2022-06-22', '2022-06-22 07:44:57', 5, 20, 1, -350, 1, 1, -200, 2, 1, -148, 2),
(306, '2022-06-22', '2022-06-22 07:45:26', 24, 23, 1, -315, 1, 1, -190, 1, 1, -136, 1),
(307, '2022-06-22', '2022-06-22 07:45:52', 4, 9, 1, -275, 1, 1, -165, 1, 1, -118, 2),
(308, '2022-06-22', '2022-06-22 07:46:21', 2, 1, 1, -150, 1, 1, 105, 1, 1, 145, 1),
(309, '2022-06-22', '2022-06-22 07:46:48', 17, 28, 1, -275, 1, 1, -165, 2, 1, -120, 2),
(310, '2022-06-22', '2022-06-22 07:47:17', 6, 8, 1, -240, 1, 1, -145, 1, 1, -105, 1),
(311, '2022-06-22', '2022-06-22 07:47:47', 21, 22, 1, -250, 1, 1, -160, 1, 1, -118, 1),
(312, '2022-06-22', '2022-06-22 07:48:11', 14, 15, 1, -155, 1, 1, 107, 1, 1, 148, 1),
(313, '2022-06-22', '2022-06-22 07:48:43', 12, 10, 1, -200, 2, 1, -135, 2, 1, 104, 2),
(314, '2022-06-23', '2022-06-23 06:03:49', 19, 30, 1, -225, 2, 1, -139, 2, 1, 100, 2),
(315, '2022-06-23', '2022-06-23 06:04:21', 17, 28, 1, -350, 1, 1, -200, 1, 1, -155, 1),
(316, '2022-06-23', '2022-06-23 06:04:50', 25, 26, 1, -275, 1, 1, -165, 1, 1, -125, 1),
(317, '2022-06-23', '2022-06-23 06:05:28', 24, 23, 1, -240, 1, 1, -148, 1, 1, 100, 1),
(318, '2022-06-23', '2022-06-23 06:05:57', 6, 8, 1, -375, 2, 1, -225, 2, 1, -165, 2),
(319, '2022-06-23', '2022-06-23 06:06:28', 21, 22, 1, -335, 1, 1, -195, 1, 1, -140, 1),
(320, '2022-06-23', '2022-06-23 06:06:51', 14, 15, 1, -142, 2, 1, 118, 2, 1, 162, 2),
(321, '2022-06-23', '2022-06-23 06:07:24', 1, 11, 1, -225, 1, 1, -140, 1, 1, -105, 1),
(322, '2022-06-23', '2022-06-23 06:07:58', 7, 5, 1, -275, 2, 1, -175, 2, 1, -127, 2),
(323, '2022-06-23', '2022-06-23 06:08:25', 27, 18, 1, -150, 1, 1, 105, 1, 1, 145, 2),
(324, '2022-06-24', '2022-06-24 06:45:53', 19, 16, 1, -155, 1, 1, 105, 1, 1, 145, 2),
(325, '2022-06-24', '2022-06-24 06:46:25', 1, 11, 1, -190, 2, 1, -115, 2, 1, 120, 2),
(326, '2022-06-24', '2022-06-24 06:46:57', 8, 4, 1, -250, 1, 1, -155, 1, 1, -110, 1),
(327, '2022-06-24', '2022-06-24 06:47:41', 2, 24, 1, -165, 1, 1, 100, 2, 1, 133, 2),
(328, '2022-06-24', '2022-06-24 07:01:20', 17, 26, 1, -350, 2, 1, -200, 2, 1, -155, 2),
(329, '2022-06-24', '2022-06-24 07:02:00', 13, 20, 1, -275, 2, 1, -165, 2, 1, -120, 2),
(330, '2022-06-24', '2022-06-24 07:02:26', 7, 5, 1, -275, 2, 1, -165, 2, 1, -115, 2),
(331, '2022-06-24', '2022-06-24 07:03:04', 14, 10, 1, -275, 2, 1, -165, 2, 1, -115, 2),
(332, '2022-06-24', '2022-06-24 07:03:32', 21, 3, 1, -250, 1, 1, -155, 1, 1, -105, 1),
(333, '2022-06-24', '2022-06-24 07:04:40', 6, 30, 1, -350, 2, 1, -200, 2, 1, -155, 2),
(334, '2022-06-24', '2022-06-24 07:05:09', 22, 23, 1, -275, 2, 1, -165, 2, 1, -120, 2),
(335, '2022-06-24', '2022-06-24 07:05:43', 12, 15, 1, -275, 1, 1, -175, 2, 1, -130, 2),
(336, '2022-06-24', '2022-06-24 07:06:10', 29, 9, 1, -250, 2, 1, -152, 2, 1, -109, 2),
(337, '2022-06-24', '2022-06-24 07:06:42', 27, 18, 1, -140, 2, 1, 116, 2, 1, 162, 2),
(338, '2022-06-24', '2022-06-24 07:07:15', 28, 25, 1, -200, 2, 1, -129, 2, 1, 107, 2),
(339, '2022-06-25', '2022-06-25 14:41:02', 1, 11, 1, -220, 2, 1, -134, 2, 1, 110, 2),
(340, '2022-06-25', '2022-06-25 14:41:44', 2, 24, 1, -152, 1, 1, 110, 1, 1, 150, 1),
(341, '2022-06-25', '2022-06-25 14:42:14', 7, 5, 1, -335, 1, 1, -200, 1, 1, -145, 2),
(342, '2022-06-25', '2022-06-25 14:42:39', 22, 23, 1, -305, 1, 1, -180, 1, 1, -127, 2),
(343, '2022-06-25', '2022-06-25 14:43:11', 13, 20, 1, -278, 2, 1, -165, 2, 1, -120, 2),
(344, '2022-06-25', '2022-06-25 14:43:54', 14, 10, 1, -400, 1, 1, -235, 1, 1, -167, 1),
(345, '2022-06-25', '2022-06-25 14:44:49', 19, 16, 1, -184, 1, 1, -105, 1, 1, 134, 2),
(346, '2022-06-25', '2022-06-25 14:45:21', 21, 3, 1, -195, 1, 1, -118, 1, 1, 120, 1),
(347, '2022-06-25', '2022-06-25 14:45:57', 8, 4, 1, -250, 2, 1, -150, 2, 1, -104, 2),
(348, '2022-06-25', '2022-06-25 14:46:29', 17, 26, 1, -280, 1, 1, -165, 1, 1, -120, 2),
(349, '2022-06-25', '2022-06-25 14:47:04', 6, 30, 1, -390, 2, 1, -210, 2, 1, -152, 2),
(350, '2022-06-25', '2022-06-25 14:47:37', 28, 25, 1, -180, 1, 1, -105, 1, 1, 130, 1),
(351, '2022-06-25', '2022-06-25 14:48:11', 12, 15, 1, -225, 1, 1, -139, 1, 1, 105, 2),
(352, '2022-06-25', '2022-06-25 14:48:44', 29, 9, 1, -278, 1, 1, -165, 1, 1, -118, 1),
(353, '2022-06-25', '2022-06-25 14:49:24', 27, 18, 1, -182, 2, 1, -105, 2, 1, 125, 2),
(354, '2022-06-26', '2022-06-26 06:45:29', 19, 16, 1, -250, 2, 1, -150, 2, 1, -109, 2),
(355, '2022-06-26', '2022-06-26 06:45:54', 1, 11, 1, -285, 1, 1, -165, 1, 1, -110, 1),
(369, '2022-06-26', '2022-06-26 14:49:56', 26, 17, 1, -265, 1, 1, -159, 1, 1, -114, 2),
(357, '2022-06-26', '2022-06-26 06:46:50', 2, 24, 1, 100, 2, 1, 170, 2, 1, 240, 2),
(358, '2022-06-26', '2022-06-26 06:47:18', 7, 5, 1, -265, 1, 1, -162, 2, 1, -110, 2),
(359, '2022-06-26', '2022-06-26 06:47:53', 14, 10, 1, -250, 1, 1, -148, 1, 1, -105, 2),
(360, '2022-06-26', '2022-06-26 06:48:19', 21, 3, 1, -400, 1, 1, -235, 1, 1, -164, 1),
(361, '2022-06-26', '2022-06-26 06:48:43', 6, 30, 1, -240, 1, 1, -140, 1, 1, 100, 1),
(362, '2022-06-26', '2022-06-26 06:49:11', 22, 23, 1, -275, 1, 1, -165, 1, 1, -115, 1),
(363, '2022-06-26', '2022-06-26 06:49:46', 13, 20, 1, -390, 1, 1, -230, 1, 1, -160, 1),
(364, '2022-06-26', '2022-06-26 06:50:12', 28, 25, 1, -210, 1, 1, -122, 1, 1, 112, 1),
(365, '2022-06-26', '2022-06-26 06:51:32', 27, 18, 1, -185, 1, 1, -110, 1, 1, 126, 1),
(366, '2022-06-26', '2022-06-26 14:44:11', 12, 15, 1, -390, 2, 1, -210, 2, 1, -148, 2),
(367, '2022-06-26', '2022-06-26 14:44:46', 29, 9, 1, -315, 1, 1, -182, 1, 1, -130, 1),
(368, '2022-06-26', '2022-06-26 14:46:14', 4, 8, 1, -355, 1, 1, -220, 1, 1, -160, 1),
(370, '2022-06-27', '2022-06-27 04:52:54', 14, 1, 1, -250, 0, 1, -155, 0, 1, -110, 0);

-- --------------------------------------------------------

--
-- Table structure for table `bet_over_daily`
--

CREATE TABLE `bet_over_daily` (
  `date` date DEFAULT NULL,
  `total_games` int DEFAULT NULL,
  `games7` int DEFAULT NULL,
  `games8` int DEFAULT NULL,
  `games9` int DEFAULT NULL
) ENGINE=MyISAM DEFAULT CHARSET=latin1;

--
-- Dumping data for table `bet_over_daily`
--

INSERT INTO `bet_over_daily` (`date`, `total_games`, `games7`, `games8`, `games9`) VALUES
('2016-04-03', 3, 2, 1, 0),
('2016-04-04', 10, 8, 6, 4),
('2016-04-05', 12, 8, 7, 5),
('2016-04-06', 13, 8, 5, 4),
('2016-04-07', 8, 7, 5, 5),
('2016-04-08', 14, 10, 8, 7),
('2016-04-09', 13, 8, 6, 6),
('2016-04-10', 13, 7, 5, 4),
('2016-04-11', 11, 9, 8, 7),
('2016-04-12', 12, 5, 5, 4),
('2016-04-13', 15, 5, 5, 5),
('2016-04-14', 12, 8, 6, 4),
('2016-04-15', 15, 11, 10, 8),
('2016-04-16', 15, 12, 11, 7),
('2016-04-17', 14, 7, 5, 4),
('2016-04-18', 8, 6, 2, 2),
('2016-04-19', 15, 9, 6, 6),
('2016-04-20', 15, 9, 7, 5),
('2016-04-21', 13, 8, 8, 7),
('2016-04-22', 15, 11, 9, 8),
('2016-04-23', 15, 11, 10, 9),
('2016-04-24', 15, 13, 12, 12),
('2016-04-25', 13, 8, 5, 4),
('2016-04-26', 15, 12, 9, 9),
('2016-04-27', 14, 8, 7, 7),
('2016-04-28', 7, 5, 5, 3),
('2016-04-29', 15, 10, 7, 7),
('2016-04-30', 14, 10, 5, 4),
('2016-05-01', 15, 10, 7, 6),
('2016-05-02', 10, 6, 5, 4),
('2016-05-03', 15, 9, 9, 8),
('2016-05-04', 15, 13, 9, 7),
('2016-05-05', 11, 8, 7, 6),
('2016-05-06', 14, 9, 7, 6),
('2016-05-07', 16, 12, 9, 8),
('2016-05-08', 15, 9, 7, 6),
('2016-05-09', 11, 7, 6, 5),
('2016-05-10', 14, 9, 9, 8),
('2016-05-11', 16, 12, 10, 9),
('2016-05-12', 8, 5, 5, 5),
('2016-05-13', 15, 9, 8, 6),
('2016-05-14', 16, 13, 12, 9),
('2016-05-15', 15, 8, 6, 6),
('2016-05-16', 8, 7, 7, 6),
('2016-05-17', 15, 9, 9, 8),
('2016-05-18', 16, 9, 7, 5),
('2016-05-19', 11, 7, 7, 6),
('2016-05-20', 15, 9, 9, 8),
('2016-05-21', 15, 6, 6, 3),
('2016-05-22', 14, 9, 8, 8),
('2016-05-23', 12, 7, 6, 5),
('2016-05-24', 15, 10, 9, 8),
('2016-05-25', 15, 12, 8, 8),
('2016-05-26', 7, 4, 4, 3),
('2016-05-27', 15, 12, 11, 9),
('2016-05-28', 15, 13, 12, 12),
('2016-05-29', 15, 12, 12, 10),
('2016-05-30', 15, 9, 8, 6),
('2016-05-31', 15, 10, 10, 9),
('2016-06-01', 15, 9, 8, 8),
('2016-06-02', 11, 8, 7, 7),
('2016-06-03', 15, 10, 8, 7),
('2016-06-04', 15, 14, 13, 11),
('2016-06-05', 15, 11, 8, 8),
('2016-06-06', 9, 7, 5, 5),
('2016-06-07', 16, 11, 8, 6),
('2016-06-08', 15, 8, 8, 8),
('2016-06-09', 9, 7, 6, 4),
('2016-06-10', 15, 10, 8, 7),
('2016-06-11', 15, 11, 8, 5),
('2016-06-12', 15, 9, 8, 7),
('2016-06-13', 10, 7, 6, 6),
('2016-06-14', 15, 10, 7, 7),
('2016-06-15', 15, 12, 12, 11),
('2016-06-16', 10, 7, 7, 7),
('2016-06-17', 15, 6, 6, 6),
('2016-06-18', 15, 13, 10, 8),
('2016-06-19', 15, 5, 5, 5),
('2016-06-20', 10, 5, 4, 3),
('2016-06-21', 15, 7, 6, 5),
('2016-06-22', 15, 11, 7, 7),
('2016-06-23', 9, 8, 7, 6),
('2016-06-24', 15, 14, 13, 11),
('2016-06-25', 16, 10, 9, 9),
('2016-06-26', 15, 13, 8, 6),
('2016-06-27', 11, 10, 10, 8),
('2016-06-28', 15, 13, 11, 8),
('2016-06-29', 15, 11, 10, 8),
('2016-06-30', 11, 8, 7, 6),
('2016-07-01', 15, 10, 8, 7),
('2016-07-02', 15, 11, 9, 8),
('2016-07-03', 15, 12, 11, 11),
('2016-07-04', 15, 9, 9, 7),
('2016-07-05', 15, 13, 9, 9),
('2016-07-06', 15, 10, 9, 8),
('2016-07-07', 11, 7, 5, 5),
('2016-07-08', 15, 11, 10, 8),
('2016-07-09', 15, 9, 7, 6),
('2016-07-10', 15, 7, 6, 6),
('2016-07-15', 15, 11, 8, 6),
('2016-07-16', 15, 7, 5, 5),
('2016-07-17', 15, 8, 6, 4),
('2016-07-18', 11, 7, 6, 6),
('2016-07-19', 14, 9, 7, 5),
('2016-07-20', 16, 11, 10, 9),
('2016-07-21', 9, 7, 7, 6),
('2016-07-22', 15, 7, 4, 1),
('2016-07-23', 15, 13, 8, 8),
('2016-07-24', 15, 11, 10, 9),
('2016-07-25', 10, 5, 5, 4),
('2016-07-26', 16, 10, 10, 10),
('2016-07-27', 15, 10, 9, 9),
('2016-07-28', 9, 4, 4, 3),
('2016-07-29', 15, 9, 8, 6),
('2016-07-30', 15, 10, 9, 7),
('2016-07-31', 15, 11, 11, 6),
('2016-08-01', 8, 4, 4, 4),
('2016-08-02', 15, 10, 10, 8),
('2016-08-03', 15, 11, 11, 11),
('2016-08-04', 12, 6, 4, 3),
('2016-08-05', 15, 10, 8, 6),
('2016-08-06', 15, 10, 9, 7),
('2016-08-07', 15, 10, 10, 8),
('2016-08-08', 9, 6, 4, 4),
('2016-08-09', 15, 10, 10, 8),
('2016-08-10', 14, 6, 4, 3),
('2016-08-11', 11, 8, 7, 7),
('2016-08-12', 15, 13, 12, 11),
('2016-08-13', 15, 11, 10, 8),
('2016-08-14', 15, 14, 13, 13),
('2016-08-15', 10, 6, 5, 5),
('2016-08-16', 16, 12, 10, 8),
('2016-08-17', 15, 12, 10, 9),
('2016-08-18', 11, 11, 10, 10),
('2016-08-19', 15, 14, 12, 11),
('2016-08-20', 15, 10, 10, 9),
('2016-08-21', 15, 8, 8, 7),
('2016-08-22', 9, 5, 4, 3),
('2016-08-23', 15, 11, 11, 9),
('2016-08-24', 15, 11, 10, 8),
('2016-08-25', 11, 6, 5, 5),
('2016-08-26', 15, 12, 10, 9),
('2016-08-27', 15, 10, 9, 8),
('2016-08-28', 15, 7, 7, 6),
('2016-08-29', 13, 8, 7, 7),
('2016-08-30', 14, 9, 7, 6),
('2016-08-31', 16, 11, 8, 7),
('2016-09-01', 4, 4, 4, 4),
('2016-09-02', 15, 10, 10, 8),
('2016-09-03', 15, 11, 10, 10),
('2016-09-04', 15, 10, 8, 7),
('2016-09-05', 15, 12, 12, 8),
('2016-09-06', 15, 11, 8, 7),
('2016-09-07', 15, 10, 9, 9),
('2016-09-08', 7, 5, 5, 5),
('2016-09-09', 15, 10, 7, 7),
('2016-09-10', 15, 8, 7, 7),
('2016-09-11', 15, 6, 6, 3),
('2016-09-12', 15, 10, 9, 8),
('2016-09-13', 15, 12, 11, 8),
('2016-09-14', 15, 10, 7, 5),
('2016-09-15', 10, 8, 8, 7),
('2016-09-16', 15, 11, 10, 10),
('2016-09-17', 16, 11, 9, 6),
('2016-09-18', 15, 10, 9, 8),
('2016-09-19', 11, 6, 3, 2),
('2016-09-20', 15, 11, 8, 7),
('2016-09-21', 14, 10, 8, 8),
('2016-09-22', 11, 6, 5, 4),
('2016-09-23', 15, 10, 9, 9),
('2016-09-24', 15, 12, 9, 9),
('2016-09-25', 14, 8, 4, 3),
('2016-09-26', 10, 9, 8, 7),
('2016-09-27', 15, 13, 12, 11),
('2016-09-28', 15, 10, 8, 7),
('2016-09-29', 11, 7, 5, 3),
('2016-09-30', 15, 11, 10, 6),
('2016-10-01', 15, 10, 7, 5),
('2016-10-02', 15, 10, 8, 7),
('2017-04-02', 3, 3, 2, 2),
('2017-04-03', 11, 6, 5, 3),
('2017-04-04', 9, 5, 4, 4),
('2017-04-05', 13, 6, 5, 4),
('2017-04-06', 12, 9, 7, 5),
('2017-04-07', 15, 9, 9, 9),
('2017-04-08', 15, 11, 10, 9),
('2017-04-09', 15, 13, 11, 9),
('2017-04-10', 10, 5, 4, 2),
('2017-04-11', 12, 9, 7, 6),
('2017-04-12', 15, 11, 10, 8),
('2017-04-13', 11, 5, 4, 4),
('2017-04-14', 15, 10, 8, 6),
('2017-04-15', 15, 6, 6, 6),
('2017-04-16', 14, 8, 6, 6),
('2017-04-17', 10, 6, 3, 3),
('2017-04-18', 15, 8, 6, 5),
('2017-04-19', 14, 7, 7, 7),
('2017-04-20', 11, 5, 5, 4),
('2017-04-21', 15, 12, 10, 8),
('2017-04-22', 15, 11, 8, 8),
('2017-04-23', 15, 14, 12, 7),
('2017-04-24', 9, 6, 6, 6),
('2017-04-25', 12, 7, 7, 7),
('2017-04-26', 14, 13, 11, 10),
('2017-04-27', 11, 6, 5, 4),
('2017-04-28', 15, 13, 12, 11),
('2017-04-29', 13, 10, 9, 8),
('2017-04-30', 15, 13, 10, 8),
('2017-05-01', 11, 10, 6, 3),
('2017-05-02', 15, 12, 10, 9),
('2017-05-03', 14, 10, 9, 9),
('2017-05-04', 11, 7, 7, 7),
('2017-05-05', 15, 9, 8, 8),
('2017-05-06', 15, 12, 11, 9),
('2017-05-07', 14, 10, 7, 5),
('2017-05-08', 9, 6, 5, 5),
('2017-05-09', 16, 15, 13, 12),
('2017-05-10', 13, 10, 8, 7),
('2017-05-11', 10, 5, 4, 3),
('2017-05-12', 14, 8, 6, 5),
('2017-05-13', 14, 10, 7, 6),
('2017-05-14', 17, 13, 12, 12),
('2017-05-15', 8, 8, 8, 7),
('2017-05-16', 15, 13, 13, 11),
('2017-05-17', 14, 11, 9, 9),
('2017-05-18', 12, 8, 8, 8),
('2017-05-19', 15, 12, 11, 8),
('2017-05-20', 13, 11, 10, 10),
('2017-05-21', 16, 11, 10, 10),
('2017-05-22', 9, 4, 3, 3),
('2017-05-23', 15, 11, 10, 8),
('2017-05-24', 15, 12, 8, 8),
('2017-05-25', 10, 5, 4, 3),
('2017-05-26', 15, 8, 6, 6),
('2017-05-27', 16, 9, 3, 2),
('2017-05-28', 15, 13, 13, 11),
('2017-05-29', 15, 10, 8, 7),
('2017-05-30', 15, 13, 13, 12),
('2017-05-31', 15, 8, 8, 7),
('2017-06-01', 8, 4, 4, 3),
('2017-06-02', 15, 10, 10, 9),
('2017-06-03', 15, 13, 11, 9),
('2017-06-04', 15, 11, 11, 9),
('2017-06-05', 7, 4, 4, 3),
('2017-06-06', 15, 11, 10, 9),
('2017-06-07', 15, 12, 11, 10),
('2017-06-08', 12, 9, 6, 5),
('2017-06-09', 15, 11, 10, 8),
('2017-06-10', 17, 13, 11, 10),
('2017-06-11', 15, 10, 10, 10),
('2017-06-12', 9, 9, 7, 6),
('2017-06-13', 16, 13, 10, 9),
('2017-06-14', 15, 12, 12, 12),
('2017-06-15', 10, 9, 8, 6),
('2017-06-16', 15, 11, 11, 11),
('2017-06-17', 16, 13, 10, 8),
('2017-06-18', 15, 13, 11, 10),
('2017-06-19', 11, 8, 8, 7),
('2017-06-20', 15, 14, 12, 12),
('2017-06-21', 15, 10, 9, 8),
('2017-06-22', 12, 10, 10, 10),
('2017-06-23', 15, 10, 7, 7),
('2017-06-24', 15, 11, 9, 8),
('2017-06-25', 15, 11, 10, 8),
('2017-06-26', 8, 6, 5, 5),
('2017-06-27', 15, 10, 7, 6),
('2017-06-28', 15, 12, 10, 6),
('2017-06-29', 13, 9, 7, 6),
('2017-06-30', 14, 10, 10, 10),
('2017-07-01', 17, 13, 12, 8),
('2017-07-02', 15, 15, 13, 6),
('2017-07-03', 10, 7, 7, 6),
('2017-07-04', 15, 12, 10, 8),
('2017-07-05', 14, 11, 10, 8),
('2017-07-06', 12, 11, 9, 8),
('2017-07-07', 15, 14, 11, 11),
('2017-07-08', 15, 9, 6, 5),
('2017-07-09', 15, 11, 10, 6),
('2017-07-14', 15, 11, 9, 8),
('2017-07-15', 15, 10, 9, 6),
('2017-07-16', 16, 13, 9, 5),
('2017-07-17', 13, 9, 6, 5),
('2017-07-18', 15, 11, 7, 6),
('2017-07-19', 15, 12, 8, 8),
('2017-07-20', 9, 6, 5, 5),
('2017-07-21', 15, 13, 11, 10),
('2017-07-22', 15, 13, 11, 10),
('2017-07-23', 15, 13, 12, 10),
('2017-07-24', 13, 8, 8, 5),
('2017-07-25', 15, 10, 10, 8),
('2017-07-26', 15, 11, 11, 11),
('2017-07-27', 8, 5, 5, 5),
('2017-07-28', 14, 10, 9, 9),
('2017-07-29', 15, 9, 8, 6),
('2017-07-30', 16, 10, 10, 7),
('2017-07-31', 9, 7, 7, 6),
('2017-08-01', 15, 12, 11, 10),
('2017-08-02', 14, 8, 3, 2),
('2017-08-03', 13, 9, 9, 8),
('2017-08-04', 15, 9, 6, 5),
('2017-08-05', 14, 8, 5, 5),
('2017-08-06', 16, 13, 13, 12),
('2017-08-07', 7, 5, 5, 3),
('2017-08-08', 15, 11, 10, 10),
('2017-08-09', 15, 8, 8, 7),
('2017-08-10', 12, 8, 8, 8),
('2017-08-11', 14, 12, 11, 11),
('2017-08-12', 15, 12, 11, 10),
('2017-08-13', 16, 12, 11, 7),
('2017-08-14', 11, 7, 7, 5),
('2017-08-15', 15, 11, 9, 9),
('2017-08-16', 14, 11, 11, 10),
('2017-08-17', 11, 8, 8, 7),
('2017-08-18', 15, 13, 12, 9),
('2017-08-19', 15, 9, 7, 7),
('2017-08-20', 15, 10, 8, 8),
('2017-08-21', 9, 7, 7, 6),
('2017-08-22', 16, 13, 11, 11),
('2017-08-23', 15, 12, 9, 7),
('2017-08-24', 12, 6, 4, 4),
('2017-08-25', 15, 8, 5, 4),
('2017-08-26', 15, 10, 9, 9),
('2017-08-27', 16, 12, 11, 9),
('2017-08-28', 10, 8, 5, 4),
('2017-08-29', 13, 10, 10, 9),
('2017-08-30', 17, 13, 12, 9),
('2017-08-31', 10, 8, 7, 5),
('2017-09-01', 15, 6, 6, 6),
('2017-09-02', 17, 12, 11, 10),
('2017-09-03', 15, 11, 11, 10),
('2017-09-04', 15, 14, 13, 11),
('2017-09-05', 14, 9, 8, 8),
('2017-09-06', 15, 10, 9, 7),
('2017-09-07', 9, 7, 6, 6),
('2017-09-08', 15, 11, 10, 9),
('2017-09-09', 16, 14, 11, 11),
('2017-09-10', 15, 10, 9, 8),
('2017-09-11', 8, 7, 5, 4),
('2017-09-12', 15, 10, 8, 6),
('2017-09-13', 15, 10, 10, 8),
('2017-09-14', 12, 10, 6, 5),
('2017-09-15', 15, 10, 5, 5),
('2017-09-16', 15, 9, 9, 8),
('2017-09-17', 15, 11, 8, 6),
('2017-09-18', 7, 4, 3, 3),
('2017-09-19', 15, 9, 6, 4),
('2017-09-20', 15, 13, 12, 12),
('2017-09-21', 11, 4, 4, 3),
('2017-09-22', 15, 10, 9, 9),
('2017-09-23', 15, 9, 7, 6),
('2017-09-24', 15, 8, 8, 8),
('2017-09-25', 12, 9, 9, 8),
('2017-09-26', 15, 12, 10, 10),
('2017-09-27', 15, 12, 10, 8),
('2017-09-28', 10, 7, 5, 4),
('2017-09-29', 15, 12, 10, 6),
('2017-09-30', 15, 10, 8, 7),
('2017-10-01', 15, 10, 7, 6),
('2018-03-29', 13, 8, 7, 7),
('2018-03-30', 11, 4, 4, 4),
('2018-03-31', 14, 11, 10, 7),
('2018-04-01', 12, 8, 7, 7),
('2018-04-02', 12, 8, 6, 6),
('2018-04-03', 13, 9, 8, 8),
('2018-04-04', 12, 7, 5, 3),
('2018-04-05', 11, 6, 4, 3),
('2018-04-06', 8, 6, 6, 6),
('2018-04-07', 15, 10, 8, 7),
('2018-04-08', 14, 6, 5, 5),
('2018-04-09', 12, 7, 7, 6),
('2018-04-10', 15, 10, 8, 7),
('2018-04-11', 15, 10, 9, 7),
('2018-04-12', 8, 6, 4, 3),
('2018-04-13', 14, 9, 9, 8),
('2018-04-14', 12, 10, 9, 7),
('2018-04-15', 10, 5, 5, 5),
('2018-04-16', 9, 7, 7, 6),
('2018-04-17', 16, 10, 8, 7),
('2018-04-18', 13, 10, 9, 8),
('2018-04-19', 9, 8, 6, 6),
('2018-04-20', 16, 10, 9, 6),
('2018-04-21', 15, 12, 8, 6),
('2018-04-22', 14, 8, 7, 6),
('2018-04-23', 9, 5, 5, 5),
('2018-04-24', 13, 10, 7, 6),
('2018-04-25', 16, 14, 10, 8),
('2018-04-26', 10, 8, 6, 6),
('2018-04-27', 15, 11, 9, 9),
('2018-04-28', 17, 13, 11, 9),
('2018-04-29', 15, 9, 8, 7),
('2018-04-30', 11, 7, 7, 7),
('2018-05-01', 15, 7, 6, 6),
('2018-05-02', 15, 7, 6, 6),
('2018-05-03', 11, 9, 8, 8),
('2018-05-04', 15, 9, 9, 7),
('2018-05-05', 15, 10, 8, 6),
('2018-05-06', 15, 9, 6, 5),
('2018-05-07', 7, 6, 6, 6),
('2018-05-08', 15, 7, 6, 5),
('2018-05-09', 14, 11, 9, 6),
('2018-05-10', 10, 7, 6, 6),
('2018-05-11', 14, 11, 11, 9),
('2018-05-12', 16, 13, 10, 7),
('2018-05-13', 15, 12, 10, 5),
('2018-05-14', 9, 6, 6, 6),
('2018-05-15', 14, 9, 8, 4),
('2018-05-16', 13, 7, 7, 6),
('2018-05-17', 9, 7, 6, 2),
('2018-05-18', 14, 9, 7, 7),
('2018-05-19', 17, 16, 16, 13),
('2018-05-20', 15, 8, 6, 6),
('2018-05-21', 9, 2, 2, 2),
('2018-05-22', 15, 6, 6, 4),
('2018-05-23', 15, 6, 5, 5),
('2018-05-24', 8, 7, 6, 6),
('2018-05-25', 15, 11, 10, 7),
('2018-05-26', 15, 10, 8, 8),
('2018-05-27', 15, 11, 9, 6),
('2018-05-28', 16, 12, 10, 10),
('2018-05-29', 15, 13, 9, 9),
('2018-05-30', 15, 9, 8, 7),
('2018-05-31', 10, 6, 5, 4),
('2018-06-01', 15, 10, 8, 8),
('2018-06-02', 15, 10, 10, 6),
('2018-06-03', 14, 8, 5, 5),
('2018-06-04', 5, 4, 4, 4),
('2018-06-05', 16, 8, 7, 6),
('2018-06-06', 15, 11, 9, 8),
('2018-06-07', 10, 8, 6, 6),
('2018-06-08', 15, 8, 7, 7),
('2018-06-09', 15, 10, 7, 6),
('2018-06-10', 15, 11, 9, 8),
('2018-06-11', 8, 6, 5, 4),
('2018-06-12', 15, 8, 8, 8),
('2018-06-13', 15, 8, 6, 6),
('2018-06-14', 9, 6, 4, 4),
('2018-06-15', 15, 11, 10, 10),
('2018-06-16', 15, 8, 7, 6),
('2018-06-17', 15, 9, 9, 8),
('2018-06-18', 9, 7, 7, 6),
('2018-06-19', 16, 11, 10, 9),
('2018-06-20', 13, 8, 7, 6),
('2018-06-21', 9, 7, 6, 5),
('2018-06-22', 16, 11, 10, 9),
('2018-06-23', 15, 11, 10, 7),
('2018-06-24', 15, 11, 11, 11),
('2018-06-25', 12, 8, 8, 7),
('2018-06-26', 15, 9, 7, 5),
('2018-06-27', 14, 9, 7, 6),
('2018-06-28', 10, 4, 3, 3),
('2018-06-29', 15, 8, 8, 7),
('2018-06-30', 15, 13, 8, 7),
('2018-07-01', 15, 13, 11, 11),
('2018-07-02', 10, 8, 6, 4),
('2018-07-03', 15, 11, 11, 8),
('2018-07-04', 15, 8, 7, 6),
('2018-07-05', 8, 7, 5, 5),
('2018-07-06', 15, 8, 8, 5),
('2018-07-07', 15, 9, 9, 9),
('2018-07-08', 15, 10, 8, 8),
('2018-07-09', 13, 8, 6, 6),
('2018-07-10', 15, 12, 11, 9),
('2018-07-11', 15, 8, 8, 8),
('2018-07-12', 10, 7, 7, 7),
('2018-07-13', 15, 10, 10, 9),
('2018-07-14', 16, 10, 9, 7),
('2018-07-15', 15, 14, 10, 8),
('2018-07-19', 1, 1, 1, 1),
('2018-07-20', 15, 11, 11, 11),
('2018-07-21', 14, 8, 6, 5),
('2018-07-22', 15, 13, 12, 10),
('2018-07-23', 13, 11, 9, 6),
('2018-07-24', 15, 10, 9, 9),
('2018-07-25', 13, 8, 8, 8),
('2018-07-26', 11, 10, 9, 9),
('2018-07-27', 14, 11, 8, 7),
('2018-07-28', 16, 11, 11, 8),
('2018-07-29', 15, 9, 7, 7),
('2018-07-30', 9, 7, 6, 4),
('2018-07-31', 15, 9, 8, 6),
('2018-08-01', 11, 10, 10, 9),
('2018-08-02', 12, 9, 7, 7),
('2018-08-03', 14, 8, 8, 7),
('2018-08-04', 16, 9, 9, 7),
('2018-08-05', 15, 10, 9, 8),
('2018-08-06', 10, 5, 3, 2),
('2018-08-07', 16, 10, 6, 6),
('2018-08-08', 14, 11, 9, 7),
('2018-08-09', 9, 9, 9, 9),
('2018-08-10', 15, 11, 7, 5),
('2018-08-11', 16, 8, 5, 4),
('2018-08-12', 15, 12, 7, 7),
('2018-08-13', 11, 10, 8, 7),
('2018-08-14', 15, 10, 8, 8),
('2018-08-15', 14, 11, 7, 7),
('2018-08-16', 10, 7, 7, 5),
('2018-08-17', 15, 11, 9, 9),
('2018-08-18', 15, 11, 10, 7),
('2018-08-19', 15, 10, 9, 8),
('2018-08-20', 10, 7, 6, 4),
('2018-08-21', 15, 10, 6, 6),
('2018-08-22', 15, 9, 9, 7),
('2018-08-23', 9, 6, 3, 2),
('2018-08-24', 15, 11, 11, 10),
('2018-08-25', 16, 12, 10, 7),
('2018-08-26', 15, 12, 11, 9),
('2018-08-27', 7, 6, 5, 3),
('2018-08-28', 15, 11, 9, 8),
('2018-08-29', 14, 10, 9, 9),
('2018-08-30', 10, 6, 5, 3),
('2018-08-31', 15, 9, 6, 6),
('2018-09-01', 15, 10, 9, 6),
('2018-09-02', 15, 11, 10, 9),
('2018-09-03', 15, 7, 5, 3),
('2018-09-04', 15, 10, 9, 7),
('2018-09-05', 14, 11, 10, 9),
('2018-09-06', 4, 4, 4, 3),
('2018-09-07', 14, 10, 8, 5),
('2018-09-08', 16, 12, 10, 9),
('2018-09-09', 13, 10, 9, 8),
('2018-09-10', 10, 7, 5, 5),
('2018-09-11', 16, 8, 8, 7),
('2018-09-12', 15, 8, 7, 7),
('2018-09-13', 9, 9, 5, 4),
('2018-09-14', 15, 8, 8, 7),
('2018-09-15', 15, 11, 11, 9),
('2018-09-16', 15, 10, 8, 8),
('2018-09-17', 12, 7, 6, 5),
('2018-09-18', 15, 9, 7, 5),
('2018-09-19', 14, 10, 8, 8),
('2018-09-20', 8, 7, 7, 7),
('2018-09-21', 15, 13, 12, 9),
('2018-09-22', 15, 9, 8, 7),
('2018-09-23', 15, 10, 6, 5),
('2018-09-24', 12, 8, 8, 6),
('2018-09-25', 14, 10, 8, 8),
('2018-09-26', 16, 11, 10, 10),
('2018-09-27', 7, 3, 3, 2),
('2018-09-28', 16, 12, 11, 11),
('2018-09-29', 16, 11, 7, 7),
('2018-09-30', 15, 10, 9, 9),
('2018-10-01', 2, 1, 0, 0),
('2019-03-20', 1, 1, 1, 1),
('2019-03-21', 1, 1, 1, 1),
('2019-03-28', 15, 9, 9, 7),
('2019-03-29', 8, 5, 4, 3),
('2019-03-30', 14, 8, 8, 7),
('2019-03-31', 15, 9, 8, 8),
('2019-04-01', 13, 10, 8, 5),
('2019-04-02', 12, 7, 6, 6),
('2019-04-03', 14, 9, 9, 7),
('2019-04-04', 8, 5, 5, 5),
('2019-04-05', 12, 7, 6, 5),
('2019-04-06', 15, 12, 12, 11),
('2019-04-07', 15, 8, 7, 7),
('2019-04-08', 10, 9, 5, 5),
('2019-04-09', 14, 13, 13, 12),
('2019-04-10', 13, 9, 7, 7),
('2019-04-11', 10, 6, 6, 6),
('2019-04-12', 13, 10, 10, 9),
('2019-04-13', 14, 8, 5, 5),
('2019-04-14', 14, 10, 8, 7),
('2019-04-15', 10, 10, 8, 7),
('2019-04-16', 15, 10, 9, 7),
('2019-04-17', 14, 6, 5, 4),
('2019-04-18', 10, 6, 5, 4),
('2019-04-19', 13, 8, 7, 4),
('2019-04-20', 16, 12, 12, 12),
('2019-04-21', 15, 11, 7, 7),
('2019-04-22', 9, 8, 6, 6),
('2019-04-23', 16, 13, 11, 11),
('2019-04-24', 15, 11, 9, 7),
('2019-04-25', 8, 3, 3, 3),
('2019-04-26', 14, 11, 9, 8),
('2019-04-27', 14, 12, 11, 10),
('2019-04-28', 15, 11, 8, 8),
('2019-04-29', 9, 5, 5, 4),
('2019-04-30', 13, 9, 5, 5),
('2019-05-01', 17, 10, 10, 9),
('2019-05-02', 8, 5, 5, 4),
('2019-05-03', 14, 9, 5, 5),
('2019-05-04', 15, 14, 13, 13),
('2019-05-05', 14, 11, 10, 8),
('2019-05-06', 12, 9, 9, 6),
('2019-05-07', 15, 11, 9, 9),
('2019-05-08', 14, 9, 9, 8),
('2019-05-09', 10, 3, 3, 3),
('2019-05-10', 15, 9, 4, 4),
('2019-05-11', 16, 12, 9, 8),
('2019-05-12', 14, 10, 9, 5),
('2019-05-13', 6, 6, 5, 5),
('2019-05-14', 14, 12, 9, 7),
('2019-05-15', 14, 8, 5, 4),
('2019-05-16', 10, 8, 7, 7),
('2019-05-17', 15, 12, 9, 7),
('2019-05-18', 15, 8, 6, 6),
('2019-05-19', 15, 11, 9, 9),
('2019-05-20', 10, 6, 6, 5),
('2019-05-21', 14, 9, 8, 6),
('2019-05-22', 15, 14, 12, 12),
('2019-05-23', 10, 9, 8, 8),
('2019-05-24', 14, 13, 10, 9),
('2019-05-25', 16, 14, 13, 12),
('2019-05-26', 15, 14, 11, 9),
('2019-05-27', 14, 12, 10, 8),
('2019-05-28', 15, 13, 11, 9),
('2019-05-29', 14, 11, 9, 9),
('2019-05-30', 9, 6, 6, 5),
('2019-05-31', 15, 12, 9, 7),
('2019-06-01', 15, 13, 10, 7),
('2019-06-02', 15, 9, 9, 7),
('2019-06-03', 4, 2, 2, 2),
('2019-06-04', 15, 13, 11, 11),
('2019-06-05', 14, 11, 10, 9),
('2019-06-06', 13, 10, 7, 6),
('2019-06-07', 15, 10, 8, 5),
('2019-06-08', 17, 9, 9, 7),
('2019-06-09', 15, 12, 6, 6),
('2019-06-10', 8, 7, 6, 4),
('2019-06-11', 16, 13, 12, 10),
('2019-06-12', 12, 9, 8, 7),
('2019-06-13', 11, 10, 10, 9),
('2019-06-14', 15, 14, 14, 11),
('2019-06-15', 15, 13, 11, 10),
('2019-06-16', 15, 14, 13, 11),
('2019-06-17', 11, 4, 4, 4),
('2019-06-18', 14, 10, 8, 8),
('2019-06-19', 16, 13, 13, 12),
('2019-06-20', 12, 10, 9, 8),
('2019-06-21', 15, 10, 9, 8),
('2019-06-22', 15, 12, 12, 10),
('2019-06-23', 15, 14, 11, 10),
('2019-06-24', 7, 5, 5, 5),
('2019-06-25', 15, 10, 8, 7),
('2019-06-26', 15, 11, 11, 9),
('2019-06-27', 10, 7, 6, 6),
('2019-06-28', 14, 9, 9, 6),
('2019-06-29', 15, 12, 10, 9),
('2019-06-30', 15, 12, 10, 8),
('2019-07-01', 5, 5, 5, 5),
('2019-07-02', 14, 10, 10, 10),
('2019-07-03', 16, 11, 9, 8),
('2019-07-04', 12, 10, 9, 9),
('2019-07-05', 13, 10, 9, 8),
('2019-07-06', 15, 11, 10, 10),
('2019-07-07', 15, 11, 8, 6),
('2019-07-11', 1, 0, 0, 0),
('2019-07-12', 15, 10, 9, 7),
('2019-07-13', 16, 11, 10, 9),
('2019-07-14', 15, 11, 8, 7),
('2019-07-15', 11, 9, 7, 7),
('2019-07-16', 15, 13, 12, 11),
('2019-07-17', 14, 13, 12, 12),
('2019-07-18', 13, 9, 8, 6),
('2019-07-19', 15, 13, 10, 9),
('2019-07-20', 15, 11, 10, 8),
('2019-07-21', 15, 9, 8, 6),
('2019-07-22', 10, 10, 10, 10),
('2019-07-23', 15, 12, 9, 9),
('2019-07-24', 16, 6, 5, 4),
('2019-07-25', 9, 8, 8, 8),
('2019-07-26', 15, 9, 8, 6),
('2019-07-27', 15, 11, 11, 10),
('2019-07-28', 15, 12, 12, 11),
('2019-07-29', 7, 7, 7, 7),
('2019-07-30', 15, 9, 7, 7),
('2019-07-31', 14, 7, 7, 7),
('2019-08-01', 10, 8, 8, 5),
('2019-08-02', 13, 11, 7, 6),
('2019-08-03', 16, 13, 13, 13),
('2019-08-04', 15, 12, 12, 10),
('2019-08-05', 14, 11, 11, 8),
('2019-08-06', 15, 13, 12, 9),
('2019-08-07', 15, 10, 8, 8),
('2019-08-08', 8, 6, 6, 6),
('2019-08-09', 15, 13, 10, 6),
('2019-08-10', 15, 9, 7, 7),
('2019-08-11', 15, 11, 11, 11),
('2019-08-12', 8, 8, 8, 8),
('2019-08-13', 16, 10, 10, 8),
('2019-08-14', 15, 12, 12, 12),
('2019-08-15', 10, 9, 8, 8),
('2019-08-16', 15, 8, 7, 7),
('2019-08-17', 15, 11, 8, 7),
('2019-08-18', 15, 13, 11, 9),
('2019-08-19', 9, 7, 7, 6),
('2019-08-20', 16, 9, 9, 7),
('2019-08-21', 15, 10, 8, 7),
('2019-08-22', 10, 6, 4, 2),
('2019-08-23', 14, 11, 10, 9),
('2019-08-24', 15, 10, 9, 8),
('2019-08-25', 15, 9, 8, 8),
('2019-08-26', 8, 7, 6, 6),
('2019-08-27', 15, 10, 7, 7),
('2019-08-28', 14, 10, 10, 10),
('2019-08-29', 10, 8, 7, 5),
('2019-08-30', 14, 13, 13, 12),
('2019-08-31', 16, 12, 10, 10),
('2019-09-01', 16, 14, 10, 7),
('2019-09-02', 12, 9, 7, 6),
('2019-09-03', 16, 11, 10, 8),
('2019-09-04', 11, 8, 8, 7),
('2019-09-05', 12, 9, 8, 7),
('2019-09-06', 15, 12, 10, 8),
('2019-09-07', 15, 8, 8, 6),
('2019-09-08', 15, 10, 8, 8),
('2019-09-09', 8, 6, 6, 5),
('2019-09-10', 15, 12, 9, 7),
('2019-09-11', 14, 11, 10, 6),
('2019-09-12', 15, 10, 10, 10),
('2019-09-13', 13, 10, 9, 8),
('2019-09-14', 16, 9, 7, 7),
('2019-09-15', 15, 12, 10, 10),
('2019-09-16', 8, 6, 5, 4),
('2019-09-17', 15, 10, 9, 7),
('2019-09-18', 15, 5, 5, 5),
('2019-09-19', 9, 8, 7, 7),
('2019-09-20', 15, 13, 10, 8),
('2019-09-21', 15, 12, 12, 11),
('2019-09-22', 15, 12, 11, 10),
('2019-09-23', 5, 5, 5, 5),
('2019-09-24', 16, 9, 9, 9),
('2019-09-25', 15, 8, 7, 7),
('2019-09-26', 11, 8, 7, 5),
('2019-09-27', 14, 11, 10, 8),
('2019-09-28', 16, 10, 8, 7),
('2019-09-29', 15, 12, 9, 8),
('2021-04-01', 13, 9, 8, 7),
('2021-04-02', 7, 5, 5, 5),
('2021-04-03', 14, 9, 7, 5),
('2021-04-04', 12, 8, 7, 7),
('2021-04-05', 13, 9, 8, 4),
('2021-04-06', 14, 9, 8, 8),
('2021-04-07', 15, 9, 6, 5),
('2021-04-08', 9, 5, 5, 4),
('2021-04-09', 9, 5, 5, 3),
('2021-04-10', 14, 12, 10, 10),
('2021-04-11', 13, 10, 7, 6),
('2021-04-12', 11, 8, 6, 3),
('2021-04-13', 17, 12, 9, 9),
('2021-04-14', 14, 7, 5, 3),
('2021-04-15', 11, 8, 7, 7),
('2021-04-16', 12, 9, 6, 6),
('2021-04-17', 16, 11, 8, 6),
('2021-04-18', 15, 6, 4, 4),
('2021-04-19', 7, 4, 3, 3),
('2021-04-20', 15, 8, 7, 5),
('2021-04-21', 14, 9, 8, 8),
('2021-04-22', 8, 5, 4, 4),
('2021-04-23', 15, 12, 11, 7),
('2021-04-24', 14, 10, 8, 5),
('2021-04-25', 16, 10, 7, 5),
('2021-04-26', 11, 7, 6, 3),
('2021-04-27', 15, 9, 5, 5),
('2021-04-28', 14, 12, 10, 7),
('2021-04-29', 10, 5, 3, 2),
('2021-04-30', 15, 10, 9, 8),
('2021-05-01', 15, 13, 13, 12),
('2021-05-02', 15, 10, 10, 8),
('2021-05-03', 8, 7, 6, 5),
('2021-05-04', 16, 14, 11, 10),
('2021-05-05', 16, 10, 10, 8),
('2021-05-06', 10, 5, 4, 4),
('2021-05-07', 15, 10, 9, 8),
('2021-05-08', 15, 13, 12, 10),
('2021-05-09', 13, 8, 5, 5),
('2021-05-10', 5, 3, 2, 2),
('2021-05-11', 15, 9, 8, 6),
('2021-05-12', 15, 6, 5, 2),
('2021-05-13', 12, 6, 4, 4),
('2021-05-14', 16, 11, 9, 8),
('2021-05-15', 15, 12, 11, 11),
('2021-05-16', 15, 10, 9, 6),
('2021-05-17', 9, 6, 4, 4),
('2021-05-18', 15, 11, 9, 8),
('2021-05-19', 15, 8, 7, 6),
('2021-05-20', 11, 8, 7, 6),
('2021-05-21', 15, 12, 12, 11),
('2021-05-22', 15, 12, 8, 6),
('2021-05-23', 15, 11, 10, 8),
('2021-05-24', 8, 5, 5, 4),
('2021-05-25', 15, 9, 7, 4),
('2021-05-26', 13, 6, 5, 4),
('2021-05-27', 15, 7, 5, 3),
('2021-05-28', 10, 6, 5, 5),
('2021-05-29', 17, 11, 9, 7),
('2021-05-30', 14, 8, 7, 5),
('2021-05-31', 14, 10, 9, 7),
('2021-06-01', 15, 11, 10, 9),
('2021-06-02', 10, 8, 6, 5),
('2021-06-03', 12, 8, 7, 5),
('2021-06-04', 15, 10, 9, 9),
('2021-06-05', 15, 13, 9, 8),
('2021-06-06', 15, 9, 8, 6),
('2021-06-07', 3, 3, 3, 2),
('2021-06-08', 15, 13, 11, 6),
('2021-06-09', 15, 11, 8, 7),
('2021-06-10', 9, 9, 6, 6),
('2021-06-11', 14, 11, 8, 8),
('2021-06-12', 16, 12, 11, 11),
('2021-06-13', 15, 12, 10, 6),
('2021-06-14', 13, 8, 3, 3),
('2021-06-15', 15, 11, 10, 9),
('2021-06-16', 15, 10, 10, 10),
('2021-06-17', 10, 8, 8, 8),
('2021-06-18', 15, 11, 11, 7),
('2021-06-19', 15, 13, 13, 11),
('2021-06-20', 16, 10, 9, 7),
('2021-06-21', 8, 4, 4, 3),
('2021-06-22', 15, 7, 7, 6),
('2021-06-23', 13, 11, 9, 6),
('2021-06-24', 10, 6, 6, 5),
('2021-06-25', 15, 11, 10, 8),
('2021-06-26', 15, 7, 6, 5),
('2021-06-27', 15, 9, 8, 6),
('2021-06-28', 10, 8, 8, 6),
('2021-06-29', 14, 11, 8, 7),
('2021-06-30', 15, 14, 13, 10),
('2021-07-01', 11, 11, 9, 7),
('2021-07-02', 14, 11, 10, 10),
('2021-07-03', 15, 9, 9, 8),
('2021-07-04', 16, 8, 6, 5),
('2021-07-05', 11, 10, 10, 8),
('2021-07-06', 13, 10, 9, 8),
('2021-07-07', 17, 15, 10, 9),
('2021-07-08', 9, 7, 6, 3),
('2021-07-09', 15, 8, 7, 5),
('2021-07-10', 16, 11, 9, 8),
('2021-07-11', 13, 8, 8, 7),
('2021-07-16', 15, 12, 10, 9),
('2021-07-17', 15, 9, 9, 9),
('2021-07-18', 16, 11, 10, 9),
('2021-07-19', 12, 9, 7, 6),
('2021-07-20', 14, 11, 9, 9),
('2021-07-21', 15, 10, 9, 9),
('2021-07-22', 9, 5, 5, 4),
('2021-07-23', 15, 13, 10, 7),
('2021-07-24', 15, 11, 9, 7),
('2021-07-25', 15, 9, 6, 5),
('2021-07-26', 9, 7, 6, 5),
('2021-07-27', 14, 12, 11, 10),
('2021-07-28', 15, 9, 9, 8),
('2021-07-29', 12, 7, 7, 6),
('2021-07-30', 15, 12, 9, 8),
('2021-07-31', 15, 11, 10, 9),
('2021-08-01', 15, 10, 9, 6),
('2021-08-02', 8, 7, 6, 4),
('2021-08-03', 15, 11, 10, 9),
('2021-08-04', 15, 11, 10, 8),
('2021-08-05', 12, 8, 8, 6),
('2021-08-06', 15, 10, 8, 8),
('2021-08-07', 16, 10, 9, 6),
('2021-08-08', 15, 11, 11, 11),
('2021-08-09', 4, 4, 4, 4),
('2021-08-10', 17, 11, 9, 9),
('2021-08-11', 14, 10, 7, 7),
('2021-08-12', 14, 11, 10, 10),
('2021-08-13', 13, 8, 7, 7),
('2021-08-14', 16, 13, 11, 11),
('2021-08-15', 15, 12, 11, 9),
('2021-08-16', 10, 8, 7, 7),
('2021-08-17', 16, 7, 6, 5),
('2021-08-18', 15, 10, 9, 7),
('2021-08-19', 10, 9, 8, 7),
('2021-08-20', 15, 8, 7, 5),
('2021-08-21', 15, 12, 9, 8),
('2021-08-22', 13, 8, 8, 7),
('2021-08-23', 7, 5, 5, 3),
('2021-08-24', 14, 9, 6, 5),
('2021-08-25', 14, 10, 7, 6),
('2021-08-26', 12, 9, 9, 9),
('2021-08-27', 15, 9, 7, 7),
('2021-08-28', 15, 11, 5, 3),
('2021-08-29', 14, 10, 8, 7),
('2021-08-30', 11, 8, 5, 4),
('2021-08-31', 14, 7, 6, 5),
('2021-09-01', 14, 10, 8, 7),
('2021-09-02', 8, 5, 4, 4),
('2021-09-03', 15, 13, 11, 9),
('2021-09-04', 16, 13, 9, 9),
('2021-09-05', 15, 13, 11, 10),
('2021-09-06', 12, 9, 6, 5),
('2021-09-07', 15, 10, 9, 9),
('2021-09-08', 15, 8, 7, 7),
('2021-09-09', 8, 3, 2, 2),
('2021-09-10', 15, 13, 10, 9),
('2021-09-11', 16, 14, 13, 13),
('2021-09-12', 15, 12, 11, 7),
('2021-09-13', 8, 6, 5, 5),
('2021-09-14', 16, 13, 12, 12),
('2021-09-15', 15, 12, 11, 10),
('2021-09-16', 8, 6, 5, 5),
('2021-09-17', 15, 13, 11, 7),
('2021-09-18', 15, 9, 8, 6),
('2021-09-19', 15, 10, 10, 8),
('2021-09-20', 12, 9, 6, 6),
('2021-09-21', 15, 11, 9, 5),
('2021-09-22', 12, 11, 10, 9),
('2021-09-23', 12, 9, 9, 8),
('2021-09-24', 16, 10, 10, 9),
('2021-09-25', 15, 9, 8, 7),
('2021-09-26', 15, 9, 5, 4),
('2021-09-27', 5, 5, 5, 5),
('2021-09-28', 16, 9, 6, 4),
('2021-09-29', 15, 9, 6, 6),
('2021-09-30', 12, 11, 9, 6),
('2021-10-01', 15, 11, 8, 8),
('2021-10-02', 15, 12, 12, 11),
('2021-10-03', 15, 11, 10, 10);

-- --------------------------------------------------------

--
-- Table structure for table `mlb`
--

CREATE TABLE `mlb` (
  `date` date DEFAULT NULL,
  `team1` varchar(8) DEFAULT NULL,
  `team2` varchar(8) DEFAULT NULL,
  `score1` int DEFAULT NULL,
  `score2` int DEFAULT NULL,
  `score_total` int DEFAULT NULL,
  `day_night` varchar(8) DEFAULT NULL
) ENGINE=MyISAM DEFAULT CHARSET=latin1;

--
-- Dumping data for table `mlb`
--

INSERT INTO `mlb` (`date`, `team1`, `team2`, `score1`, `score2`, `score_total`, `day_night`) VALUES
('2021-04-01', 'ATLN', 'PHIN', 2, 3, 5, 'day'),
('2021-04-03', 'ATLN', 'PHIN', 0, 4, 4, 'day'),
('2021-04-04', 'ATLN', 'PHIN', 1, 2, 3, 'day'),
('2021-04-06', 'ATLN', 'WASN', 5, 6, 11, 'day'),
('2021-04-07', 'ATLN', 'WASN', 7, 6, 13, 'day'),
('2021-04-07', 'ATLN', 'WASN', 2, 0, 2, 'night'),
('2021-04-09', 'ATLN', 'PHIN', 8, 1, 9, 'night'),
('2021-04-10', 'ATLN', 'PHIN', 5, 4, 9, 'night'),
('2021-04-11', 'ATLN', 'PHIN', 6, 7, 13, 'night'),
('2021-04-12', 'ATLN', 'MIAN', 3, 5, 8, 'night'),
('2021-04-13', 'ATLN', 'MIAN', 8, 14, 22, 'night'),
('2021-04-14', 'ATLN', 'MIAN', 5, 6, 11, 'night'),
('2021-04-15', 'ATLN', 'MIAN', 7, 6, 13, 'day'),
('2021-04-16', 'ATLN', 'CHIN', 5, 2, 7, 'day'),
('2021-04-17', 'ATLN', 'CHIN', 4, 13, 17, 'day'),
('2021-04-18', 'ATLN', 'CHIN', 13, 4, 17, 'night'),
('2021-04-20', 'ATLN', 'NYA', 1, 3, 4, 'night'),
('2021-04-21', 'ATLN', 'NYA', 4, 1, 5, 'night'),
('2021-04-23', 'ATLN', 'ARIN', 5, 4, 9, 'night'),
('2021-04-25', 'ATLN', 'ARIN', 0, 5, 5, 'day'),
('2021-04-25', 'ATLN', 'ARIN', 0, 7, 7, 'night'),
('2021-04-26', 'ATLN', 'CHIN', 8, 7, 15, 'night'),
('2021-04-27', 'ATLN', 'CHIN', 5, 0, 5, 'night'),
('2021-04-28', 'ATLN', 'CHIN', 10, 0, 10, 'night'),
('2021-04-29', 'ATLN', 'CHIN', 3, 9, 12, 'night'),
('2021-04-30', 'ATLN', 'TORA', 5, 13, 18, 'night'),
('2021-05-01', 'ATLN', 'TORA', 5, 6, 11, 'night'),
('2021-05-02', 'ATLN', 'TORA', 2, 7, 9, 'day'),
('2021-05-04', 'ATLN', 'WASN', 6, 1, 7, 'night'),
('2021-05-05', 'ATLN', 'WASN', 5, 3, 8, 'night'),
('2021-05-06', 'ATLN', 'WASN', 3, 2, 5, 'day'),
('2021-05-07', 'ATLN', 'PHIN', 2, 12, 14, 'night'),
('2021-05-08', 'ATLN', 'PHIN', 8, 7, 15, 'night'),
('2021-05-09', 'ATLN', 'PHIN', 6, 1, 7, 'night'),
('2021-05-11', 'ATLN', 'TORA', 3, 5, 8, 'night'),
('2021-05-12', 'ATLN', 'TORA', 1, 4, 5, 'night'),
('2021-05-13', 'ATLN', 'TORA', 4, 8, 12, 'day'),
('2021-05-14', 'ATLN', 'MILN', 6, 3, 9, 'night'),
('2021-05-15', 'ATLN', 'MILN', 5, 1, 6, 'night'),
('2021-05-16', 'ATLN', 'MILN', 9, 10, 19, 'day'),
('2021-05-17', 'ATLN', 'NYN', 1, 3, 4, 'night'),
('2021-05-18', 'ATLN', 'NYN', 3, 4, 7, 'night'),
('2021-05-19', 'ATLN', 'NYN', 5, 4, 9, 'night'),
('2021-05-20', 'ATLN', 'PITN', 4, 6, 10, 'night'),
('2021-05-21', 'ATLN', 'PITN', 20, 1, 21, 'night'),
('2021-05-22', 'ATLN', 'PITN', 6, 1, 7, 'day'),
('2021-05-23', 'ATLN', 'PITN', 7, 1, 8, 'day'),
('2021-05-25', 'ATLN', 'BOSA', 3, 1, 4, 'night'),
('2021-05-26', 'ATLN', 'BOSA', 5, 9, 14, 'night'),
('2021-05-29', 'ATLN', 'NYN', 2, 13, 15, 'night'),
('2021-05-31', 'ATLN', 'WASN', 5, 3, 8, 'night'),
('2021-06-01', 'ATLN', 'WASN', 6, 11, 17, 'night'),
('2021-06-02', 'ATLN', 'WASN', 3, 5, 8, 'night'),
('2021-06-03', 'ATLN', 'WASN', 5, 1, 6, 'day'),
('2021-06-04', 'ATLN', 'LAN', 5, 9, 14, 'night'),
('2021-06-05', 'ATLN', 'LAN', 6, 4, 10, 'night'),
('2021-06-06', 'ATLN', 'LAN', 4, 2, 6, 'day'),
('2021-06-08', 'ATLN', 'PHIN', 9, 5, 14, 'night'),
('2021-06-09', 'ATLN', 'PHIN', 1, 2, 3, 'night'),
('2021-06-10', 'ATLN', 'PHIN', 3, 4, 7, 'day'),
('2021-06-11', 'ATLN', 'MIAN', 3, 4, 7, 'night'),
('2021-06-12', 'ATLN', 'MIAN', 2, 4, 6, 'day'),
('2021-06-13', 'ATLN', 'MIAN', 6, 4, 10, 'day'),
('2021-06-15', 'ATLN', 'BOSA', 8, 10, 18, 'night'),
('2021-06-16', 'ATLN', 'BOSA', 8, 10, 18, 'night'),
('2021-06-17', 'ATLN', 'STLN', 4, 0, 4, 'night'),
('2021-06-18', 'ATLN', 'STLN', 9, 1, 10, 'night'),
('2021-06-20', 'ATLN', 'STLN', 1, 9, 10, 'day'),
('2021-06-20', 'ATLN', 'STLN', 1, 0, 1, 'night'),
('2021-06-21', 'ATLN', 'NYN', 2, 4, 6, 'day'),
('2021-06-21', 'ATLN', 'NYN', 1, 0, 1, 'night'),
('2021-06-22', 'ATLN', 'NYN', 3, 0, 3, 'night'),
('2021-06-23', 'ATLN', 'NYN', 3, 7, 10, 'night'),
('2021-06-24', 'ATLN', 'CINN', 3, 5, 8, 'night'),
('2021-06-25', 'ATLN', 'CINN', 3, 2, 5, 'night'),
('2021-06-26', 'ATLN', 'CINN', 1, 4, 5, 'day'),
('2021-06-27', 'ATLN', 'CINN', 4, 0, 4, 'day'),
('2021-06-29', 'ATLN', 'NYN', 3, 4, 7, 'night'),
('2021-06-30', 'ATLN', 'NYN', 20, 2, 22, 'night'),
('2021-07-01', 'ATLN', 'NYN', 4, 3, 7, 'night'),
('2021-07-02', 'ATLN', 'MIAN', 1, 0, 1, 'night'),
('2021-07-03', 'ATLN', 'MIAN', 2, 3, 5, 'day'),
('2021-07-04', 'ATLN', 'MIAN', 8, 7, 15, 'day'),
('2021-07-05', 'ATLN', 'PITN', 1, 11, 12, 'night'),
('2021-07-06', 'ATLN', 'PITN', 1, 2, 3, 'night'),
('2021-07-07', 'ATLN', 'PITN', 14, 3, 17, 'day'),
('2021-07-09', 'ATLN', 'MIAN', 5, 0, 5, 'night'),
('2021-07-10', 'ATLN', 'MIAN', 5, 4, 9, 'day'),
('2021-07-11', 'ATLN', 'MIAN', 4, 7, 11, 'day'),
('2021-07-16', 'ATLN', 'TBA', 6, 7, 13, 'night'),
('2021-07-17', 'ATLN', 'TBA', 9, 0, 9, 'night'),
('2021-07-18', 'ATLN', 'TBA', 5, 7, 12, 'day'),
('2021-07-20', 'ATLN', 'SDN', 2, 1, 3, 'night'),
('2021-07-21', 'ATLN', 'SDN', 2, 3, 5, 'day'),
('2021-07-21', 'ATLN', 'SDN', 5, 6, 11, 'night'),
('2021-07-22', 'ATLN', 'PHIN', 7, 2, 9, 'night'),
('2021-07-23', 'ATLN', 'PHIN', 1, 5, 6, 'night'),
('2021-07-24', 'ATLN', 'PHIN', 15, 3, 18, 'night'),
('2021-07-25', 'ATLN', 'PHIN', 1, 2, 3, 'day'),
('2021-07-26', 'ATLN', 'NYN', 2, 0, 2, 'day'),
('2021-07-26', 'ATLN', 'NYN', 0, 1, 1, 'night'),
('2021-07-27', 'ATLN', 'NYN', 12, 5, 17, 'night'),
('2021-07-28', 'ATLN', 'NYN', 1, 2, 3, 'night'),
('2021-07-29', 'ATLN', 'NYN', 6, 3, 9, 'day'),
('2021-07-30', 'ATLN', 'MILN', 5, 9, 14, 'night'),
('2021-07-31', 'ATLN', 'MILN', 8, 1, 9, 'night'),
('2021-08-01', 'ATLN', 'MILN', 1, 2, 3, 'day'),
('2021-08-03', 'ATLN', 'STLN', 6, 1, 7, 'night'),
('2021-08-04', 'ATLN', 'STLN', 7, 4, 11, 'night'),
('2021-08-05', 'ATLN', 'STLN', 8, 4, 12, 'night'),
('2021-08-06', 'ATLN', 'WASN', 8, 4, 12, 'night'),
('2021-08-07', 'ATLN', 'WASN', 2, 3, 5, 'night'),
('2021-08-08', 'ATLN', 'WASN', 5, 4, 9, 'day'),
('2021-08-10', 'ATLN', 'CINN', 3, 2, 5, 'night'),
('2021-08-11', 'ATLN', 'CINN', 8, 6, 14, 'night'),
('2021-08-12', 'ATLN', 'CINN', 3, 12, 15, 'night'),
('2021-08-13', 'ATLN', 'WASN', 4, 2, 6, 'night'),
('2021-08-14', 'ATLN', 'WASN', 12, 2, 14, 'night'),
('2021-08-15', 'ATLN', 'WASN', 6, 5, 11, 'day'),
('2021-08-16', 'ATLN', 'MIAN', 12, 2, 14, 'night'),
('2021-08-17', 'ATLN', 'MIAN', 2, 0, 2, 'night'),
('2021-08-18', 'ATLN', 'MIAN', 11, 9, 20, 'night'),
('2021-08-20', 'ATLN', 'BALA', 3, 0, 3, 'night'),
('2021-08-21', 'ATLN', 'BALA', 5, 4, 9, 'night'),
('2021-08-22', 'ATLN', 'BALA', 3, 1, 4, 'day'),
('2021-08-23', 'ATLN', 'NYA', 1, 5, 6, 'night'),
('2021-08-24', 'ATLN', 'NYA', 4, 5, 9, 'night'),
('2021-08-27', 'ATLN', 'SFN', 6, 5, 11, 'night'),
('2021-08-28', 'ATLN', 'SFN', 0, 5, 5, 'night'),
('2021-08-29', 'ATLN', 'SFN', 9, 0, 9, 'day'),
('2021-08-30', 'ATLN', 'LAN', 3, 5, 8, 'night'),
('2021-08-31', 'ATLN', 'LAN', 2, 3, 5, 'night'),
('2021-09-01', 'ATLN', 'LAN', 3, 4, 7, 'night'),
('2021-09-02', 'ATLN', 'COLN', 6, 5, 11, 'night'),
('2021-09-03', 'ATLN', 'COLN', 3, 4, 7, 'night'),
('2021-09-04', 'ATLN', 'COLN', 6, 7, 13, 'night'),
('2021-09-05', 'ATLN', 'COLN', 9, 2, 11, 'day'),
('2021-09-07', 'ATLN', 'WASN', 8, 5, 13, 'night'),
('2021-09-08', 'ATLN', 'WASN', 2, 4, 6, 'night'),
('2021-09-09', 'ATLN', 'WASN', 7, 6, 13, 'night'),
('2021-09-10', 'ATLN', 'MIAN', 6, 2, 8, 'night'),
('2021-09-11', 'ATLN', 'MIAN', 4, 6, 10, 'night'),
('2021-09-12', 'ATLN', 'MIAN', 5, 3, 8, 'day'),
('2021-09-14', 'ATLN', 'COLN', 4, 5, 9, 'night'),
('2021-09-15', 'ATLN', 'COLN', 2, 3, 5, 'night'),
('2021-09-17', 'ATLN', 'SFN', 5, 6, 11, 'night'),
('2021-09-18', 'ATLN', 'SFN', 0, 2, 2, 'night'),
('2021-09-19', 'ATLN', 'SFN', 3, 0, 3, 'day'),
('2021-09-20', 'ATLN', 'ARIN', 11, 4, 15, 'night'),
('2021-09-21', 'ATLN', 'ARIN', 6, 1, 7, 'night'),
('2021-09-22', 'ATLN', 'ARIN', 9, 2, 11, 'night'),
('2021-09-23', 'ATLN', 'ARIN', 4, 6, 10, 'day'),
('2021-09-24', 'ATLN', 'SDN', 4, 0, 4, 'night'),
('2021-09-25', 'ATLN', 'SDN', 10, 8, 18, 'day'),
('2021-09-26', 'ATLN', 'SDN', 4, 3, 7, 'day'),
('2021-09-28', 'ATLN', 'PHIN', 2, 1, 3, 'night'),
('2021-09-29', 'ATLN', 'PHIN', 7, 2, 9, 'night'),
('2021-09-30', 'ATLN', 'PHIN', 5, 3, 8, 'night'),
('2021-10-01', 'ATLN', 'NYN', 3, 4, 7, 'night'),
('2021-10-02', 'ATLN', 'NYN', 6, 5, 11, 'night'),
('2021-10-03', 'ATLN', 'NYN', 5, 0, 5, 'day'),
('2021-04-05', 'PHIN', 'NYN', 5, 3, 8, 'night'),
('2021-04-06', 'PHIN', 'NYN', 4, 8, 12, 'night'),
('2021-04-07', 'PHIN', 'NYN', 8, 2, 10, 'day'),
('2021-04-13', 'PHIN', 'NYN', 3, 4, 7, 'day'),
('2021-04-13', 'PHIN', 'NYN', 0, 4, 4, 'night'),
('2021-04-14', 'PHIN', 'NYN', 1, 5, 6, 'night'),
('2021-04-16', 'PHIN', 'STLN', 9, 2, 11, 'night'),
('2021-04-17', 'PHIN', 'STLN', 4, 9, 13, 'day'),
('2021-04-18', 'PHIN', 'STLN', 2, 0, 2, 'day'),
('2021-04-19', 'PHIN', 'SFN', 0, 2, 2, 'night'),
('2021-04-20', 'PHIN', 'SFN', 7, 10, 17, 'night'),
('2021-04-21', 'PHIN', 'SFN', 6, 5, 11, 'day'),
('2021-04-23', 'PHIN', 'COLN', 4, 5, 9, 'night'),
('2021-04-24', 'PHIN', 'COLN', 7, 5, 12, 'night'),
('2021-04-25', 'PHIN', 'COLN', 2, 12, 14, 'day'),
('2021-04-26', 'PHIN', 'STLN', 2, 1, 3, 'night'),
('2021-04-27', 'PHIN', 'STLN', 2, 5, 7, 'night'),
('2021-04-28', 'PHIN', 'STLN', 5, 3, 8, 'night'),
('2021-04-29', 'PHIN', 'STLN', 3, 4, 7, 'day'),
('2021-04-30', 'PHIN', 'NYN', 2, 1, 3, 'night'),
('2021-05-01', 'PHIN', 'NYN', 4, 5, 9, 'night'),
('2021-05-02', 'PHIN', 'NYN', 7, 8, 15, 'night'),
('2021-05-03', 'PHIN', 'MILN', 4, 3, 7, 'night'),
('2021-05-04', 'PHIN', 'MILN', 6, 5, 11, 'night'),
('2021-05-05', 'PHIN', 'MILN', 5, 4, 9, 'night'),
('2021-05-06', 'PHIN', 'MILN', 2, 0, 2, 'day'),
('2021-05-11', 'PHIN', 'WASN', 6, 2, 8, 'night'),
('2021-05-12', 'PHIN', 'WASN', 5, 2, 7, 'night'),
('2021-05-13', 'PHIN', 'WASN', 1, 5, 6, 'day'),
('2021-05-14', 'PHIN', 'TORA', 5, 1, 6, 'night'),
('2021-05-15', 'PHIN', 'TORA', 0, 4, 4, 'night'),
('2021-05-16', 'PHIN', 'TORA', 8, 10, 18, 'day'),
('2021-05-18', 'PHIN', 'MIAN', 8, 3, 11, 'night'),
('2021-05-19', 'PHIN', 'MIAN', 1, 3, 4, 'night'),
('2021-05-20', 'PHIN', 'MIAN', 0, 6, 6, 'night'),
('2021-05-21', 'PHIN', 'BOSA', 3, 11, 14, 'night'),
('2021-05-22', 'PHIN', 'BOSA', 3, 4, 7, 'night'),
('2021-05-23', 'PHIN', 'BOSA', 6, 2, 8, 'day'),
('2021-05-24', 'PHIN', 'MIAN', 6, 9, 15, 'night'),
('2021-05-25', 'PHIN', 'MIAN', 2, 0, 2, 'night'),
('2021-05-26', 'PHIN', 'MIAN', 2, 4, 6, 'night'),
('2021-05-27', 'PHIN', 'MIAN', 3, 2, 5, 'day'),
('2021-05-29', 'PHIN', 'TBA', 3, 5, 8, 'day'),
('2021-05-30', 'PHIN', 'TBA', 2, 6, 8, 'day'),
('2021-05-31', 'PHIN', 'CINN', 1, 11, 12, 'day'),
('2021-06-01', 'PHIN', 'CINN', 17, 3, 20, 'night'),
('2021-06-04', 'PHIN', 'WASN', 1, 2, 3, 'night'),
('2021-06-05', 'PHIN', 'WASN', 5, 2, 7, 'day'),
('2021-06-06', 'PHIN', 'WASN', 12, 6, 18, 'day'),
('2021-06-12', 'PHIN', 'NYA', 8, 7, 15, 'day'),
('2021-06-13', 'PHIN', 'NYA', 7, 0, 7, 'day'),
('2021-06-14', 'PHIN', 'LAN', 1, 3, 4, 'night'),
('2021-06-15', 'PHIN', 'LAN', 3, 5, 8, 'night'),
('2021-06-16', 'PHIN', 'LAN', 2, 0, 2, 'night'),
('2021-06-18', 'PHIN', 'SFN', 3, 5, 8, 'night'),
('2021-06-19', 'PHIN', 'SFN', 13, 6, 19, 'day'),
('2021-06-20', 'PHIN', 'SFN', 2, 11, 13, 'day'),
('2021-06-22', 'PHIN', 'WASN', 2, 3, 5, 'night'),
('2021-06-23', 'PHIN', 'WASN', 12, 13, 25, 'day'),
('2021-06-25', 'PHIN', 'NYN', 1, 2, 3, 'day'),
('2021-06-25', 'PHIN', 'NYN', 2, 1, 3, 'night'),
('2021-06-26', 'PHIN', 'NYN', 3, 4, 7, 'day'),
('2021-06-27', 'PHIN', 'NYN', 4, 2, 6, 'day'),
('2021-06-28', 'PHIN', 'CINN', 4, 12, 16, 'night'),
('2021-06-29', 'PHIN', 'MIAN', 4, 3, 7, 'night'),
('2021-06-30', 'PHIN', 'MIAN', 6, 11, 17, 'night'),
('2021-07-02', 'PHIN', 'SDN', 4, 3, 7, 'night'),
('2021-07-03', 'PHIN', 'SDN', 4, 2, 6, 'day'),
('2021-07-04', 'PHIN', 'SDN', 1, 11, 12, 'day'),
('2021-07-05', 'PHIN', 'CHIN', 13, 3, 16, 'night'),
('2021-07-06', 'PHIN', 'CHIN', 15, 10, 25, 'night'),
('2021-07-07', 'PHIN', 'CHIN', 3, 8, 11, 'night'),
('2021-07-08', 'PHIN', 'CHIN', 8, 0, 8, 'night'),
('2021-07-09', 'PHIN', 'BOSA', 5, 11, 16, 'night'),
('2021-07-10', 'PHIN', 'BOSA', 11, 2, 13, 'day'),
('2021-07-11', 'PHIN', 'BOSA', 5, 4, 9, 'day'),
('2021-07-16', 'PHIN', 'MIAN', 5, 2, 7, 'day'),
('2021-07-16', 'PHIN', 'MIAN', 0, 7, 7, 'night'),
('2021-07-17', 'PHIN', 'MIAN', 4, 2, 6, 'day'),
('2021-07-18', 'PHIN', 'MIAN', 7, 4, 11, 'day'),
('2021-07-20', 'PHIN', 'NYA', 4, 6, 10, 'night'),
('2021-07-21', 'PHIN', 'NYA', 5, 6, 11, 'night'),
('2021-07-26', 'PHIN', 'WASN', 6, 5, 11, 'night'),
('2021-07-27', 'PHIN', 'WASN', 4, 6, 10, 'night'),
('2021-07-29', 'PHIN', 'WASN', 1, 3, 4, 'day'),
('2021-07-29', 'PHIN', 'WASN', 11, 8, 19, 'night'),
('2021-07-30', 'PHIN', 'PITN', 0, 7, 7, 'night'),
('2021-07-31', 'PHIN', 'PITN', 2, 3, 5, 'night'),
('2021-08-01', 'PHIN', 'PITN', 15, 4, 19, 'day'),
('2021-08-02', 'PHIN', 'WASN', 7, 5, 12, 'night'),
('2021-08-03', 'PHIN', 'WASN', 5, 4, 9, 'night'),
('2021-08-04', 'PHIN', 'WASN', 9, 5, 14, 'night'),
('2021-08-05', 'PHIN', 'WASN', 7, 6, 13, 'day'),
('2021-08-06', 'PHIN', 'NYN', 4, 2, 6, 'night'),
('2021-08-07', 'PHIN', 'NYN', 5, 3, 8, 'day'),
('2021-08-08', 'PHIN', 'NYN', 3, 0, 3, 'day'),
('2021-08-10', 'PHIN', 'LAN', 0, 5, 5, 'night'),
('2021-08-11', 'PHIN', 'LAN', 2, 8, 10, 'night'),
('2021-08-12', 'PHIN', 'LAN', 2, 1, 3, 'day'),
('2021-08-13', 'PHIN', 'CINN', 1, 6, 7, 'night'),
('2021-08-14', 'PHIN', 'CINN', 6, 1, 7, 'day'),
('2021-08-15', 'PHIN', 'CINN', 4, 7, 11, 'day'),
('2021-08-17', 'PHIN', 'ARIN', 2, 3, 5, 'night'),
('2021-08-18', 'PHIN', 'ARIN', 2, 4, 6, 'night'),
('2021-08-19', 'PHIN', 'ARIN', 2, 6, 8, 'day'),
('2021-08-20', 'PHIN', 'SDN', 4, 3, 7, 'night'),
('2021-08-21', 'PHIN', 'SDN', 3, 4, 7, 'night'),
('2021-08-22', 'PHIN', 'SDN', 7, 4, 11, 'day'),
('2021-08-24', 'PHIN', 'TBA', 1, 3, 4, 'night'),
('2021-08-25', 'PHIN', 'TBA', 4, 7, 11, 'night'),
('2021-08-26', 'PHIN', 'ARIN', 7, 8, 15, 'night'),
('2021-08-27', 'PHIN', 'ARIN', 7, 6, 13, 'night'),
('2021-08-28', 'PHIN', 'ARIN', 7, 0, 7, 'night'),
('2021-08-29', 'PHIN', 'ARIN', 7, 4, 11, 'day'),
('2021-08-30', 'PHIN', 'WASN', 7, 4, 11, 'night'),
('2021-08-31', 'PHIN', 'WASN', 12, 6, 18, 'night'),
('2021-09-02', 'PHIN', 'WASN', 7, 6, 13, 'day'),
('2021-09-03', 'PHIN', 'MIAN', 3, 10, 13, 'night'),
('2021-09-04', 'PHIN', 'MIAN', 2, 3, 5, 'night'),
('2021-09-05', 'PHIN', 'MIAN', 4, 3, 7, 'day'),
('2021-09-06', 'PHIN', 'MILN', 12, 0, 12, 'day'),
('2021-09-07', 'PHIN', 'MILN', 0, 10, 10, 'night'),
('2021-09-08', 'PHIN', 'MILN', 3, 4, 7, 'night'),
('2021-09-09', 'PHIN', 'COLN', 3, 4, 7, 'night'),
('2021-09-10', 'PHIN', 'COLN', 2, 11, 13, 'night'),
('2021-09-11', 'PHIN', 'COLN', 6, 1, 7, 'night'),
('2021-09-12', 'PHIN', 'COLN', 4, 5, 9, 'day'),
('2021-09-14', 'PHIN', 'CHIN', 3, 6, 9, 'night'),
('2021-09-15', 'PHIN', 'CHIN', 6, 5, 11, 'night'),
('2021-09-16', 'PHIN', 'CHIN', 17, 8, 25, 'night'),
('2021-09-17', 'PHIN', 'NYN', 4, 3, 7, 'night'),
('2021-09-18', 'PHIN', 'NYN', 5, 3, 8, 'night'),
('2021-09-19', 'PHIN', 'NYN', 2, 3, 5, 'night'),
('2021-09-20', 'PHIN', 'BALA', 0, 2, 2, 'night'),
('2021-09-21', 'PHIN', 'BALA', 3, 2, 5, 'night'),
('2021-09-22', 'PHIN', 'BALA', 4, 3, 7, 'night'),
('2021-09-23', 'PHIN', 'PITN', 12, 6, 18, 'night'),
('2021-09-24', 'PHIN', 'PITN', 8, 6, 14, 'night'),
('2021-09-25', 'PHIN', 'PITN', 3, 0, 3, 'day'),
('2021-09-26', 'PHIN', 'PITN', 0, 6, 6, 'day'),
('2021-10-01', 'PHIN', 'MIAN', 5, 0, 5, 'night'),
('2021-10-02', 'PHIN', 'MIAN', 1, 3, 4, 'night'),
('2021-10-03', 'PHIN', 'MIAN', 4, 5, 9, 'day'),
('2021-04-08', 'NYN', 'MIAN', 3, 2, 5, 'day'),
('2021-04-10', 'NYN', 'MIAN', 0, 3, 3, 'day'),
('2021-04-11', 'NYN', 'MIAN', 6, 5, 11, 'day'),
('2021-04-17', 'NYN', 'COLN', 4, 3, 7, 'day'),
('2021-04-17', 'NYN', 'COLN', 2, 7, 9, 'night'),
('2021-04-18', 'NYN', 'COLN', 2, 1, 3, 'day'),
('2021-04-20', 'NYN', 'CHIN', 1, 3, 4, 'night'),
('2021-04-21', 'NYN', 'CHIN', 4, 16, 20, 'night'),
('2021-04-22', 'NYN', 'CHIN', 3, 4, 7, 'night'),
('2021-04-23', 'NYN', 'WASN', 6, 0, 6, 'night'),
('2021-04-24', 'NYN', 'WASN', 1, 7, 8, 'day'),
('2021-04-25', 'NYN', 'WASN', 4, 0, 4, 'day'),
('2021-04-27', 'NYN', 'BOSA', 1, 2, 3, 'night'),
('2021-04-28', 'NYN', 'BOSA', 0, 1, 1, 'night'),
('2021-05-03', 'NYN', 'STLN', 5, 6, 11, 'night'),
('2021-05-05', 'NYN', 'STLN', 1, 4, 5, 'day'),
('2021-05-05', 'NYN', 'STLN', 7, 2, 9, 'night'),
('2021-05-06', 'NYN', 'STLN', 4, 1, 5, 'day'),
('2021-05-07', 'NYN', 'ARIN', 5, 4, 9, 'night'),
('2021-05-08', 'NYN', 'ARIN', 4, 2, 6, 'night'),
('2021-05-09', 'NYN', 'ARIN', 4, 2, 6, 'day'),
('2021-05-11', 'NYN', 'BALA', 3, 2, 5, 'night'),
('2021-05-12', 'NYN', 'BALA', 7, 1, 8, 'day'),
('2021-05-14', 'NYN', 'TBA', 2, 3, 5, 'night'),
('2021-05-15', 'NYN', 'TBA', 5, 12, 17, 'day'),
('2021-05-16', 'NYN', 'TBA', 1, 7, 8, 'day'),
('2021-05-21', 'NYN', 'MIAN', 6, 5, 11, 'night'),
('2021-05-22', 'NYN', 'MIAN', 1, 3, 4, 'day'),
('2021-05-23', 'NYN', 'MIAN', 1, 5, 6, 'day'),
('2021-05-24', 'NYN', 'COLN', 2, 3, 5, 'night'),
('2021-05-25', 'NYN', 'COLN', 3, 1, 4, 'night'),
('2021-05-27', 'NYN', 'COLN', 1, 0, 1, 'day'),
('2021-05-27', 'NYN', 'COLN', 4, 2, 6, 'night'),
('2021-05-31', 'NYN', 'ARIN', 6, 2, 8, 'night'),
('2021-06-01', 'NYN', 'ARIN', 5, 6, 11, 'night'),
('2021-06-02', 'NYN', 'ARIN', 7, 6, 13, 'day'),
('2021-06-03', 'NYN', 'SDN', 3, 4, 7, 'night'),
('2021-06-04', 'NYN', 'SDN', 0, 2, 2, 'night'),
('2021-06-05', 'NYN', 'SDN', 4, 0, 4, 'night'),
('2021-06-06', 'NYN', 'SDN', 6, 2, 8, 'day'),
('2021-06-08', 'NYN', 'BALA', 3, 10, 13, 'night'),
('2021-06-09', 'NYN', 'BALA', 14, 1, 15, 'night'),
('2021-06-11', 'NYN', 'SDN', 3, 2, 5, 'night'),
('2021-06-12', 'NYN', 'SDN', 4, 1, 5, 'day'),
('2021-06-13', 'NYN', 'SDN', 3, 7, 10, 'day'),
('2021-06-14', 'NYN', 'CHIN', 5, 2, 7, 'night'),
('2021-06-15', 'NYN', 'CHIN', 3, 2, 5, 'night'),
('2021-06-16', 'NYN', 'CHIN', 6, 3, 9, 'night'),
('2021-06-17', 'NYN', 'CHIN', 0, 2, 2, 'night'),
('2021-06-18', 'NYN', 'WASN', 0, 1, 1, 'night'),
('2021-06-19', 'NYN', 'WASN', 5, 1, 6, 'day'),
('2021-06-19', 'NYN', 'WASN', 2, 6, 8, 'night'),
('2021-06-20', 'NYN', 'WASN', 2, 5, 7, 'day'),
('2021-06-28', 'NYN', 'WASN', 4, 8, 12, 'night'),
('2021-07-03', 'NYN', 'NYA', 8, 3, 11, 'day'),
('2021-07-04', 'NYN', 'NYA', 10, 5, 15, 'day'),
('2021-07-04', 'NYN', 'NYA', 2, 4, 6, 'night'),
('2021-07-05', 'NYN', 'MILN', 4, 2, 6, 'night'),
('2021-07-07', 'NYN', 'MILN', 4, 3, 7, 'day'),
('2021-07-07', 'NYN', 'MILN', 0, 5, 5, 'night'),
('2021-07-09', 'NYN', 'PITN', 13, 4, 17, 'night'),
('2021-07-10', 'NYN', 'PITN', 2, 6, 8, 'day'),
('2021-07-10', 'NYN', 'PITN', 4, 2, 6, 'night'),
('2021-07-11', 'NYN', 'PITN', 5, 6, 11, 'day'),
('2021-07-16', 'NYN', 'PITN', 1, 4, 5, 'night'),
('2021-07-17', 'NYN', 'PITN', 7, 9, 16, 'night'),
('2021-07-18', 'NYN', 'PITN', 7, 6, 13, 'day'),
('2021-07-19', 'NYN', 'CINN', 15, 11, 26, 'night'),
('2021-07-20', 'NYN', 'CINN', 3, 4, 7, 'night'),
('2021-07-21', 'NYN', 'CINN', 7, 0, 7, 'day'),
('2021-07-23', 'NYN', 'TORA', 3, 0, 3, 'night'),
('2021-07-24', 'NYN', 'TORA', 3, 10, 13, 'night'),
('2021-07-25', 'NYN', 'TORA', 5, 4, 9, 'day'),
('2021-07-30', 'NYN', 'CINN', 2, 6, 8, 'night'),
('2021-07-31', 'NYN', 'CINN', 5, 4, 9, 'night'),
('2021-08-01', 'NYN', 'CINN', 1, 7, 8, 'day'),
('2021-08-02', 'NYN', 'MIAN', 3, 6, 9, 'night'),
('2021-08-03', 'NYN', 'MIAN', 4, 5, 9, 'night'),
('2021-08-04', 'NYN', 'MIAN', 5, 3, 8, 'night'),
('2021-08-05', 'NYN', 'MIAN', 2, 4, 6, 'day'),
('2021-08-10', 'NYN', 'WASN', 8, 7, 15, 'day'),
('2021-08-12', 'NYN', 'WASN', 4, 1, 5, 'day'),
('2021-08-12', 'NYN', 'WASN', 5, 4, 9, 'night'),
('2021-08-13', 'NYN', 'LAN', 5, 6, 11, 'night'),
('2021-08-14', 'NYN', 'LAN', 1, 2, 3, 'night'),
('2021-08-15', 'NYN', 'LAN', 4, 14, 18, 'night'),
('2021-08-16', 'NYN', 'SFN', 5, 7, 12, 'night'),
('2021-08-17', 'NYN', 'SFN', 2, 3, 5, 'night'),
('2021-08-18', 'NYN', 'SFN', 6, 2, 8, 'day'),
('2021-08-19', 'NYN', 'LAN', 1, 4, 5, 'night'),
('2021-08-20', 'NYN', 'LAN', 2, 3, 5, 'night'),
('2021-08-21', 'NYN', 'LAN', 3, 4, 7, 'day'),
('2021-08-22', 'NYN', 'LAN', 7, 2, 9, 'day'),
('2021-08-24', 'NYN', 'SFN', 0, 8, 8, 'night'),
('2021-08-25', 'NYN', 'SFN', 2, 3, 5, 'night'),
('2021-08-26', 'NYN', 'SFN', 2, 3, 5, 'night'),
('2021-08-27', 'NYN', 'WASN', 1, 2, 3, 'night'),
('2021-08-28', 'NYN', 'WASN', 5, 3, 8, 'night'),
('2021-08-29', 'NYN', 'WASN', 9, 4, 13, 'day'),
('2021-08-31', 'NYN', 'MIAN', 3, 1, 4, 'night'),
('2021-09-02', 'NYN', 'MIAN', 4, 3, 7, 'night'),
('2021-09-03', 'NYN', 'WASN', 6, 2, 8, 'night'),
('2021-09-04', 'NYN', 'WASN', 11, 9, 20, 'day'),
('2021-09-04', 'NYN', 'WASN', 3, 4, 7, 'night'),
('2021-09-05', 'NYN', 'WASN', 13, 6, 19, 'day'),
('2021-09-06', 'NYN', 'WASN', 3, 4, 7, 'day'),
('2021-09-07', 'NYN', 'MIAN', 9, 4, 13, 'night'),
('2021-09-08', 'NYN', 'MIAN', 1, 2, 3, 'night'),
('2021-09-09', 'NYN', 'MIAN', 2, 3, 5, 'night'),
('2021-09-10', 'NYN', 'NYA', 10, 3, 13, 'night'),
('2021-09-11', 'NYN', 'NYA', 7, 8, 15, 'night'),
('2021-09-12', 'NYN', 'NYA', 7, 6, 13, 'night'),
('2021-09-13', 'NYN', 'STLN', 0, 7, 7, 'night'),
('2021-09-14', 'NYN', 'STLN', 6, 7, 13, 'night'),
('2021-09-15', 'NYN', 'STLN', 4, 11, 15, 'night'),
('2021-09-21', 'NYN', 'BOSA', 3, 6, 9, 'night'),
('2021-09-22', 'NYN', 'BOSA', 5, 12, 17, 'night'),
('2021-09-24', 'NYN', 'MILN', 1, 5, 6, 'night'),
('2021-09-25', 'NYN', 'MILN', 1, 2, 3, 'night'),
('2021-09-26', 'NYN', 'MILN', 4, 8, 12, 'day'),
('2021-09-28', 'NYN', 'MIAN', 5, 2, 7, 'day'),
('2021-09-28', 'NYN', 'MIAN', 2, 1, 3, 'night'),
('2021-09-29', 'NYN', 'MIAN', 2, 3, 5, 'night'),
('2021-09-30', 'NYN', 'MIAN', 12, 3, 15, 'night'),
('2021-04-01', 'MIAN', 'TBA', 0, 1, 1, 'day'),
('2021-04-02', 'MIAN', 'TBA', 4, 6, 10, 'night'),
('2021-04-03', 'MIAN', 'TBA', 12, 7, 19, 'night'),
('2021-04-05', 'MIAN', 'STLN', 1, 4, 5, 'night'),
('2021-04-06', 'MIAN', 'STLN', 2, 4, 6, 'night'),
('2021-04-07', 'MIAN', 'STLN', 0, 7, 7, 'day'),
('2021-04-16', 'MIAN', 'SFN', 4, 1, 5, 'night'),
('2021-04-17', 'MIAN', 'SFN', 7, 6, 13, 'night'),
('2021-04-18', 'MIAN', 'SFN', 0, 1, 1, 'day'),
('2021-04-20', 'MIAN', 'BALA', 5, 7, 12, 'night'),
('2021-04-21', 'MIAN', 'BALA', 3, 0, 3, 'day'),
('2021-04-22', 'MIAN', 'SFN', 0, 3, 3, 'night'),
('2021-04-23', 'MIAN', 'SFN', 3, 5, 8, 'night'),
('2021-04-24', 'MIAN', 'SFN', 5, 2, 7, 'night'),
('2021-04-25', 'MIAN', 'SFN', 3, 4, 7, 'day'),
('2021-04-26', 'MIAN', 'MILN', 8, 0, 8, 'night'),
('2021-04-27', 'MIAN', 'MILN', 4, 5, 9, 'night'),
('2021-04-28', 'MIAN', 'MILN', 6, 2, 8, 'day'),
('2021-04-30', 'MIAN', 'WASN', 1, 2, 3, 'night'),
('2021-05-01', 'MIAN', 'WASN', 2, 7, 9, 'day'),
('2021-05-02', 'MIAN', 'WASN', 1, 3, 4, 'day'),
('2021-05-04', 'MIAN', 'ARIN', 9, 3, 12, 'night'),
('2021-05-05', 'MIAN', 'ARIN', 8, 0, 8, 'night'),
('2021-05-06', 'MIAN', 'ARIN', 3, 1, 4, 'night'),
('2021-05-07', 'MIAN', 'MILN', 6, 1, 7, 'night'),
('2021-05-08', 'MIAN', 'MILN', 2, 6, 8, 'night'),
('2021-05-09', 'MIAN', 'MILN', 1, 2, 3, 'day'),
('2021-05-10', 'MIAN', 'ARIN', 2, 5, 7, 'night'),
('2021-05-11', 'MIAN', 'ARIN', 3, 11, 14, 'night'),
('2021-05-12', 'MIAN', 'ARIN', 3, 2, 5, 'night'),
('2021-05-13', 'MIAN', 'ARIN', 5, 1, 6, 'night'),
('2021-05-14', 'MIAN', 'LAN', 6, 9, 15, 'night'),
('2021-05-15', 'MIAN', 'LAN', 0, 7, 7, 'night'),
('2021-05-16', 'MIAN', 'LAN', 3, 2, 5, 'day'),
('2021-05-28', 'MIAN', 'BOSA', 2, 5, 7, 'night'),
('2021-05-29', 'MIAN', 'BOSA', 1, 3, 4, 'day'),
('2021-06-01', 'MIAN', 'TORA', 1, 5, 6, 'night'),
('2021-06-02', 'MIAN', 'TORA', 5, 6, 11, 'night'),
('2021-06-03', 'MIAN', 'PITN', 3, 5, 8, 'night'),
('2021-06-04', 'MIAN', 'PITN', 2, 9, 11, 'night'),
('2021-06-05', 'MIAN', 'PITN', 7, 8, 15, 'day'),
('2021-06-06', 'MIAN', 'PITN', 3, 1, 4, 'day'),
('2021-06-07', 'MIAN', 'BOSA', 3, 5, 8, 'night'),
('2021-06-08', 'MIAN', 'COLN', 6, 2, 8, 'night'),
('2021-06-09', 'MIAN', 'COLN', 3, 4, 7, 'night'),
('2021-06-10', 'MIAN', 'COLN', 11, 4, 15, 'night'),
('2021-06-14', 'MIAN', 'STLN', 2, 4, 6, 'night'),
('2021-06-15', 'MIAN', 'STLN', 1, 2, 3, 'night'),
('2021-06-16', 'MIAN', 'STLN', 0, 1, 1, 'day'),
('2021-06-18', 'MIAN', 'CHIN', 10, 2, 12, 'night'),
('2021-06-19', 'MIAN', 'CHIN', 11, 1, 12, 'day'),
('2021-06-20', 'MIAN', 'CHIN', 0, 2, 2, 'day'),
('2021-06-22', 'MIAN', 'TORA', 1, 2, 3, 'night'),
('2021-06-23', 'MIAN', 'TORA', 1, 3, 4, 'night'),
('2021-06-24', 'MIAN', 'WASN', 3, 7, 10, 'night'),
('2021-06-25', 'MIAN', 'WASN', 11, 2, 13, 'night'),
('2021-06-26', 'MIAN', 'WASN', 3, 2, 5, 'day'),
('2021-06-27', 'MIAN', 'WASN', 1, 5, 6, 'day'),
('2021-07-05', 'MIAN', 'LAN', 5, 4, 9, 'night'),
('2021-07-06', 'MIAN', 'LAN', 2, 1, 3, 'night'),
('2021-07-07', 'MIAN', 'LAN', 9, 6, 15, 'night'),
('2021-07-08', 'MIAN', 'LAN', 1, 6, 7, 'day'),
('2021-07-19', 'MIAN', 'WASN', 1, 18, 19, 'night'),
('2021-07-20', 'MIAN', 'WASN', 3, 6, 9, 'night'),
('2021-07-21', 'MIAN', 'WASN', 3, 1, 4, 'night'),
('2021-07-22', 'MIAN', 'SDN', 2, 3, 5, 'night'),
('2021-07-23', 'MIAN', 'SDN', 2, 5, 7, 'night'),
('2021-07-24', 'MIAN', 'SDN', 3, 2, 5, 'night'),
('2021-07-25', 'MIAN', 'SDN', 9, 3, 12, 'day'),
('2021-07-27', 'MIAN', 'BALA', 7, 3, 10, 'night'),
('2021-07-28', 'MIAN', 'BALA', 7, 8, 15, 'night'),
('2021-07-30', 'MIAN', 'NYA', 1, 3, 4, 'night'),
('2021-07-31', 'MIAN', 'NYA', 2, 4, 6, 'night'),
('2021-08-01', 'MIAN', 'NYA', 1, 3, 4, 'day'),
('2021-08-06', 'MIAN', 'COLN', 2, 14, 16, 'night'),
('2021-08-07', 'MIAN', 'COLN', 4, 7, 11, 'night'),
('2021-08-08', 'MIAN', 'COLN', 8, 13, 21, 'day'),
('2021-08-09', 'MIAN', 'SDN', 3, 8, 11, 'night'),
('2021-08-10', 'MIAN', 'SDN', 5, 6, 11, 'night'),
('2021-08-11', 'MIAN', 'SDN', 7, 0, 7, 'day'),
('2021-08-13', 'MIAN', 'CHIN', 14, 10, 24, 'night'),
('2021-08-14', 'MIAN', 'CHIN', 5, 4, 9, 'night'),
('2021-08-15', 'MIAN', 'CHIN', 4, 1, 5, 'day'),
('2021-08-19', 'MIAN', 'CINN', 1, 6, 7, 'night'),
('2021-08-20', 'MIAN', 'CINN', 3, 5, 8, 'night'),
('2021-08-21', 'MIAN', 'CINN', 4, 7, 11, 'night'),
('2021-08-22', 'MIAN', 'CINN', 1, 3, 4, 'day'),
('2021-08-24', 'MIAN', 'WASN', 1, 5, 6, 'night'),
('2021-08-25', 'MIAN', 'WASN', 4, 3, 7, 'night'),
('2021-08-26', 'MIAN', 'WASN', 7, 5, 12, 'night'),
('2021-08-27', 'MIAN', 'CINN', 0, 6, 6, 'night'),
('2021-08-28', 'MIAN', 'CINN', 6, 1, 7, 'night'),
('2021-08-29', 'MIAN', 'CINN', 2, 1, 3, 'day'),
('2021-09-13', 'MIAN', 'WASN', 3, 0, 3, 'night'),
('2021-09-14', 'MIAN', 'WASN', 2, 8, 10, 'night'),
('2021-09-15', 'MIAN', 'WASN', 8, 6, 14, 'day'),
('2021-09-17', 'MIAN', 'PITN', 1, 2, 3, 'night'),
('2021-09-18', 'MIAN', 'PITN', 3, 6, 9, 'night'),
('2021-09-19', 'MIAN', 'PITN', 6, 5, 11, 'day'),
('2021-09-20', 'MIAN', 'WASN', 8, 7, 15, 'night'),
('2021-09-21', 'MIAN', 'WASN', 1, 7, 8, 'night'),
('2021-09-22', 'MIAN', 'WASN', 5, 7, 12, 'night'),
('2021-09-24', 'MIAN', 'TBA', 0, 8, 8, 'night'),
('2021-09-25', 'MIAN', 'TBA', 3, 7, 10, 'night'),
('2021-09-26', 'MIAN', 'TBA', 2, 3, 5, 'day'),
('2021-04-09', 'WASN', 'LAN', 0, 1, 1, 'day'),
('2021-04-10', 'WASN', 'LAN', 5, 9, 14, 'night'),
('2021-04-11', 'WASN', 'LAN', 0, 3, 3, 'day'),
('2021-04-12', 'WASN', 'STLN', 5, 2, 7, 'night'),
('2021-04-13', 'WASN', 'STLN', 3, 14, 17, 'night'),
('2021-04-14', 'WASN', 'STLN', 6, 0, 6, 'day'),
('2021-04-15', 'WASN', 'ARIN', 6, 11, 17, 'night'),
('2021-04-16', 'WASN', 'ARIN', 1, 0, 1, 'night'),
('2021-04-17', 'WASN', 'ARIN', 6, 2, 8, 'day'),
('2021-04-18', 'WASN', 'ARIN', 2, 5, 7, 'day'),
('2021-04-19', 'WASN', 'STLN', 5, 12, 17, 'night'),
('2021-04-20', 'WASN', 'STLN', 3, 2, 5, 'night'),
('2021-04-21', 'WASN', 'STLN', 1, 0, 1, 'day'),
('2021-04-27', 'WASN', 'TORA', 5, 9, 14, 'night'),
('2021-04-28', 'WASN', 'TORA', 8, 2, 10, 'night'),
('2021-05-07', 'WASN', 'NYA', 11, 4, 15, 'night'),
('2021-05-08', 'WASN', 'NYA', 3, 4, 7, 'day'),
('2021-05-09', 'WASN', 'NYA', 2, 3, 5, 'day'),
('2021-05-14', 'WASN', 'ARIN', 17, 2, 19, 'night'),
('2021-05-15', 'WASN', 'ARIN', 4, 11, 15, 'night'),
('2021-05-16', 'WASN', 'ARIN', 3, 0, 3, 'day'),
('2021-05-17', 'WASN', 'CHIN', 3, 7, 10, 'night'),
('2021-05-18', 'WASN', 'CHIN', 3, 6, 9, 'night'),
('2021-05-19', 'WASN', 'CHIN', 4, 3, 7, 'night'),
('2021-05-20', 'WASN', 'CHIN', 2, 5, 7, 'day'),
('2021-05-21', 'WASN', 'BALA', 4, 2, 6, 'night'),
('2021-05-22', 'WASN', 'BALA', 12, 9, 21, 'day'),
('2021-05-23', 'WASN', 'BALA', 6, 5, 11, 'day'),
('2021-05-25', 'WASN', 'CINN', 1, 2, 3, 'night'),
('2021-05-26', 'WASN', 'CINN', 5, 3, 8, 'day'),
('2021-05-27', 'WASN', 'CINN', 0, 3, 3, 'night'),
('2021-05-29', 'WASN', 'MILN', 1, 4, 5, 'day'),
('2021-05-29', 'WASN', 'MILN', 2, 6, 8, 'night'),
('2021-05-30', 'WASN', 'MILN', 0, 3, 3, 'day'),
('2021-06-08', 'WASN', 'TBA', 1, 3, 4, 'night'),
('2021-06-09', 'WASN', 'TBA', 9, 7, 16, 'night'),
('2021-06-11', 'WASN', 'SFN', 0, 1, 1, 'night'),
('2021-06-12', 'WASN', 'SFN', 2, 0, 2, 'day'),
('2021-06-12', 'WASN', 'SFN', 1, 2, 3, 'night'),
('2021-06-13', 'WASN', 'SFN', 5, 0, 5, 'day'),
('2021-06-14', 'WASN', 'PITN', 3, 2, 5, 'night'),
('2021-06-15', 'WASN', 'PITN', 8, 1, 9, 'night'),
('2021-06-16', 'WASN', 'PITN', 3, 1, 4, 'day'),
('2021-06-29', 'WASN', 'TBA', 4, 3, 7, 'night'),
('2021-06-30', 'WASN', 'TBA', 15, 6, 21, 'day'),
('2021-07-01', 'WASN', 'LAN', 2, 6, 8, 'night'),
('2021-07-02', 'WASN', 'LAN', 5, 10, 15, 'night'),
('2021-07-03', 'WASN', 'LAN', 3, 5, 8, 'night'),
('2021-07-04', 'WASN', 'LAN', 1, 5, 6, 'day'),
('2021-07-05', 'WASN', 'SDN', 7, 5, 12, 'night'),
('2021-07-06', 'WASN', 'SDN', 4, 7, 11, 'night'),
('2021-07-07', 'WASN', 'SDN', 15, 5, 20, 'night'),
('2021-07-08', 'WASN', 'SDN', 8, 9, 17, 'night'),
('2021-07-09', 'WASN', 'SFN', 3, 5, 8, 'night'),
('2021-07-10', 'WASN', 'SFN', 4, 10, 14, 'day'),
('2021-07-11', 'WASN', 'SFN', 1, 3, 4, 'day'),
('2021-07-16', 'WASN', 'SDN', 8, 24, 32, 'night'),
('2021-07-17', 'WASN', 'SDN', 4, 10, 14, 'day'),
('2021-07-18', 'WASN', 'SDN', 8, 7, 15, 'day'),
('2021-07-23', 'WASN', 'BALA', 1, 6, 7, 'night'),
('2021-07-24', 'WASN', 'BALA', 3, 5, 8, 'night'),
('2021-07-25', 'WASN', 'BALA', 4, 5, 9, 'day'),
('2021-07-30', 'WASN', 'CHIN', 4, 3, 7, 'night'),
('2021-07-31', 'WASN', 'CHIN', 3, 6, 9, 'night'),
('2021-08-01', 'WASN', 'CHIN', 6, 5, 11, 'day'),
('2021-08-17', 'WASN', 'TORA', 12, 6, 18, 'night'),
('2021-08-18', 'WASN', 'TORA', 8, 5, 13, 'day'),
('2021-08-20', 'WASN', 'MILN', 4, 1, 5, 'night'),
('2021-08-21', 'WASN', 'MILN', 6, 9, 15, 'day'),
('2021-08-22', 'WASN', 'MILN', 3, 7, 10, 'day'),
('2021-09-10', 'WASN', 'PITN', 3, 4, 7, 'night'),
('2021-09-11', 'WASN', 'PITN', 7, 10, 17, 'night'),
('2021-09-12', 'WASN', 'PITN', 6, 2, 8, 'day'),
('2021-09-17', 'WASN', 'COLN', 8, 9, 17, 'night'),
('2021-09-18', 'WASN', 'COLN', 0, 6, 6, 'day'),
('2021-09-19', 'WASN', 'COLN', 3, 0, 3, 'day'),
('2021-09-23', 'WASN', 'CINN', 3, 2, 5, 'night'),
('2021-09-24', 'WASN', 'CINN', 7, 8, 15, 'night'),
('2021-09-25', 'WASN', 'CINN', 6, 7, 13, 'night'),
('2021-09-26', 'WASN', 'CINN', 2, 9, 11, 'day'),
('2021-09-27', 'WASN', 'COLN', 5, 4, 9, 'night'),
('2021-09-28', 'WASN', 'COLN', 1, 3, 4, 'night'),
('2021-09-29', 'WASN', 'COLN', 5, 10, 15, 'day'),
('2021-10-01', 'WASN', 'BOSA', 2, 4, 6, 'night'),
('2021-10-02', 'WASN', 'BOSA', 3, 5, 8, 'day'),
('2021-10-03', 'WASN', 'BOSA', 5, 7, 12, 'day'),
('2021-04-01', 'MILN', 'MINA', 6, 5, 11, 'day'),
('2021-04-03', 'MILN', 'MINA', 0, 2, 2, 'night'),
('2021-04-04', 'MILN', 'MINA', 2, 8, 10, 'day'),
('2021-04-05', 'MILN', 'CHIN', 3, 5, 8, 'night'),
('2021-04-06', 'MILN', 'CHIN', 4, 0, 4, 'night'),
('2021-04-07', 'MILN', 'CHIN', 4, 2, 6, 'day'),
('2021-04-08', 'MILN', 'STLN', 1, 3, 4, 'day'),
('2021-04-10', 'MILN', 'STLN', 9, 5, 14, 'day'),
('2021-04-11', 'MILN', 'STLN', 9, 3, 12, 'day'),
('2021-04-12', 'MILN', 'CHIN', 6, 3, 9, 'night'),
('2021-04-13', 'MILN', 'CHIN', 2, 3, 5, 'night'),
('2021-04-14', 'MILN', 'CHIN', 7, 0, 7, 'day'),
('2021-04-16', 'MILN', 'PITN', 1, 6, 7, 'night'),
('2021-04-17', 'MILN', 'PITN', 7, 1, 8, 'night'),
('2021-04-18', 'MILN', 'PITN', 5, 6, 11, 'day'),
('2021-04-19', 'MILN', 'SDN', 3, 1, 4, 'night'),
('2021-04-20', 'MILN', 'SDN', 6, 0, 6, 'night'),
('2021-04-21', 'MILN', 'SDN', 4, 2, 6, 'day'),
('2021-04-23', 'MILN', 'CHIN', 2, 15, 17, 'day'),
('2021-04-24', 'MILN', 'CHIN', 4, 3, 7, 'day'),
('2021-04-25', 'MILN', 'CHIN', 6, 0, 6, 'day'),
('2021-04-29', 'MILN', 'LAN', 2, 1, 3, 'night'),
('2021-04-30', 'MILN', 'LAN', 3, 1, 4, 'night'),
('2021-05-01', 'MILN', 'LAN', 6, 5, 11, 'night'),
('2021-05-02', 'MILN', 'LAN', 4, 16, 20, 'day'),
('2021-05-11', 'MILN', 'STLN', 1, 6, 7, 'night'),
('2021-05-12', 'MILN', 'STLN', 4, 1, 5, 'night'),
('2021-05-13', 'MILN', 'STLN', 0, 2, 2, 'day'),
('2021-05-18', 'MILN', 'KCA', 0, 2, 2, 'night'),
('2021-05-19', 'MILN', 'KCA', 4, 6, 10, 'night'),
('2021-05-21', 'MILN', 'CINN', 4, 9, 13, 'night'),
('2021-05-22', 'MILN', 'CINN', 4, 3, 7, 'day'),
('2021-05-23', 'MILN', 'CINN', 9, 4, 13, 'day'),
('2021-05-24', 'MILN', 'SDN', 5, 3, 8, 'night'),
('2021-05-25', 'MILN', 'SDN', 1, 7, 8, 'night'),
('2021-05-26', 'MILN', 'SDN', 1, 2, 3, 'night'),
('2021-05-27', 'MILN', 'SDN', 6, 5, 11, 'day'),
('2021-05-31', 'MILN', 'DETA', 3, 2, 5, 'day'),
('2021-06-01', 'MILN', 'DETA', 7, 10, 17, 'night'),
('2021-06-03', 'MILN', 'ARIN', 7, 4, 11, 'night'),
('2021-06-04', 'MILN', 'ARIN', 5, 1, 6, 'night'),
('2021-06-05', 'MILN', 'ARIN', 7, 5, 12, 'day'),
('2021-06-06', 'MILN', 'ARIN', 2, 0, 2, 'day'),
('2021-06-08', 'MILN', 'CINN', 5, 1, 6, 'night'),
('2021-06-09', 'MILN', 'CINN', 3, 7, 10, 'night'),
('2021-06-10', 'MILN', 'CINN', 7, 2, 9, 'day'),
('2021-06-11', 'MILN', 'PITN', 7, 4, 11, 'night'),
('2021-06-12', 'MILN', 'PITN', 7, 4, 11, 'day'),
('2021-06-13', 'MILN', 'PITN', 5, 2, 7, 'day'),
('2021-06-14', 'MILN', 'CINN', 2, 10, 12, 'night'),
('2021-06-15', 'MILN', 'CINN', 1, 2, 3, 'night'),
('2021-06-16', 'MILN', 'CINN', 1, 2, 3, 'day'),
('2021-06-17', 'MILN', 'COLN', 3, 7, 10, 'night'),
('2021-06-18', 'MILN', 'COLN', 5, 6, 11, 'night'),
('2021-06-19', 'MILN', 'COLN', 6, 5, 11, 'night'),
('2021-06-20', 'MILN', 'COLN', 7, 6, 13, 'day'),
('2021-06-21', 'MILN', 'ARIN', 1, 5, 6, 'night'),
('2021-06-22', 'MILN', 'ARIN', 5, 0, 5, 'night'),
('2021-06-23', 'MILN', 'ARIN', 3, 2, 5, 'day'),
('2021-06-25', 'MILN', 'COLN', 5, 4, 9, 'day'),
('2021-06-26', 'MILN', 'COLN', 10, 4, 14, 'day'),
('2021-06-27', 'MILN', 'COLN', 5, 0, 5, 'day'),
('2021-06-28', 'MILN', 'CHIN', 14, 4, 18, 'night'),
('2021-06-29', 'MILN', 'CHIN', 2, 1, 3, 'night'),
('2021-06-30', 'MILN', 'CHIN', 15, 7, 22, 'day'),
('2021-07-01', 'MILN', 'PITN', 7, 2, 9, 'night'),
('2021-07-02', 'MILN', 'PITN', 7, 2, 9, 'night'),
('2021-07-03', 'MILN', 'PITN', 11, 2, 13, 'day'),
('2021-07-04', 'MILN', 'PITN', 0, 2, 2, 'day'),
('2021-07-08', 'MILN', 'CINN', 5, 3, 8, 'night'),
('2021-07-09', 'MILN', 'CINN', 0, 2, 2, 'night'),
('2021-07-10', 'MILN', 'CINN', 3, 4, 7, 'night'),
('2021-07-11', 'MILN', 'CINN', 1, 3, 4, 'day'),
('2021-07-16', 'MILN', 'CINN', 11, 6, 17, 'night'),
('2021-07-17', 'MILN', 'CINN', 7, 4, 11, 'night'),
('2021-07-18', 'MILN', 'CINN', 8, 0, 8, 'day'),
('2021-07-20', 'MILN', 'KCA', 2, 5, 7, 'day'),
('2021-07-21', 'MILN', 'KCA', 3, 6, 9, 'day'),
('2021-07-23', 'MILN', 'CHIA', 7, 1, 8, 'night'),
('2021-07-24', 'MILN', 'CHIA', 6, 1, 7, 'night'),
('2021-07-25', 'MILN', 'CHIA', 1, 3, 4, 'night'),
('2021-07-27', 'MILN', 'PITN', 9, 0, 9, 'night'),
('2021-07-28', 'MILN', 'PITN', 7, 3, 10, 'night'),
('2021-07-29', 'MILN', 'PITN', 12, 0, 12, 'night'),
('2021-08-02', 'MILN', 'PITN', 6, 2, 8, 'night'),
('2021-08-03', 'MILN', 'PITN', 5, 8, 13, 'night'),
('2021-08-04', 'MILN', 'PITN', 4, 2, 6, 'day'),
('2021-08-06', 'MILN', 'SFN', 2, 1, 3, 'night'),
('2021-08-07', 'MILN', 'SFN', 6, 9, 15, 'night'),
('2021-08-08', 'MILN', 'SFN', 4, 5, 9, 'day'),
('2021-08-10', 'MILN', 'CHIN', 4, 2, 6, 'day'),
('2021-08-10', 'MILN', 'CHIN', 6, 3, 9, 'night'),
('2021-08-11', 'MILN', 'CHIN', 10, 0, 10, 'night'),
('2021-08-12', 'MILN', 'CHIN', 17, 4, 21, 'day'),
('2021-08-14', 'MILN', 'PITN', 4, 14, 18, 'day'),
('2021-08-14', 'MILN', 'PITN', 6, 0, 6, 'night'),
('2021-08-15', 'MILN', 'PITN', 2, 1, 3, 'day'),
('2021-08-17', 'MILN', 'STLN', 2, 0, 2, 'night'),
('2021-08-18', 'MILN', 'STLN', 6, 4, 10, 'night'),
('2021-08-19', 'MILN', 'STLN', 4, 8, 12, 'night'),
('2021-08-24', 'MILN', 'CINN', 7, 4, 11, 'night'),
('2021-08-25', 'MILN', 'CINN', 4, 1, 5, 'night'),
('2021-08-26', 'MILN', 'CINN', 1, 5, 6, 'day'),
('2021-08-27', 'MILN', 'MINA', 0, 2, 2, 'night'),
('2021-08-28', 'MILN', 'MINA', 4, 6, 10, 'night'),
('2021-08-29', 'MILN', 'MINA', 6, 2, 8, 'day'),
('2021-08-30', 'MILN', 'SFN', 3, 1, 4, 'night'),
('2021-08-31', 'MILN', 'SFN', 6, 2, 8, 'night'),
('2021-09-01', 'MILN', 'SFN', 5, 2, 7, 'night'),
('2021-09-02', 'MILN', 'SFN', 1, 5, 6, 'day'),
('2021-09-03', 'MILN', 'STLN', 4, 15, 19, 'night'),
('2021-09-04', 'MILN', 'STLN', 4, 0, 4, 'night'),
('2021-09-05', 'MILN', 'STLN', 6, 5, 11, 'day'),
('2021-09-10', 'MILN', 'CLEA', 10, 3, 13, 'night'),
('2021-09-11', 'MILN', 'CLEA', 3, 0, 3, 'night'),
('2021-09-12', 'MILN', 'CLEA', 11, 1, 12, 'day'),
('2021-09-14', 'MILN', 'DETA', 0, 1, 1, 'night'),
('2021-09-15', 'MILN', 'DETA', 1, 4, 5, 'day'),
('2021-09-17', 'MILN', 'CHIN', 8, 5, 13, 'night'),
('2021-09-18', 'MILN', 'CHIN', 6, 4, 10, 'night'),
('2021-09-19', 'MILN', 'CHIN', 4, 6, 10, 'day'),
('2021-09-20', 'MILN', 'STLN', 2, 5, 7, 'night'),
('2021-09-21', 'MILN', 'STLN', 1, 2, 3, 'night'),
('2021-09-22', 'MILN', 'STLN', 2, 10, 12, 'night'),
('2021-09-23', 'MILN', 'STLN', 5, 8, 13, 'day'),
('2021-09-28', 'MILN', 'STLN', 2, 6, 8, 'night'),
('2021-09-29', 'MILN', 'STLN', 4, 0, 4, 'night'),
('2021-09-30', 'MILN', 'STLN', 3, 4, 7, 'day'),
('2021-10-01', 'MILN', 'LAN', 6, 8, 14, 'night'),
('2021-10-02', 'MILN', 'LAN', 3, 8, 11, 'night'),
('2021-10-03', 'MILN', 'LAN', 3, 10, 13, 'day'),
('2021-04-01', 'STLN', 'CINN', 11, 6, 17, 'day'),
('2021-04-03', 'STLN', 'CINN', 6, 9, 15, 'day'),
('2021-04-04', 'STLN', 'CINN', 1, 12, 13, 'day'),
('2021-04-23', 'STLN', 'CINN', 5, 4, 9, 'night'),
('2021-04-24', 'STLN', 'CINN', 2, 0, 2, 'day'),
('2021-04-25', 'STLN', 'CINN', 5, 2, 7, 'day'),
('2021-04-30', 'STLN', 'PITN', 7, 3, 10, 'night'),
('2021-05-01', 'STLN', 'PITN', 12, 5, 17, 'night'),
('2021-05-02', 'STLN', 'PITN', 3, 0, 3, 'day'),
('2021-05-07', 'STLN', 'COLN', 5, 0, 5, 'night'),
('2021-05-08', 'STLN', 'COLN', 9, 8, 17, 'day'),
('2021-05-09', 'STLN', 'COLN', 2, 0, 2, 'day'),
('2021-05-14', 'STLN', 'SDN', 4, 5, 9, 'night'),
('2021-05-15', 'STLN', 'SDN', 3, 13, 16, 'night'),
('2021-05-16', 'STLN', 'SDN', 3, 5, 8, 'day'),
('2021-05-18', 'STLN', 'PITN', 5, 2, 7, 'night'),
('2021-05-19', 'STLN', 'PITN', 8, 5, 13, 'night'),
('2021-05-21', 'STLN', 'CHIN', 3, 12, 15, 'night'),
('2021-05-22', 'STLN', 'CHIN', 2, 1, 3, 'night'),
('2021-05-23', 'STLN', 'CHIN', 1, 2, 3, 'night'),
('2021-05-24', 'STLN', 'CHIA', 1, 5, 6, 'night'),
('2021-05-25', 'STLN', 'CHIA', 3, 8, 11, 'night'),
('2021-05-26', 'STLN', 'CHIA', 4, 0, 4, 'day'),
('2021-05-27', 'STLN', 'ARIN', 5, 4, 9, 'night'),
('2021-05-28', 'STLN', 'ARIN', 8, 6, 14, 'night'),
('2021-05-29', 'STLN', 'ARIN', 7, 4, 11, 'night'),
('2021-05-30', 'STLN', 'ARIN', 2, 9, 11, 'day'),
('2021-05-31', 'STLN', 'LAN', 4, 9, 13, 'night'),
('2021-06-01', 'STLN', 'LAN', 3, 2, 5, 'night'),
('2021-06-02', 'STLN', 'LAN', 3, 14, 17, 'night'),
('2021-06-03', 'STLN', 'CINN', 2, 4, 6, 'night'),
('2021-06-04', 'STLN', 'CINN', 4, 6, 10, 'night'),
('2021-06-05', 'STLN', 'CINN', 2, 5, 7, 'day'),
('2021-06-06', 'STLN', 'CINN', 7, 8, 15, 'day'),
('2021-06-08', 'STLN', 'CLEA', 1, 10, 11, 'night'),
('2021-06-09', 'STLN', 'CLEA', 8, 2, 10, 'night'),
('2021-06-11', 'STLN', 'CHIN', 5, 8, 13, 'day'),
('2021-06-12', 'STLN', 'CHIN', 2, 7, 9, 'night'),
('2021-06-13', 'STLN', 'CHIN', 0, 2, 2, 'night'),
('2021-06-22', 'STLN', 'DETA', 2, 8, 10, 'night'),
('2021-06-23', 'STLN', 'DETA', 2, 6, 8, 'day'),
('2021-06-24', 'STLN', 'PITN', 2, 8, 10, 'night'),
('2021-06-25', 'STLN', 'PITN', 4, 5, 9, 'night'),
('2021-06-26', 'STLN', 'PITN', 3, 1, 4, 'day'),
('2021-06-27', 'STLN', 'PITN', 2, 7, 9, 'day'),
('2021-06-28', 'STLN', 'ARIN', 7, 1, 8, 'night'),
('2021-06-29', 'STLN', 'ARIN', 3, 2, 5, 'night'),
('2021-06-30', 'STLN', 'ARIN', 7, 4, 11, 'day'),
('2021-07-01', 'STLN', 'COLN', 2, 5, 7, 'night'),
('2021-07-02', 'STLN', 'COLN', 9, 3, 12, 'night'),
('2021-07-03', 'STLN', 'COLN', 2, 3, 5, 'night'),
('2021-07-04', 'STLN', 'COLN', 2, 3, 5, 'day'),
('2021-07-05', 'STLN', 'SFN', 5, 3, 8, 'day'),
('2021-07-06', 'STLN', 'SFN', 6, 5, 11, 'night'),
('2021-07-07', 'STLN', 'SFN', 2, 5, 7, 'night'),
('2021-07-09', 'STLN', 'CHIN', 5, 10, 15, 'day'),
('2021-07-10', 'STLN', 'CHIN', 6, 0, 6, 'night'),
('2021-07-16', 'STLN', 'SFN', 2, 7, 9, 'night'),
('2021-07-17', 'STLN', 'SFN', 3, 1, 4, 'night'),
('2021-07-18', 'STLN', 'SFN', 2, 1, 3, 'day'),
('2021-07-19', 'STLN', 'CHIN', 8, 3, 11, 'night'),
('2021-07-20', 'STLN', 'CHIN', 6, 7, 13, 'night'),
('2021-07-21', 'STLN', 'CHIN', 3, 2, 5, 'night'),
('2021-07-22', 'STLN', 'CHIN', 3, 2, 5, 'night'),
('2021-07-23', 'STLN', 'CINN', 5, 6, 11, 'night'),
('2021-07-24', 'STLN', 'CINN', 3, 5, 8, 'night'),
('2021-07-25', 'STLN', 'CINN', 10, 6, 16, 'day'),
('2021-07-27', 'STLN', 'CLEA', 4, 2, 6, 'night'),
('2021-07-28', 'STLN', 'CLEA', 2, 7, 9, 'day'),
('2021-07-30', 'STLN', 'MINA', 5, 1, 6, 'night'),
('2021-07-31', 'STLN', 'MINA', 1, 8, 9, 'night'),
('2021-08-01', 'STLN', 'MINA', 7, 3, 10, 'day'),
('2021-08-06', 'STLN', 'KCA', 4, 2, 6, 'night'),
('2021-08-07', 'STLN', 'KCA', 5, 2, 7, 'night'),
('2021-08-08', 'STLN', 'KCA', 5, 6, 11, 'day'),
('2021-08-10', 'STLN', 'PITN', 4, 1, 5, 'night'),
('2021-08-11', 'STLN', 'PITN', 4, 0, 4, 'night'),
('2021-08-12', 'STLN', 'PITN', 7, 6, 13, 'day'),
('2021-08-13', 'STLN', 'KCA', 6, 0, 6, 'night'),
('2021-08-14', 'STLN', 'KCA', 9, 4, 13, 'night'),
('2021-08-15', 'STLN', 'KCA', 7, 2, 9, 'day'),
('2021-08-20', 'STLN', 'PITN', 0, 4, 4, 'night'),
('2021-08-21', 'STLN', 'PITN', 4, 5, 9, 'night'),
('2021-08-22', 'STLN', 'PITN', 3, 0, 3, 'day'),
('2021-08-24', 'STLN', 'DETA', 3, 4, 7, 'night'),
('2021-08-25', 'STLN', 'DETA', 3, 2, 5, 'day'),
('2021-08-26', 'STLN', 'PITN', 7, 11, 18, 'night'),
('2021-08-27', 'STLN', 'PITN', 4, 3, 7, 'night'),
('2021-08-28', 'STLN', 'PITN', 13, 0, 13, 'night'),
('2021-08-29', 'STLN', 'PITN', 3, 4, 7, 'day'),
('2021-08-30', 'STLN', 'CINN', 3, 1, 4, 'night'),
('2021-09-01', 'STLN', 'CINN', 5, 4, 9, 'day'),
('2021-09-01', 'STLN', 'CINN', 2, 12, 14, 'night'),
('2021-09-06', 'STLN', 'LAN', 1, 5, 6, 'day'),
('2021-09-07', 'STLN', 'LAN', 2, 7, 9, 'night'),
('2021-09-08', 'STLN', 'LAN', 5, 4, 9, 'night'),
('2021-09-09', 'STLN', 'LAN', 2, 1, 3, 'day'),
('2021-09-10', 'STLN', 'CINN', 2, 4, 6, 'night'),
('2021-09-11', 'STLN', 'CINN', 6, 4, 10, 'night'),
('2021-09-12', 'STLN', 'CINN', 2, 0, 2, 'day'),
('2021-09-17', 'STLN', 'SDN', 8, 2, 10, 'night'),
('2021-09-18', 'STLN', 'SDN', 3, 2, 5, 'night'),
('2021-09-19', 'STLN', 'SDN', 8, 7, 15, 'day'),
('2021-09-24', 'STLN', 'CHIN', 8, 5, 13, 'day'),
('2021-09-24', 'STLN', 'CHIN', 12, 4, 16, 'night'),
('2021-09-25', 'STLN', 'CHIN', 8, 5, 13, 'day'),
('2021-09-26', 'STLN', 'CHIN', 4, 2, 6, 'day'),
('2021-10-01', 'STLN', 'CHIN', 4, 3, 7, 'night'),
('2021-10-02', 'STLN', 'CHIN', 5, 6, 11, 'night'),
('2021-10-03', 'STLN', 'CHIN', 2, 3, 5, 'day'),
('2021-04-05', 'CINN', 'PITN', 5, 3, 8, 'night'),
('2021-04-06', 'CINN', 'PITN', 14, 1, 15, 'night'),
('2021-04-07', 'CINN', 'PITN', 11, 4, 15, 'day'),
('2021-04-09', 'CINN', 'ARIN', 6, 5, 11, 'night'),
('2021-04-10', 'CINN', 'ARIN', 3, 8, 11, 'night'),
('2021-04-11', 'CINN', 'ARIN', 0, 7, 7, 'day'),
('2021-04-12', 'CINN', 'SFN', 3, 0, 3, 'night'),
('2021-04-13', 'CINN', 'SFN', 6, 7, 13, 'night'),
('2021-04-14', 'CINN', 'SFN', 0, 3, 3, 'day'),
('2021-04-16', 'CINN', 'CLEA', 10, 3, 13, 'night'),
('2021-04-17', 'CINN', 'CLEA', 3, 2, 5, 'day'),
('2021-04-18', 'CINN', 'CLEA', 3, 6, 9, 'day'),
('2021-04-20', 'CINN', 'ARIN', 4, 5, 9, 'night'),
('2021-04-21', 'CINN', 'ARIN', 5, 8, 13, 'night'),
('2021-04-22', 'CINN', 'ARIN', 11, 14, 25, 'day'),
('2021-04-26', 'CINN', 'LAN', 5, 3, 8, 'night'),
('2021-04-27', 'CINN', 'LAN', 6, 5, 11, 'night'),
('2021-04-28', 'CINN', 'LAN', 0, 8, 8, 'day'),
('2021-04-30', 'CINN', 'CHIN', 8, 6, 14, 'night'),
('2021-05-01', 'CINN', 'CHIN', 2, 3, 5, 'day'),
('2021-05-02', 'CINN', 'CHIN', 13, 12, 25, 'day'),
('2021-05-04', 'CINN', 'CHIA', 0, 9, 9, 'night'),
('2021-05-05', 'CINN', 'CHIA', 1, 0, 1, 'day'),
('2021-05-07', 'CINN', 'CLEA', 3, 0, 3, 'night'),
('2021-05-08', 'CINN', 'CLEA', 2, 9, 11, 'night'),
('2021-05-10', 'CINN', 'PITN', 14, 1, 15, 'night'),
('2021-05-11', 'CINN', 'PITN', 2, 7, 9, 'night'),
('2021-05-12', 'CINN', 'PITN', 5, 1, 6, 'day'),
('2021-05-13', 'CINN', 'COLN', 8, 13, 21, 'night'),
('2021-05-14', 'CINN', 'COLN', 6, 9, 15, 'night'),
('2021-05-15', 'CINN', 'COLN', 6, 5, 11, 'night'),
('2021-05-16', 'CINN', 'COLN', 7, 6, 13, 'day'),
('2021-05-17', 'CINN', 'SFN', 3, 6, 9, 'night'),
('2021-05-18', 'CINN', 'SFN', 2, 4, 6, 'night'),
('2021-05-19', 'CINN', 'SFN', 0, 4, 4, 'night'),
('2021-05-20', 'CINN', 'SFN', 4, 19, 23, 'day'),
('2021-05-28', 'CINN', 'CHIN', 0, 1, 1, 'day'),
('2021-05-29', 'CINN', 'CHIN', 2, 10, 12, 'day'),
('2021-05-30', 'CINN', 'CHIN', 5, 1, 6, 'day'),
('2021-06-11', 'CINN', 'COLN', 11, 5, 16, 'night'),
('2021-06-12', 'CINN', 'COLN', 10, 3, 13, 'day'),
('2021-06-13', 'CINN', 'COLN', 6, 2, 8, 'day'),
('2021-06-17', 'CINN', 'SDN', 4, 6, 10, 'night'),
('2021-06-18', 'CINN', 'SDN', 2, 8, 10, 'night'),
('2021-06-19', 'CINN', 'SDN', 5, 7, 12, 'day'),
('2021-06-20', 'CINN', 'SDN', 2, 3, 5, 'day'),
('2021-06-21', 'CINN', 'MINA', 5, 7, 12, 'night'),
('2021-06-22', 'CINN', 'MINA', 10, 7, 17, 'day'),
('2021-06-29', 'CINN', 'SDN', 4, 5, 9, 'night'),
('2021-06-30', 'CINN', 'SDN', 5, 7, 12, 'night'),
('2021-07-01', 'CINN', 'SDN', 5, 4, 9, 'night'),
('2021-07-02', 'CINN', 'CHIN', 2, 1, 3, 'night'),
('2021-07-03', 'CINN', 'CHIN', 3, 2, 5, 'day'),
('2021-07-04', 'CINN', 'CHIN', 3, 2, 5, 'day'),
('2021-07-05', 'CINN', 'KCA', 6, 2, 8, 'night'),
('2021-07-06', 'CINN', 'KCA', 6, 7, 13, 'night'),
('2021-07-07', 'CINN', 'KCA', 5, 2, 7, 'day'),
('2021-07-26', 'CINN', 'CHIN', 5, 6, 11, 'night'),
('2021-07-27', 'CINN', 'CHIN', 7, 4, 11, 'night'),
('2021-07-28', 'CINN', 'CHIN', 8, 2, 10, 'night'),
('2021-07-29', 'CINN', 'CHIN', 7, 4, 11, 'day'),
('2021-08-03', 'CINN', 'MINA', 5, 7, 12, 'night'),
('2021-08-04', 'CINN', 'MINA', 6, 5, 11, 'day'),
('2021-08-05', 'CINN', 'PITN', 7, 4, 11, 'night'),
('2021-08-06', 'CINN', 'PITN', 10, 0, 10, 'night'),
('2021-08-07', 'CINN', 'PITN', 11, 3, 14, 'night'),
('2021-08-08', 'CINN', 'PITN', 3, 2, 5, 'day'),
('2021-08-09', 'CINN', 'CLEA', 3, 9, 12, 'night'),
('2021-08-16', 'CINN', 'CHIN', 14, 5, 19, 'night'),
('2021-08-17', 'CINN', 'CHIN', 1, 2, 3, 'night'),
('2021-08-18', 'CINN', 'CHIN', 1, 7, 8, 'day'),
('2021-09-03', 'CINN', 'DETA', 5, 15, 20, 'night'),
('2021-09-04', 'CINN', 'DETA', 7, 4, 11, 'night'),
('2021-09-05', 'CINN', 'DETA', 1, 4, 5, 'day'),
('2021-09-06', 'CINN', 'CHIN', 3, 4, 7, 'day'),
('2021-09-07', 'CINN', 'CHIN', 4, 3, 7, 'night'),
('2021-09-08', 'CINN', 'CHIN', 1, 4, 5, 'night'),
('2021-09-14', 'CINN', 'PITN', 5, 6, 11, 'night'),
('2021-09-15', 'CINN', 'PITN', 4, 5, 9, 'night'),
('2021-09-16', 'CINN', 'PITN', 1, 0, 1, 'day'),
('2021-09-17', 'CINN', 'LAN', 3, 1, 4, 'night'),
('2021-09-18', 'CINN', 'LAN', 1, 5, 6, 'day'),
('2021-09-19', 'CINN', 'LAN', 5, 8, 13, 'day'),
('2021-09-20', 'CINN', 'PITN', 9, 5, 14, 'night'),
('2021-09-21', 'CINN', 'PITN', 2, 6, 8, 'night'),
('2021-09-27', 'CINN', 'PITN', 13, 1, 14, 'day'),
('2021-09-28', 'CINN', 'CHIA', 1, 7, 8, 'night'),
('2021-09-29', 'CINN', 'CHIA', 1, 6, 7, 'night'),
('2021-10-01', 'CINN', 'PITN', 2, 9, 11, 'night'),
('2021-10-02', 'CINN', 'PITN', 6, 8, 14, 'night'),
('2021-10-03', 'CINN', 'PITN', 6, 3, 9, 'day'),
('2021-04-01', 'CHIN', 'PITN', 3, 5, 8, 'day'),
('2021-04-03', 'CHIN', 'PITN', 5, 1, 6, 'day'),
('2021-04-04', 'CHIN', 'PITN', 4, 3, 7, 'day'),
('2021-04-08', 'CHIN', 'PITN', 4, 2, 6, 'day'),
('2021-04-10', 'CHIN', 'PITN', 2, 8, 10, 'night'),
('2021-04-11', 'CHIN', 'PITN', 1, 7, 8, 'day'),
('2021-05-04', 'CHIN', 'LAN', 7, 1, 8, 'day'),
('2021-05-04', 'CHIN', 'LAN', 4, 3, 7, 'night'),
('2021-05-05', 'CHIN', 'LAN', 6, 5, 11, 'night'),
('2021-05-07', 'CHIN', 'PITN', 3, 2, 5, 'day'),
('2021-05-08', 'CHIN', 'PITN', 3, 2, 5, 'day'),
('2021-05-09', 'CHIN', 'PITN', 5, 6, 11, 'day'),
('2021-05-11', 'CHIN', 'CLEA', 2, 3, 5, 'night'),
('2021-05-12', 'CHIN', 'CLEA', 1, 2, 3, 'day'),
('2021-05-14', 'CHIN', 'DETA', 4, 2, 6, 'night'),
('2021-05-15', 'CHIN', 'DETA', 8, 9, 17, 'day'),
('2021-05-16', 'CHIN', 'DETA', 5, 1, 6, 'day'),
('2021-05-25', 'CHIN', 'PITN', 4, 3, 7, 'night'),
('2021-05-26', 'CHIN', 'PITN', 4, 1, 5, 'night'),
('2021-05-27', 'CHIN', 'PITN', 5, 3, 8, 'day'),
('2021-05-31', 'CHIN', 'SDN', 7, 2, 9, 'day'),
('2021-06-01', 'CHIN', 'SDN', 4, 3, 7, 'night'),
('2021-06-02', 'CHIN', 'SDN', 6, 1, 7, 'day'),
('2021-06-03', 'CHIN', 'SFN', 2, 7, 9, 'night'),
('2021-06-04', 'CHIN', 'SFN', 5, 8, 13, 'night'),
('2021-06-05', 'CHIN', 'SFN', 3, 4, 7, 'day'),
('2021-06-06', 'CHIN', 'SFN', 4, 3, 7, 'day'),
('2021-06-07', 'CHIN', 'SDN', 4, 9, 13, 'night'),
('2021-06-08', 'CHIN', 'SDN', 7, 1, 8, 'night'),
('2021-06-09', 'CHIN', 'SDN', 3, 1, 4, 'day'),
('2021-06-21', 'CHIN', 'CLEA', 0, 4, 4, 'night'),
('2021-06-22', 'CHIN', 'CLEA', 7, 1, 8, 'night'),
('2021-06-24', 'CHIN', 'LAN', 4, 0, 4, 'night'),
('2021-06-25', 'CHIN', 'LAN', 2, 6, 8, 'night'),
('2021-06-26', 'CHIN', 'LAN', 2, 3, 5, 'day'),
('2021-06-27', 'CHIN', 'LAN', 1, 7, 8, 'day'),
('2021-07-16', 'CHIN', 'ARIN', 5, 1, 6, 'night'),
('2021-07-17', 'CHIN', 'ARIN', 4, 2, 6, 'day'),
('2021-07-18', 'CHIN', 'ARIN', 4, 6, 10, 'day'),
('2021-07-23', 'CHIN', 'ARIN', 8, 3, 11, 'day'),
('2021-07-24', 'CHIN', 'ARIN', 3, 7, 10, 'day'),
('2021-07-25', 'CHIN', 'ARIN', 5, 1, 6, 'day'),
('2021-08-03', 'CHIN', 'COLN', 6, 13, 19, 'night'),
('2021-08-04', 'CHIN', 'COLN', 3, 2, 5, 'night'),
('2021-08-05', 'CHIN', 'COLN', 5, 6, 11, 'day'),
('2021-08-06', 'CHIN', 'CHIA', 6, 8, 14, 'day'),
('2021-08-07', 'CHIN', 'CHIA', 0, 4, 4, 'day'),
('2021-08-08', 'CHIN', 'CHIA', 3, 9, 12, 'night'),
('2021-08-20', 'CHIN', 'KCA', 2, 6, 8, 'day'),
('2021-08-21', 'CHIN', 'KCA', 2, 4, 6, 'day'),
('2021-08-22', 'CHIN', 'KCA', 1, 9, 10, 'day'),
('2021-08-23', 'CHIN', 'COLN', 6, 4, 10, 'night'),
('2021-08-25', 'CHIN', 'COLN', 5, 2, 7, 'day'),
('2021-08-25', 'CHIN', 'COLN', 10, 13, 23, 'night'),
('2021-08-27', 'CHIN', 'CHIA', 13, 17, 30, 'night'),
('2021-08-28', 'CHIN', 'CHIA', 7, 0, 7, 'night'),
('2021-08-29', 'CHIN', 'CHIA', 1, 13, 14, 'day'),
('2021-08-31', 'CHIN', 'MINA', 3, 1, 4, 'night'),
('2021-09-01', 'CHIN', 'MINA', 3, 0, 3, 'night'),
('2021-09-02', 'CHIN', 'PITN', 6, 5, 11, 'night'),
('2021-09-03', 'CHIN', 'PITN', 6, 5, 11, 'day'),
('2021-09-04', 'CHIN', 'PITN', 7, 6, 13, 'day'),
('2021-09-05', 'CHIN', 'PITN', 11, 8, 19, 'day'),
('2021-09-10', 'CHIN', 'SFN', 1, 6, 7, 'day'),
('2021-09-11', 'CHIN', 'SFN', 4, 15, 19, 'day'),
('2021-09-12', 'CHIN', 'SFN', 5, 6, 11, 'day'),
('2021-09-21', 'CHIN', 'MINA', 5, 9, 14, 'night'),
('2021-09-22', 'CHIN', 'MINA', 4, 5, 9, 'night'),
('2021-09-28', 'CHIN', 'PITN', 6, 8, 14, 'night'),
('2021-09-29', 'CHIN', 'PITN', 3, 2, 5, 'night'),
('2021-09-30', 'CHIN', 'PITN', 9, 0, 9, 'night'),
('2021-04-12', 'PITN', 'SDN', 2, 6, 8, 'night'),
('2021-04-13', 'PITN', 'SDN', 8, 4, 12, 'night'),
('2021-04-14', 'PITN', 'SDN', 5, 1, 6, 'night'),
('2021-04-15', 'PITN', 'SDN', 3, 8, 11, 'day'),
('2021-04-21', 'PITN', 'DETA', 3, 2, 5, 'day'),
('2021-04-21', 'PITN', 'DETA', 2, 5, 7, 'night'),
('2021-04-22', 'PITN', 'DETA', 4, 2, 6, 'day'),
('2021-04-23', 'PITN', 'MINA', 0, 2, 2, 'night'),
('2021-04-24', 'PITN', 'MINA', 6, 2, 8, 'day'),
('2021-04-25', 'PITN', 'MINA', 6, 2, 8, 'day'),
('2021-04-27', 'PITN', 'KCA', 2, 1, 3, 'night'),
('2021-04-28', 'PITN', 'KCA', 6, 9, 15, 'night'),
('2021-05-03', 'PITN', 'SDN', 0, 2, 2, 'night'),
('2021-05-04', 'PITN', 'SDN', 2, 1, 3, 'night'),
('2021-05-05', 'PITN', 'SDN', 2, 4, 6, 'night'),
('2021-05-13', 'PITN', 'SFN', 1, 3, 4, 'night'),
('2021-05-14', 'PITN', 'SFN', 3, 2, 5, 'night'),
('2021-05-15', 'PITN', 'SFN', 8, 6, 14, 'night'),
('2021-05-16', 'PITN', 'SFN', 1, 4, 5, 'day'),
('2021-05-29', 'PITN', 'COLN', 7, 0, 7, 'day'),
('2021-05-29', 'PITN', 'COLN', 4, 0, 4, 'night'),
('2021-05-30', 'PITN', 'COLN', 3, 4, 7, 'day'),
('2021-05-31', 'PITN', 'KCA', 3, 7, 10, 'night'),
('2021-06-01', 'PITN', 'KCA', 5, 10, 15, 'night'),
('2021-06-08', 'PITN', 'LAN', 3, 5, 8, 'night'),
('2021-06-09', 'PITN', 'LAN', 1, 2, 3, 'night'),
('2021-06-10', 'PITN', 'LAN', 3, 6, 9, 'day'),
('2021-06-18', 'PITN', 'CLEA', 11, 10, 21, 'night'),
('2021-06-19', 'PITN', 'CLEA', 6, 3, 9, 'day'),
('2021-06-20', 'PITN', 'CLEA', 1, 2, 3, 'day');
INSERT INTO `mlb` (`date`, `team1`, `team2`, `score1`, `score2`, `score_total`, `day_night`) VALUES
('2021-06-22', 'PITN', 'CHIA', 6, 3, 9, 'night'),
('2021-06-23', 'PITN', 'CHIA', 3, 4, 7, 'day'),
('2021-06-28', 'PITN', 'COLN', 0, 2, 2, 'day'),
('2021-06-29', 'PITN', 'COLN', 0, 8, 8, 'night'),
('2021-06-30', 'PITN', 'COLN', 2, 6, 8, 'day'),
('2021-07-19', 'PITN', 'ARIN', 2, 4, 6, 'night'),
('2021-07-20', 'PITN', 'ARIN', 6, 11, 17, 'night'),
('2021-07-21', 'PITN', 'ARIN', 4, 6, 10, 'day'),
('2021-07-23', 'PITN', 'SFN', 6, 4, 10, 'night'),
('2021-07-24', 'PITN', 'SFN', 10, 2, 12, 'night'),
('2021-07-25', 'PITN', 'SFN', 1, 6, 7, 'day'),
('2021-08-16', 'PITN', 'LAN', 1, 2, 3, 'night'),
('2021-08-17', 'PITN', 'LAN', 3, 4, 7, 'night'),
('2021-08-18', 'PITN', 'LAN', 0, 9, 9, 'night'),
('2021-08-23', 'PITN', 'ARIN', 6, 5, 11, 'night'),
('2021-08-24', 'PITN', 'ARIN', 4, 2, 6, 'night'),
('2021-08-25', 'PITN', 'ARIN', 2, 5, 7, 'night'),
('2021-08-31', 'PITN', 'CHIA', 2, 4, 6, 'night'),
('2021-09-01', 'PITN', 'CHIA', 3, 6, 9, 'night'),
('2021-09-06', 'PITN', 'DETA', 6, 3, 9, 'day'),
('2021-09-07', 'PITN', 'DETA', 3, 2, 5, 'night'),
('2021-09-08', 'PITN', 'DETA', 1, 5, 6, 'night'),
('2021-04-01', 'SFN', 'SEAA', 7, 8, 15, 'night'),
('2021-04-02', 'SFN', 'SEAA', 6, 3, 9, 'night'),
('2021-04-03', 'SFN', 'SEAA', 0, 4, 4, 'night'),
('2021-04-05', 'SFN', 'SDN', 3, 2, 5, 'night'),
('2021-04-06', 'SFN', 'SDN', 1, 3, 4, 'night'),
('2021-04-07', 'SFN', 'SDN', 3, 2, 5, 'day'),
('2021-04-09', 'SFN', 'COLN', 3, 1, 4, 'day'),
('2021-04-10', 'SFN', 'COLN', 4, 3, 7, 'day'),
('2021-04-11', 'SFN', 'COLN', 4, 0, 4, 'day'),
('2021-04-26', 'SFN', 'COLN', 12, 0, 12, 'night'),
('2021-04-27', 'SFN', 'COLN', 5, 7, 12, 'night'),
('2021-04-28', 'SFN', 'COLN', 7, 3, 10, 'night'),
('2021-04-30', 'SFN', 'SDN', 2, 3, 5, 'night'),
('2021-05-01', 'SFN', 'SDN', 2, 6, 8, 'night'),
('2021-05-02', 'SFN', 'SDN', 7, 1, 8, 'day'),
('2021-05-04', 'SFN', 'COLN', 12, 4, 16, 'day'),
('2021-05-04', 'SFN', 'COLN', 6, 8, 14, 'night'),
('2021-05-05', 'SFN', 'COLN', 5, 6, 11, 'day'),
('2021-05-07', 'SFN', 'SDN', 5, 4, 9, 'night'),
('2021-05-08', 'SFN', 'SDN', 7, 1, 8, 'day'),
('2021-05-09', 'SFN', 'SDN', 1, 11, 12, 'day'),
('2021-05-10', 'SFN', 'TEXA', 3, 1, 4, 'night'),
('2021-05-11', 'SFN', 'TEXA', 4, 2, 6, 'day'),
('2021-05-21', 'SFN', 'LAN', 1, 2, 3, 'night'),
('2021-05-22', 'SFN', 'LAN', 3, 6, 9, 'day'),
('2021-05-23', 'SFN', 'LAN', 5, 11, 16, 'day'),
('2021-05-25', 'SFN', 'ARIN', 8, 0, 8, 'night'),
('2021-05-26', 'SFN', 'ARIN', 5, 4, 9, 'night'),
('2021-05-27', 'SFN', 'LAN', 3, 4, 7, 'night'),
('2021-05-28', 'SFN', 'LAN', 8, 5, 13, 'night'),
('2021-05-29', 'SFN', 'LAN', 11, 6, 17, 'day'),
('2021-05-30', 'SFN', 'LAN', 5, 4, 9, 'day'),
('2021-05-31', 'SFN', 'ANAA', 6, 1, 7, 'day'),
('2021-06-01', 'SFN', 'ANAA', 1, 8, 9, 'night'),
('2021-06-08', 'SFN', 'TEXA', 9, 4, 13, 'night'),
('2021-06-09', 'SFN', 'TEXA', 3, 4, 7, 'day'),
('2021-06-14', 'SFN', 'ARIN', 5, 2, 7, 'night'),
('2021-06-15', 'SFN', 'ARIN', 9, 8, 17, 'night'),
('2021-06-16', 'SFN', 'ARIN', 13, 7, 20, 'night'),
('2021-06-17', 'SFN', 'ARIN', 10, 3, 13, 'day'),
('2021-06-22', 'SFN', 'ANAA', 5, 0, 5, 'night'),
('2021-06-23', 'SFN', 'ANAA', 9, 3, 12, 'day'),
('2021-06-25', 'SFN', 'OAKA', 2, 0, 2, 'night'),
('2021-06-26', 'SFN', 'OAKA', 6, 5, 11, 'night'),
('2021-06-27', 'SFN', 'OAKA', 2, 6, 8, 'day'),
('2021-06-28', 'SFN', 'LAN', 2, 3, 5, 'night'),
('2021-06-29', 'SFN', 'LAN', 1, 3, 4, 'night'),
('2021-07-01', 'SFN', 'ARIN', 3, 5, 8, 'night'),
('2021-07-02', 'SFN', 'ARIN', 11, 4, 15, 'night'),
('2021-07-03', 'SFN', 'ARIN', 6, 5, 11, 'night'),
('2021-07-04', 'SFN', 'ARIN', 5, 2, 7, 'night'),
('2021-07-19', 'SFN', 'LAN', 7, 2, 9, 'night'),
('2021-07-20', 'SFN', 'LAN', 6, 8, 14, 'night'),
('2021-07-21', 'SFN', 'LAN', 4, 2, 6, 'night'),
('2021-07-22', 'SFN', 'LAN', 5, 3, 8, 'night'),
('2021-07-27', 'SFN', 'LAN', 2, 1, 3, 'night'),
('2021-07-28', 'SFN', 'LAN', 0, 8, 8, 'night'),
('2021-07-29', 'SFN', 'LAN', 5, 0, 5, 'day'),
('2021-07-30', 'SFN', 'HOUA', 6, 9, 15, 'night'),
('2021-07-31', 'SFN', 'HOUA', 8, 6, 14, 'day'),
('2021-08-01', 'SFN', 'HOUA', 5, 3, 8, 'day'),
('2021-08-02', 'SFN', 'ARIN', 11, 8, 19, 'night'),
('2021-08-03', 'SFN', 'ARIN', 1, 3, 4, 'night'),
('2021-08-04', 'SFN', 'ARIN', 7, 1, 8, 'night'),
('2021-08-05', 'SFN', 'ARIN', 5, 4, 9, 'day'),
('2021-08-10', 'SFN', 'ARIN', 8, 7, 15, 'night'),
('2021-08-11', 'SFN', 'ARIN', 7, 2, 9, 'night'),
('2021-08-12', 'SFN', 'COLN', 7, 0, 7, 'night'),
('2021-08-13', 'SFN', 'COLN', 5, 4, 9, 'night'),
('2021-08-14', 'SFN', 'COLN', 1, 4, 5, 'night'),
('2021-08-15', 'SFN', 'COLN', 5, 2, 7, 'day'),
('2021-08-20', 'SFN', 'OAKA', 1, 4, 5, 'night'),
('2021-08-21', 'SFN', 'OAKA', 6, 5, 11, 'day'),
('2021-08-22', 'SFN', 'OAKA', 2, 1, 3, 'day'),
('2021-09-03', 'SFN', 'LAN', 3, 2, 5, 'night'),
('2021-09-04', 'SFN', 'LAN', 1, 6, 7, 'night'),
('2021-09-05', 'SFN', 'LAN', 6, 4, 10, 'day'),
('2021-09-06', 'SFN', 'COLN', 10, 5, 15, 'day'),
('2021-09-07', 'SFN', 'COLN', 12, 3, 15, 'night'),
('2021-09-08', 'SFN', 'COLN', 7, 4, 11, 'day'),
('2021-09-13', 'SFN', 'SDN', 9, 1, 10, 'night'),
('2021-09-14', 'SFN', 'SDN', 6, 1, 7, 'night'),
('2021-09-15', 'SFN', 'SDN', 6, 9, 15, 'night'),
('2021-09-16', 'SFN', 'SDN', 4, 7, 11, 'day'),
('2021-09-21', 'SFN', 'SDN', 6, 5, 11, 'night'),
('2021-09-22', 'SFN', 'SDN', 8, 6, 14, 'night'),
('2021-09-23', 'SFN', 'SDN', 6, 7, 13, 'day'),
('2021-09-24', 'SFN', 'COLN', 7, 2, 9, 'night'),
('2021-09-25', 'SFN', 'COLN', 7, 2, 9, 'night'),
('2021-09-26', 'SFN', 'COLN', 6, 2, 8, 'day'),
('2021-09-28', 'SFN', 'ARIN', 6, 4, 10, 'night'),
('2021-09-29', 'SFN', 'ARIN', 1, 0, 1, 'night'),
('2021-09-30', 'SFN', 'ARIN', 5, 4, 9, 'night'),
('2021-10-01', 'SFN', 'SDN', 3, 0, 3, 'night'),
('2021-10-02', 'SFN', 'SDN', 2, 3, 5, 'day'),
('2021-10-03', 'SFN', 'SDN', 11, 4, 15, 'day'),
('2021-04-01', 'LAN', 'COLN', 5, 8, 13, 'day'),
('2021-04-02', 'LAN', 'COLN', 11, 6, 17, 'night'),
('2021-04-03', 'LAN', 'COLN', 6, 5, 11, 'night'),
('2021-04-04', 'LAN', 'COLN', 4, 2, 6, 'day'),
('2021-04-05', 'LAN', 'OAKA', 10, 3, 13, 'night'),
('2021-04-06', 'LAN', 'OAKA', 5, 1, 6, 'night'),
('2021-04-07', 'LAN', 'OAKA', 3, 4, 7, 'day'),
('2021-04-13', 'LAN', 'COLN', 7, 0, 7, 'night'),
('2021-04-14', 'LAN', 'COLN', 4, 2, 6, 'night'),
('2021-04-15', 'LAN', 'COLN', 7, 5, 12, 'night'),
('2021-04-16', 'LAN', 'SDN', 11, 6, 17, 'night'),
('2021-04-17', 'LAN', 'SDN', 2, 0, 2, 'night'),
('2021-04-18', 'LAN', 'SDN', 2, 5, 7, 'day'),
('2021-04-19', 'LAN', 'SEAA', 3, 4, 7, 'night'),
('2021-04-20', 'LAN', 'SEAA', 1, 0, 1, 'day'),
('2021-04-22', 'LAN', 'SDN', 2, 3, 5, 'night'),
('2021-04-23', 'LAN', 'SDN', 1, 6, 7, 'night'),
('2021-04-24', 'LAN', 'SDN', 5, 4, 9, 'night'),
('2021-04-25', 'LAN', 'SDN', 7, 8, 15, 'day'),
('2021-05-07', 'LAN', 'ANAA', 2, 9, 11, 'night'),
('2021-05-08', 'LAN', 'ANAA', 14, 11, 25, 'night'),
('2021-05-09', 'LAN', 'ANAA', 1, 2, 3, 'day'),
('2021-05-11', 'LAN', 'SEAA', 6, 4, 10, 'night'),
('2021-05-12', 'LAN', 'SEAA', 7, 1, 8, 'night'),
('2021-05-17', 'LAN', 'ARIN', 3, 1, 4, 'night'),
('2021-05-18', 'LAN', 'ARIN', 9, 1, 10, 'night'),
('2021-05-19', 'LAN', 'ARIN', 4, 2, 6, 'night'),
('2021-05-20', 'LAN', 'ARIN', 3, 2, 5, 'night'),
('2021-05-25', 'LAN', 'HOUA', 9, 2, 11, 'night'),
('2021-05-26', 'LAN', 'HOUA', 2, 5, 7, 'night'),
('2021-06-11', 'LAN', 'TEXA', 12, 1, 13, 'night'),
('2021-06-12', 'LAN', 'TEXA', 1, 12, 13, 'night'),
('2021-06-13', 'LAN', 'TEXA', 5, 3, 8, 'day'),
('2021-06-18', 'LAN', 'ARIN', 3, 0, 3, 'night'),
('2021-06-19', 'LAN', 'ARIN', 9, 3, 12, 'night'),
('2021-06-20', 'LAN', 'ARIN', 9, 8, 17, 'day'),
('2021-06-21', 'LAN', 'SDN', 2, 6, 8, 'night'),
('2021-06-22', 'LAN', 'SDN', 2, 3, 5, 'night'),
('2021-06-23', 'LAN', 'SDN', 3, 5, 8, 'night'),
('2021-07-09', 'LAN', 'ARIN', 2, 5, 7, 'night'),
('2021-07-10', 'LAN', 'ARIN', 22, 1, 23, 'night'),
('2021-07-11', 'LAN', 'ARIN', 7, 4, 11, 'day'),
('2021-07-16', 'LAN', 'COLN', 10, 4, 14, 'night'),
('2021-07-17', 'LAN', 'COLN', 9, 2, 11, 'night'),
('2021-07-18', 'LAN', 'COLN', 5, 6, 11, 'day'),
('2021-07-23', 'LAN', 'COLN', 6, 9, 15, 'night'),
('2021-07-24', 'LAN', 'COLN', 1, 0, 1, 'night'),
('2021-07-25', 'LAN', 'COLN', 3, 2, 5, 'day'),
('2021-07-30', 'LAN', 'ARIN', 5, 6, 11, 'night'),
('2021-07-31', 'LAN', 'ARIN', 8, 3, 11, 'night'),
('2021-08-01', 'LAN', 'ARIN', 13, 0, 13, 'day'),
('2021-08-03', 'LAN', 'HOUA', 0, 3, 3, 'night'),
('2021-08-04', 'LAN', 'HOUA', 7, 5, 12, 'night'),
('2021-08-06', 'LAN', 'ANAA', 3, 4, 7, 'night'),
('2021-08-07', 'LAN', 'ANAA', 5, 3, 8, 'night'),
('2021-08-08', 'LAN', 'ANAA', 8, 2, 10, 'day'),
('2021-08-24', 'LAN', 'SDN', 5, 2, 7, 'night'),
('2021-08-25', 'LAN', 'SDN', 5, 3, 8, 'night'),
('2021-08-26', 'LAN', 'SDN', 4, 0, 4, 'night'),
('2021-08-27', 'LAN', 'COLN', 2, 4, 6, 'night'),
('2021-08-28', 'LAN', 'COLN', 5, 2, 7, 'night'),
('2021-08-29', 'LAN', 'COLN', 0, 5, 5, 'day'),
('2021-09-10', 'LAN', 'SDN', 3, 0, 3, 'night'),
('2021-09-11', 'LAN', 'SDN', 5, 4, 9, 'night'),
('2021-09-12', 'LAN', 'SDN', 8, 0, 8, 'day'),
('2021-09-13', 'LAN', 'ARIN', 5, 1, 6, 'night'),
('2021-09-14', 'LAN', 'ARIN', 8, 4, 12, 'night'),
('2021-09-15', 'LAN', 'ARIN', 5, 3, 8, 'night'),
('2021-09-21', 'LAN', 'COLN', 5, 4, 9, 'night'),
('2021-09-22', 'LAN', 'COLN', 5, 10, 15, 'night'),
('2021-09-23', 'LAN', 'COLN', 7, 5, 12, 'day'),
('2021-09-24', 'LAN', 'ARIN', 4, 2, 6, 'night'),
('2021-09-25', 'LAN', 'ARIN', 2, 7, 9, 'night'),
('2021-09-26', 'LAN', 'ARIN', 3, 0, 3, 'day'),
('2021-09-28', 'LAN', 'SDN', 2, 1, 3, 'night'),
('2021-09-29', 'LAN', 'SDN', 11, 9, 20, 'night'),
('2021-09-30', 'LAN', 'SDN', 8, 3, 11, 'night'),
('2021-04-01', 'SDN', 'ARIN', 8, 7, 15, 'day'),
('2021-04-02', 'SDN', 'ARIN', 4, 2, 6, 'night'),
('2021-04-03', 'SDN', 'ARIN', 7, 0, 7, 'night'),
('2021-04-04', 'SDN', 'ARIN', 1, 3, 4, 'day'),
('2021-04-09', 'SDN', 'TEXA', 3, 0, 3, 'night'),
('2021-04-10', 'SDN', 'TEXA', 7, 4, 11, 'night'),
('2021-04-11', 'SDN', 'TEXA', 2, 0, 2, 'day'),
('2021-04-27', 'SDN', 'ARIN', 1, 5, 6, 'night'),
('2021-04-28', 'SDN', 'ARIN', 12, 3, 15, 'night'),
('2021-05-11', 'SDN', 'COLN', 8, 1, 9, 'night'),
('2021-05-12', 'SDN', 'COLN', 5, 3, 8, 'day'),
('2021-05-12', 'SDN', 'COLN', 2, 3, 5, 'night'),
('2021-05-17', 'SDN', 'COLN', 7, 0, 7, 'night'),
('2021-05-18', 'SDN', 'COLN', 2, 1, 3, 'night'),
('2021-05-19', 'SDN', 'COLN', 3, 0, 3, 'day'),
('2021-05-21', 'SDN', 'SEAA', 16, 1, 17, 'night'),
('2021-05-22', 'SDN', 'SEAA', 6, 4, 10, 'night'),
('2021-05-23', 'SDN', 'SEAA', 9, 2, 11, 'day'),
('2021-05-28', 'SDN', 'HOUA', 10, 3, 13, 'night'),
('2021-05-29', 'SDN', 'HOUA', 11, 8, 19, 'day'),
('2021-05-30', 'SDN', 'HOUA', 4, 7, 11, 'day'),
('2021-06-14', 'SDN', 'COLN', 2, 3, 5, 'night'),
('2021-06-15', 'SDN', 'COLN', 4, 8, 12, 'night'),
('2021-06-16', 'SDN', 'COLN', 7, 8, 15, 'day'),
('2021-06-25', 'SDN', 'ARIN', 11, 5, 16, 'night'),
('2021-06-26', 'SDN', 'ARIN', 1, 10, 11, 'night'),
('2021-06-27', 'SDN', 'ARIN', 5, 4, 9, 'day'),
('2021-07-09', 'SDN', 'COLN', 4, 2, 6, 'night'),
('2021-07-10', 'SDN', 'COLN', 0, 3, 3, 'night'),
('2021-07-11', 'SDN', 'COLN', 1, 3, 4, 'day'),
('2021-07-27', 'SDN', 'OAKA', 7, 4, 11, 'night'),
('2021-07-28', 'SDN', 'OAKA', 4, 10, 14, 'day'),
('2021-07-29', 'SDN', 'COLN', 3, 0, 3, 'night'),
('2021-07-30', 'SDN', 'COLN', 4, 9, 13, 'night'),
('2021-07-31', 'SDN', 'COLN', 3, 5, 8, 'night'),
('2021-08-01', 'SDN', 'COLN', 8, 1, 9, 'day'),
('2021-08-03', 'SDN', 'OAKA', 8, 1, 9, 'night'),
('2021-08-04', 'SDN', 'OAKA', 4, 5, 9, 'day'),
('2021-08-06', 'SDN', 'ARIN', 5, 8, 13, 'night'),
('2021-08-07', 'SDN', 'ARIN', 6, 2, 8, 'night'),
('2021-08-08', 'SDN', 'ARIN', 2, 0, 2, 'day'),
('2021-08-12', 'SDN', 'ARIN', 3, 12, 15, 'night'),
('2021-08-13', 'SDN', 'ARIN', 2, 3, 5, 'night'),
('2021-08-14', 'SDN', 'ARIN', 0, 7, 7, 'night'),
('2021-08-15', 'SDN', 'ARIN', 8, 2, 10, 'day'),
('2021-08-16', 'SDN', 'COLN', 5, 6, 11, 'night'),
('2021-08-17', 'SDN', 'COLN', 3, 7, 10, 'night'),
('2021-08-18', 'SDN', 'COLN', 5, 7, 12, 'day'),
('2021-08-27', 'SDN', 'ANAA', 5, 0, 5, 'night'),
('2021-08-28', 'SDN', 'ANAA', 2, 10, 12, 'night'),
('2021-08-30', 'SDN', 'ARIN', 7, 5, 12, 'night'),
('2021-08-31', 'SDN', 'ARIN', 3, 0, 3, 'night'),
('2021-09-01', 'SDN', 'ARIN', 3, 8, 11, 'day'),
('2021-09-03', 'SDN', 'HOUA', 3, 6, 9, 'night'),
('2021-09-04', 'SDN', 'HOUA', 10, 2, 12, 'night'),
('2021-09-05', 'SDN', 'HOUA', 4, 3, 7, 'day'),
('2021-09-07', 'SDN', 'ANAA', 0, 4, 4, 'night'),
('2021-09-08', 'SDN', 'ANAA', 8, 5, 13, 'night'),
('2021-04-06', 'COLN', 'ARIN', 8, 10, 18, 'night'),
('2021-04-07', 'COLN', 'ARIN', 8, 0, 8, 'night'),
('2021-04-08', 'COLN', 'ARIN', 7, 3, 10, 'day'),
('2021-04-20', 'COLN', 'HOUA', 6, 2, 8, 'night'),
('2021-04-21', 'COLN', 'HOUA', 6, 3, 9, 'day'),
('2021-04-29', 'COLN', 'ARIN', 3, 5, 8, 'night'),
('2021-04-30', 'COLN', 'ARIN', 2, 7, 9, 'night'),
('2021-05-01', 'COLN', 'ARIN', 14, 6, 20, 'night'),
('2021-05-02', 'COLN', 'ARIN', 4, 8, 12, 'day'),
('2021-05-21', 'COLN', 'ARIN', 7, 1, 8, 'night'),
('2021-05-22', 'COLN', 'ARIN', 7, 6, 13, 'day'),
('2021-05-23', 'COLN', 'ARIN', 4, 3, 7, 'day'),
('2021-06-01', 'COLN', 'TEXA', 3, 2, 5, 'night'),
('2021-06-02', 'COLN', 'TEXA', 6, 3, 9, 'night'),
('2021-06-03', 'COLN', 'TEXA', 11, 6, 17, 'day'),
('2021-06-04', 'COLN', 'OAKA', 5, 9, 14, 'night'),
('2021-06-05', 'COLN', 'OAKA', 3, 6, 9, 'night'),
('2021-06-06', 'COLN', 'OAKA', 3, 1, 4, 'day'),
('2021-06-22', 'COLN', 'SEAA', 1, 2, 3, 'night'),
('2021-06-23', 'COLN', 'SEAA', 5, 2, 7, 'day'),
('2021-07-06', 'COLN', 'ARIN', 3, 4, 7, 'night'),
('2021-07-07', 'COLN', 'ARIN', 4, 6, 10, 'night'),
('2021-07-08', 'COLN', 'ARIN', 9, 3, 12, 'day'),
('2021-07-20', 'COLN', 'SEAA', 4, 6, 10, 'night'),
('2021-07-21', 'COLN', 'SEAA', 6, 3, 9, 'day'),
('2021-07-26', 'COLN', 'ANAA', 2, 6, 8, 'night'),
('2021-07-27', 'COLN', 'ANAA', 12, 3, 15, 'night'),
('2021-07-28', 'COLN', 'ANAA', 7, 8, 15, 'night'),
('2021-08-10', 'COLN', 'HOUA', 0, 5, 5, 'night'),
('2021-08-11', 'COLN', 'HOUA', 1, 5, 6, 'day'),
('2021-08-20', 'COLN', 'ARIN', 9, 4, 13, 'night'),
('2021-08-21', 'COLN', 'ARIN', 5, 2, 7, 'night'),
('2021-08-22', 'COLN', 'ARIN', 4, 8, 12, 'day'),
('2021-08-30', 'COLN', 'TEXA', 3, 4, 7, 'night'),
('2021-08-31', 'COLN', 'TEXA', 3, 4, 7, 'night'),
('2021-09-01', 'COLN', 'TEXA', 9, 5, 14, 'day'),
('2021-10-01', 'COLN', 'ARIN', 9, 7, 16, 'night'),
('2021-10-02', 'COLN', 'ARIN', 2, 11, 13, 'night'),
('2021-10-03', 'COLN', 'ARIN', 4, 5, 9, 'day'),
('2021-04-12', 'ARIN', 'OAKA', 5, 9, 14, 'night'),
('2021-04-13', 'ARIN', 'OAKA', 5, 7, 12, 'day'),
('2021-06-08', 'ARIN', 'OAKA', 2, 5, 7, 'night'),
('2021-06-09', 'ARIN', 'OAKA', 0, 4, 4, 'day'),
('2021-06-11', 'ARIN', 'ANAA', 5, 6, 11, 'night'),
('2021-06-12', 'ARIN', 'ANAA', 7, 8, 15, 'day'),
('2021-06-13', 'ARIN', 'ANAA', 3, 10, 13, 'day'),
('2021-07-27', 'ARIN', 'TEXA', 4, 5, 9, 'night'),
('2021-07-28', 'ARIN', 'TEXA', 3, 2, 5, 'night'),
('2021-09-03', 'ARIN', 'SEAA', 5, 6, 11, 'night'),
('2021-09-04', 'ARIN', 'SEAA', 5, 8, 13, 'night'),
('2021-09-05', 'ARIN', 'SEAA', 4, 10, 14, 'day'),
('2021-09-07', 'ARIN', 'TEXA', 1, 3, 4, 'night'),
('2021-09-08', 'ARIN', 'TEXA', 5, 8, 13, 'day'),
('2021-09-10', 'ARIN', 'SEAA', 4, 5, 9, 'night'),
('2021-09-11', 'ARIN', 'SEAA', 7, 3, 10, 'night'),
('2021-09-12', 'ARIN', 'SEAA', 5, 4, 9, 'day'),
('2021-09-17', 'ARIN', 'HOUA', 3, 4, 7, 'night'),
('2021-09-18', 'ARIN', 'HOUA', 6, 4, 10, 'night'),
('2021-09-19', 'ARIN', 'HOUA', 6, 7, 13, 'day'),
('2021-04-05', 'TBA', 'BOSA', 2, 11, 13, 'night'),
('2021-04-06', 'TBA', 'BOSA', 5, 6, 11, 'night'),
('2021-04-07', 'TBA', 'BOSA', 2, 9, 11, 'day'),
('2021-04-09', 'TBA', 'NYA', 10, 5, 15, 'day'),
('2021-04-10', 'TBA', 'NYA', 4, 0, 4, 'day'),
('2021-04-11', 'TBA', 'NYA', 4, 8, 12, 'day'),
('2021-04-12', 'TBA', 'TEXA', 1, 0, 1, 'night'),
('2021-04-13', 'TBA', 'TEXA', 3, 8, 11, 'night'),
('2021-04-14', 'TBA', 'TEXA', 1, 5, 6, 'night'),
('2021-04-15', 'TBA', 'TEXA', 4, 6, 10, 'night'),
('2021-04-16', 'TBA', 'NYA', 8, 2, 10, 'night'),
('2021-04-17', 'TBA', 'NYA', 6, 3, 9, 'day'),
('2021-04-18', 'TBA', 'NYA', 4, 2, 6, 'day'),
('2021-04-19', 'TBA', 'KCA', 4, 1, 5, 'night'),
('2021-04-20', 'TBA', 'KCA', 14, 7, 21, 'night'),
('2021-04-21', 'TBA', 'KCA', 8, 9, 17, 'night'),
('2021-04-23', 'TBA', 'TORA', 3, 5, 8, 'night'),
('2021-04-24', 'TBA', 'TORA', 5, 3, 8, 'night'),
('2021-04-25', 'TBA', 'TORA', 0, 1, 1, 'day'),
('2021-04-26', 'TBA', 'OAKA', 1, 2, 3, 'night'),
('2021-04-27', 'TBA', 'OAKA', 4, 3, 7, 'night'),
('2021-04-28', 'TBA', 'OAKA', 2, 0, 2, 'night'),
('2021-04-29', 'TBA', 'OAKA', 2, 3, 5, 'day'),
('2021-04-30', 'TBA', 'HOUA', 2, 9, 11, 'night'),
('2021-05-01', 'TBA', 'HOUA', 1, 3, 4, 'day'),
('2021-05-02', 'TBA', 'HOUA', 5, 4, 9, 'day'),
('2021-05-03', 'TBA', 'ANAA', 7, 3, 10, 'night'),
('2021-05-04', 'TBA', 'ANAA', 8, 3, 11, 'night'),
('2021-05-05', 'TBA', 'ANAA', 3, 1, 4, 'night'),
('2021-05-06', 'TBA', 'ANAA', 8, 3, 11, 'night'),
('2021-05-07', 'TBA', 'OAKA', 1, 2, 3, 'night'),
('2021-05-08', 'TBA', 'OAKA', 3, 6, 9, 'day'),
('2021-05-09', 'TBA', 'OAKA', 4, 3, 7, 'day'),
('2021-05-11', 'TBA', 'NYA', 1, 3, 4, 'night'),
('2021-05-12', 'TBA', 'NYA', 0, 1, 1, 'night'),
('2021-05-13', 'TBA', 'NYA', 9, 1, 10, 'night'),
('2021-05-18', 'TBA', 'BALA', 13, 6, 19, 'night'),
('2021-05-19', 'TBA', 'BALA', 9, 7, 16, 'night'),
('2021-05-20', 'TBA', 'BALA', 10, 1, 11, 'day'),
('2021-05-21', 'TBA', 'TORA', 9, 7, 16, 'night'),
('2021-05-22', 'TBA', 'TORA', 3, 1, 4, 'night'),
('2021-05-23', 'TBA', 'TORA', 6, 4, 10, 'day'),
('2021-05-24', 'TBA', 'TORA', 14, 8, 22, 'day'),
('2021-05-25', 'TBA', 'KCA', 1, 2, 3, 'night'),
('2021-05-26', 'TBA', 'KCA', 2, 1, 3, 'night'),
('2021-05-27', 'TBA', 'KCA', 7, 2, 9, 'day'),
('2021-05-31', 'TBA', 'NYA', 3, 1, 4, 'day'),
('2021-06-01', 'TBA', 'NYA', 3, 5, 8, 'night'),
('2021-06-02', 'TBA', 'NYA', 3, 4, 7, 'night'),
('2021-06-03', 'TBA', 'NYA', 9, 2, 11, 'day'),
('2021-06-04', 'TBA', 'TEXA', 4, 5, 9, 'night'),
('2021-06-05', 'TBA', 'TEXA', 3, 0, 3, 'day'),
('2021-06-06', 'TBA', 'TEXA', 7, 1, 8, 'day'),
('2021-06-11', 'TBA', 'BALA', 4, 2, 6, 'night'),
('2021-06-12', 'TBA', 'BALA', 5, 4, 9, 'day'),
('2021-06-13', 'TBA', 'BALA', 7, 1, 8, 'day'),
('2021-06-14', 'TBA', 'CHIA', 5, 2, 7, 'night'),
('2021-06-15', 'TBA', 'CHIA', 0, 3, 3, 'night'),
('2021-06-16', 'TBA', 'CHIA', 7, 8, 15, 'day'),
('2021-06-17', 'TBA', 'SEAA', 5, 6, 11, 'night'),
('2021-06-18', 'TBA', 'SEAA', 1, 5, 6, 'night'),
('2021-06-19', 'TBA', 'SEAA', 5, 6, 11, 'night'),
('2021-06-20', 'TBA', 'SEAA', 2, 6, 8, 'day'),
('2021-06-22', 'TBA', 'BOSA', 5, 9, 14, 'night'),
('2021-06-23', 'TBA', 'BOSA', 8, 2, 10, 'night'),
('2021-06-24', 'TBA', 'BOSA', 1, 0, 1, 'night'),
('2021-06-25', 'TBA', 'ANAA', 4, 3, 7, 'night'),
('2021-06-26', 'TBA', 'ANAA', 13, 3, 16, 'day'),
('2021-06-27', 'TBA', 'ANAA', 4, 6, 10, 'day'),
('2021-07-02', 'TBA', 'TORA', 1, 11, 12, 'night'),
('2021-07-03', 'TBA', 'TORA', 3, 6, 9, 'day'),
('2021-07-04', 'TBA', 'TORA', 5, 1, 6, 'day'),
('2021-07-05', 'TBA', 'CLEA', 9, 8, 17, 'night'),
('2021-07-07', 'TBA', 'CLEA', 8, 1, 9, 'day'),
('2021-07-07', 'TBA', 'CLEA', 4, 0, 4, 'night'),
('2021-07-09', 'TBA', 'TORA', 7, 1, 8, 'night'),
('2021-07-10', 'TBA', 'TORA', 5, 2, 7, 'day'),
('2021-07-11', 'TBA', 'TORA', 1, 3, 4, 'day'),
('2021-07-19', 'TBA', 'BALA', 1, 6, 7, 'night'),
('2021-07-20', 'TBA', 'BALA', 9, 3, 12, 'night'),
('2021-07-21', 'TBA', 'BALA', 5, 4, 9, 'day'),
('2021-07-22', 'TBA', 'CLEA', 5, 4, 9, 'night'),
('2021-07-23', 'TBA', 'CLEA', 10, 5, 15, 'night'),
('2021-07-24', 'TBA', 'CLEA', 8, 2, 10, 'night'),
('2021-07-25', 'TBA', 'CLEA', 2, 3, 5, 'day'),
('2021-07-27', 'TBA', 'NYA', 3, 4, 7, 'night'),
('2021-07-28', 'TBA', 'NYA', 1, 3, 4, 'night'),
('2021-07-29', 'TBA', 'NYA', 14, 0, 14, 'day'),
('2021-07-30', 'TBA', 'BOSA', 7, 3, 10, 'night'),
('2021-07-31', 'TBA', 'BOSA', 9, 5, 14, 'night'),
('2021-08-01', 'TBA', 'BOSA', 3, 2, 5, 'night'),
('2021-08-02', 'TBA', 'SEAA', 2, 8, 10, 'night'),
('2021-08-03', 'TBA', 'SEAA', 2, 4, 6, 'night'),
('2021-08-04', 'TBA', 'SEAA', 4, 3, 7, 'day'),
('2021-08-06', 'TBA', 'BALA', 10, 6, 16, 'night'),
('2021-08-07', 'TBA', 'BALA', 12, 3, 15, 'night'),
('2021-08-08', 'TBA', 'BALA', 9, 6, 15, 'day'),
('2021-08-10', 'TBA', 'BOSA', 8, 4, 12, 'night'),
('2021-08-11', 'TBA', 'BOSA', 8, 20, 28, 'night'),
('2021-08-12', 'TBA', 'BOSA', 8, 1, 9, 'day'),
('2021-08-13', 'TBA', 'MINA', 10, 4, 14, 'night'),
('2021-08-14', 'TBA', 'MINA', 0, 12, 12, 'night'),
('2021-08-15', 'TBA', 'MINA', 4, 5, 9, 'day'),
('2021-08-16', 'TBA', 'BALA', 9, 2, 11, 'night'),
('2021-08-17', 'TBA', 'BALA', 10, 0, 10, 'night'),
('2021-08-18', 'TBA', 'BALA', 8, 4, 12, 'night'),
('2021-08-19', 'TBA', 'BALA', 7, 2, 9, 'day'),
('2021-08-20', 'TBA', 'CHIA', 5, 7, 12, 'night'),
('2021-08-21', 'TBA', 'CHIA', 8, 4, 12, 'day'),
('2021-08-22', 'TBA', 'CHIA', 9, 0, 9, 'day'),
('2021-08-27', 'TBA', 'BALA', 6, 3, 9, 'night'),
('2021-08-28', 'TBA', 'BALA', 4, 3, 7, 'night'),
('2021-08-29', 'TBA', 'BALA', 12, 8, 20, 'day'),
('2021-08-30', 'TBA', 'BOSA', 6, 1, 7, 'night'),
('2021-08-31', 'TBA', 'BOSA', 8, 5, 13, 'night'),
('2021-09-01', 'TBA', 'BOSA', 2, 3, 5, 'night'),
('2021-09-02', 'TBA', 'BOSA', 0, 4, 4, 'night'),
('2021-09-03', 'TBA', 'MINA', 5, 3, 8, 'night'),
('2021-09-04', 'TBA', 'MINA', 11, 4, 15, 'day'),
('2021-09-05', 'TBA', 'MINA', 5, 6, 11, 'day'),
('2021-09-06', 'TBA', 'BOSA', 11, 10, 21, 'day'),
('2021-09-07', 'TBA', 'BOSA', 12, 7, 19, 'night'),
('2021-09-08', 'TBA', 'BOSA', 1, 2, 3, 'night'),
('2021-09-10', 'TBA', 'DETA', 4, 10, 14, 'night'),
('2021-09-11', 'TBA', 'DETA', 7, 2, 9, 'night'),
('2021-09-12', 'TBA', 'DETA', 7, 8, 15, 'day'),
('2021-09-13', 'TBA', 'TORA', 1, 8, 9, 'night'),
('2021-09-14', 'TBA', 'TORA', 2, 0, 2, 'night'),
('2021-09-15', 'TBA', 'TORA', 3, 6, 9, 'day'),
('2021-09-16', 'TBA', 'DETA', 5, 2, 7, 'night'),
('2021-09-17', 'TBA', 'DETA', 7, 4, 11, 'night'),
('2021-09-18', 'TBA', 'DETA', 3, 4, 7, 'day'),
('2021-09-19', 'TBA', 'DETA', 0, 2, 2, 'day'),
('2021-09-20', 'TBA', 'TORA', 6, 4, 10, 'night'),
('2021-09-21', 'TBA', 'TORA', 2, 4, 6, 'night'),
('2021-09-22', 'TBA', 'TORA', 7, 1, 8, 'day'),
('2021-09-28', 'TBA', 'HOUA', 3, 4, 7, 'night'),
('2021-09-29', 'TBA', 'HOUA', 7, 0, 7, 'night'),
('2021-09-30', 'TBA', 'HOUA', 2, 3, 5, 'night'),
('2021-10-01', 'TBA', 'NYA', 4, 3, 7, 'night'),
('2021-10-02', 'TBA', 'NYA', 12, 2, 14, 'day'),
('2021-10-03', 'TBA', 'NYA', 0, 1, 1, 'day'),
('2021-04-02', 'BOSA', 'BALA', 0, 3, 3, 'day'),
('2021-04-03', 'BOSA', 'BALA', 2, 4, 6, 'day'),
('2021-04-04', 'BOSA', 'BALA', 3, 11, 14, 'day'),
('2021-04-08', 'BOSA', 'BALA', 7, 3, 10, 'day'),
('2021-04-10', 'BOSA', 'BALA', 6, 4, 10, 'night'),
('2021-04-11', 'BOSA', 'BALA', 14, 9, 23, 'day'),
('2021-04-13', 'BOSA', 'MINA', 4, 2, 6, 'day'),
('2021-04-14', 'BOSA', 'MINA', 3, 2, 5, 'day'),
('2021-04-14', 'BOSA', 'MINA', 7, 1, 8, 'night'),
('2021-04-15', 'BOSA', 'MINA', 3, 4, 7, 'day'),
('2021-04-17', 'BOSA', 'CHIA', 7, 4, 11, 'day'),
('2021-04-18', 'BOSA', 'CHIA', 2, 3, 5, 'day'),
('2021-04-18', 'BOSA', 'CHIA', 1, 5, 6, 'night'),
('2021-04-19', 'BOSA', 'CHIA', 11, 4, 15, 'day'),
('2021-04-20', 'BOSA', 'TORA', 4, 2, 6, 'night'),
('2021-04-21', 'BOSA', 'TORA', 3, 6, 9, 'night'),
('2021-04-22', 'BOSA', 'SEAA', 3, 7, 10, 'night'),
('2021-04-23', 'BOSA', 'SEAA', 6, 5, 11, 'night'),
('2021-04-24', 'BOSA', 'SEAA', 2, 8, 10, 'day'),
('2021-04-25', 'BOSA', 'SEAA', 5, 3, 8, 'day'),
('2021-04-29', 'BOSA', 'TEXA', 1, 4, 5, 'night'),
('2021-04-30', 'BOSA', 'TEXA', 6, 1, 7, 'night'),
('2021-05-01', 'BOSA', 'TEXA', 6, 8, 14, 'night'),
('2021-05-02', 'BOSA', 'TEXA', 3, 5, 8, 'day'),
('2021-05-04', 'BOSA', 'DETA', 11, 7, 18, 'night'),
('2021-05-05', 'BOSA', 'DETA', 5, 6, 11, 'night'),
('2021-05-06', 'BOSA', 'DETA', 12, 9, 21, 'day'),
('2021-05-07', 'BOSA', 'BALA', 6, 2, 8, 'night'),
('2021-05-08', 'BOSA', 'BALA', 11, 6, 17, 'night'),
('2021-05-09', 'BOSA', 'BALA', 4, 3, 7, 'day'),
('2021-05-10', 'BOSA', 'BALA', 1, 4, 5, 'night'),
('2021-05-11', 'BOSA', 'OAKA', 2, 3, 5, 'night'),
('2021-05-12', 'BOSA', 'OAKA', 1, 4, 5, 'night'),
('2021-05-13', 'BOSA', 'OAKA', 8, 1, 9, 'night'),
('2021-05-14', 'BOSA', 'ANAA', 4, 3, 7, 'night'),
('2021-05-15', 'BOSA', 'ANAA', 9, 0, 9, 'day'),
('2021-05-16', 'BOSA', 'ANAA', 5, 6, 11, 'day'),
('2021-05-18', 'BOSA', 'TORA', 0, 8, 8, 'night'),
('2021-05-19', 'BOSA', 'TORA', 7, 3, 10, 'night'),
('2021-05-20', 'BOSA', 'TORA', 8, 7, 15, 'night'),
('2021-05-31', 'BOSA', 'HOUA', 2, 11, 13, 'day'),
('2021-06-01', 'BOSA', 'HOUA', 1, 5, 6, 'night'),
('2021-06-02', 'BOSA', 'HOUA', 1, 2, 3, 'night'),
('2021-06-03', 'BOSA', 'HOUA', 5, 1, 6, 'day'),
('2021-06-04', 'BOSA', 'NYA', 5, 2, 7, 'night'),
('2021-06-05', 'BOSA', 'NYA', 7, 3, 10, 'night'),
('2021-06-06', 'BOSA', 'NYA', 6, 5, 11, 'night'),
('2021-06-08', 'BOSA', 'HOUA', 1, 7, 8, 'night'),
('2021-06-09', 'BOSA', 'HOUA', 3, 8, 11, 'night'),
('2021-06-10', 'BOSA', 'HOUA', 12, 8, 20, 'night'),
('2021-06-11', 'BOSA', 'TORA', 6, 5, 11, 'night'),
('2021-06-12', 'BOSA', 'TORA', 2, 7, 9, 'day'),
('2021-06-13', 'BOSA', 'TORA', 4, 18, 22, 'day'),
('2021-06-14', 'BOSA', 'TORA', 2, 1, 3, 'night'),
('2021-06-18', 'BOSA', 'KCA', 3, 5, 8, 'night'),
('2021-06-19', 'BOSA', 'KCA', 7, 1, 8, 'day'),
('2021-06-20', 'BOSA', 'KCA', 3, 7, 10, 'day'),
('2021-06-25', 'BOSA', 'NYA', 5, 3, 8, 'night'),
('2021-06-26', 'BOSA', 'NYA', 4, 2, 6, 'night'),
('2021-06-27', 'BOSA', 'NYA', 9, 2, 11, 'day'),
('2021-06-28', 'BOSA', 'KCA', 6, 5, 11, 'night'),
('2021-06-29', 'BOSA', 'KCA', 7, 6, 13, 'night'),
('2021-06-30', 'BOSA', 'KCA', 6, 2, 8, 'night'),
('2021-07-01', 'BOSA', 'KCA', 15, 1, 16, 'day'),
('2021-07-02', 'BOSA', 'OAKA', 3, 2, 5, 'night'),
('2021-07-03', 'BOSA', 'OAKA', 6, 7, 13, 'day'),
('2021-07-04', 'BOSA', 'OAKA', 1, 0, 1, 'day'),
('2021-07-05', 'BOSA', 'ANAA', 5, 4, 9, 'night'),
('2021-07-06', 'BOSA', 'ANAA', 3, 5, 8, 'night'),
('2021-07-07', 'BOSA', 'ANAA', 4, 5, 9, 'day'),
('2021-07-16', 'BOSA', 'NYA', 4, 0, 4, 'night'),
('2021-07-17', 'BOSA', 'NYA', 1, 3, 4, 'night'),
('2021-07-18', 'BOSA', 'NYA', 1, 9, 10, 'night'),
('2021-07-19', 'BOSA', 'TORA', 13, 4, 17, 'night'),
('2021-07-21', 'BOSA', 'TORA', 7, 4, 11, 'night'),
('2021-07-22', 'BOSA', 'NYA', 5, 4, 9, 'night'),
('2021-07-23', 'BOSA', 'NYA', 6, 2, 8, 'night'),
('2021-07-24', 'BOSA', 'NYA', 3, 4, 7, 'day'),
('2021-07-25', 'BOSA', 'NYA', 5, 4, 9, 'day'),
('2021-07-26', 'BOSA', 'TORA', 5, 4, 9, 'night'),
('2021-07-28', 'BOSA', 'TORA', 1, 4, 5, 'day'),
('2021-07-28', 'BOSA', 'TORA', 4, 1, 5, 'night'),
('2021-07-29', 'BOSA', 'TORA', 1, 13, 14, 'night'),
('2021-08-03', 'BOSA', 'DETA', 2, 4, 6, 'night'),
('2021-08-04', 'BOSA', 'DETA', 4, 1, 5, 'night'),
('2021-08-05', 'BOSA', 'DETA', 1, 8, 9, 'day'),
('2021-08-06', 'BOSA', 'TORA', 4, 12, 16, 'night'),
('2021-08-07', 'BOSA', 'TORA', 0, 1, 1, 'day'),
('2021-08-07', 'BOSA', 'TORA', 2, 1, 3, 'night'),
('2021-08-08', 'BOSA', 'TORA', 8, 9, 17, 'day'),
('2021-08-13', 'BOSA', 'BALA', 8, 1, 9, 'night'),
('2021-08-14', 'BOSA', 'BALA', 16, 2, 18, 'day'),
('2021-08-15', 'BOSA', 'BALA', 6, 2, 8, 'day'),
('2021-08-17', 'BOSA', 'NYA', 3, 5, 8, 'day'),
('2021-08-17', 'BOSA', 'NYA', 0, 2, 2, 'night'),
('2021-08-18', 'BOSA', 'NYA', 2, 5, 7, 'night'),
('2021-08-20', 'BOSA', 'TEXA', 6, 0, 6, 'night'),
('2021-08-21', 'BOSA', 'TEXA', 1, 10, 11, 'night'),
('2021-08-23', 'BOSA', 'TEXA', 8, 4, 12, 'day'),
('2021-08-24', 'BOSA', 'MINA', 11, 9, 20, 'night'),
('2021-08-25', 'BOSA', 'MINA', 6, 9, 15, 'night'),
('2021-08-26', 'BOSA', 'MINA', 12, 2, 14, 'night'),
('2021-08-27', 'BOSA', 'CLEA', 4, 3, 7, 'night'),
('2021-08-28', 'BOSA', 'CLEA', 5, 3, 8, 'day'),
('2021-08-29', 'BOSA', 'CLEA', 5, 7, 12, 'day'),
('2021-09-03', 'BOSA', 'CLEA', 8, 5, 13, 'night'),
('2021-09-04', 'BOSA', 'CLEA', 4, 3, 7, 'day'),
('2021-09-05', 'BOSA', 'CLEA', 5, 11, 16, 'day'),
('2021-09-10', 'BOSA', 'CHIA', 3, 4, 7, 'night'),
('2021-09-11', 'BOSA', 'CHIA', 9, 8, 17, 'night'),
('2021-09-12', 'BOSA', 'CHIA', 1, 2, 3, 'day'),
('2021-09-13', 'BOSA', 'SEAA', 4, 5, 9, 'night'),
('2021-09-14', 'BOSA', 'SEAA', 8, 4, 12, 'night'),
('2021-09-15', 'BOSA', 'SEAA', 9, 4, 13, 'day'),
('2021-09-17', 'BOSA', 'BALA', 7, 1, 8, 'night'),
('2021-09-18', 'BOSA', 'BALA', 9, 3, 12, 'day'),
('2021-09-19', 'BOSA', 'BALA', 8, 6, 14, 'day'),
('2021-09-24', 'BOSA', 'NYA', 3, 8, 11, 'night'),
('2021-09-25', 'BOSA', 'NYA', 3, 5, 8, 'day'),
('2021-09-26', 'BOSA', 'NYA', 3, 6, 9, 'night'),
('2021-09-28', 'BOSA', 'BALA', 2, 4, 6, 'night'),
('2021-09-29', 'BOSA', 'BALA', 6, 0, 6, 'night'),
('2021-09-30', 'BOSA', 'BALA', 2, 6, 8, 'night'),
('2021-04-01', 'NYA', 'TORA', 2, 3, 5, 'day'),
('2021-04-03', 'NYA', 'TORA', 5, 3, 8, 'day'),
('2021-04-04', 'NYA', 'TORA', 1, 3, 4, 'day'),
('2021-04-05', 'NYA', 'BALA', 7, 0, 7, 'night'),
('2021-04-06', 'NYA', 'BALA', 7, 2, 9, 'night'),
('2021-04-07', 'NYA', 'BALA', 3, 4, 7, 'night'),
('2021-04-12', 'NYA', 'TORA', 3, 1, 4, 'night'),
('2021-04-13', 'NYA', 'TORA', 3, 7, 10, 'night'),
('2021-04-14', 'NYA', 'TORA', 4, 5, 9, 'day'),
('2021-04-22', 'NYA', 'CLEA', 6, 3, 9, 'night'),
('2021-04-23', 'NYA', 'CLEA', 5, 3, 8, 'night'),
('2021-04-24', 'NYA', 'CLEA', 2, 1, 3, 'night'),
('2021-04-25', 'NYA', 'CLEA', 3, 7, 10, 'day'),
('2021-04-26', 'NYA', 'BALA', 2, 4, 6, 'night'),
('2021-04-27', 'NYA', 'BALA', 5, 1, 6, 'night'),
('2021-04-28', 'NYA', 'BALA', 7, 0, 7, 'night'),
('2021-04-29', 'NYA', 'BALA', 3, 4, 7, 'day'),
('2021-04-30', 'NYA', 'DETA', 10, 0, 10, 'night'),
('2021-05-01', 'NYA', 'DETA', 6, 4, 10, 'day'),
('2021-05-02', 'NYA', 'DETA', 2, 0, 2, 'day'),
('2021-05-04', 'NYA', 'HOUA', 7, 3, 10, 'night'),
('2021-05-05', 'NYA', 'HOUA', 6, 3, 9, 'night'),
('2021-05-06', 'NYA', 'HOUA', 4, 7, 11, 'day'),
('2021-05-14', 'NYA', 'BALA', 5, 4, 9, 'night'),
('2021-05-15', 'NYA', 'BALA', 8, 2, 10, 'night'),
('2021-05-16', 'NYA', 'BALA', 6, 10, 16, 'day'),
('2021-05-17', 'NYA', 'TEXA', 2, 5, 7, 'night'),
('2021-05-18', 'NYA', 'TEXA', 7, 4, 11, 'night'),
('2021-05-19', 'NYA', 'TEXA', 2, 0, 2, 'night'),
('2021-05-20', 'NYA', 'TEXA', 2, 0, 2, 'day'),
('2021-05-21', 'NYA', 'CHIA', 2, 1, 3, 'night'),
('2021-05-22', 'NYA', 'CHIA', 7, 0, 7, 'day'),
('2021-05-23', 'NYA', 'CHIA', 5, 4, 9, 'day'),
('2021-05-25', 'NYA', 'TORA', 2, 6, 8, 'night'),
('2021-05-27', 'NYA', 'TORA', 0, 2, 2, 'day'),
('2021-05-27', 'NYA', 'TORA', 5, 3, 8, 'night'),
('2021-05-28', 'NYA', 'DETA', 2, 3, 5, 'night'),
('2021-05-29', 'NYA', 'DETA', 1, 6, 7, 'day'),
('2021-05-30', 'NYA', 'DETA', 2, 6, 8, 'day'),
('2021-06-08', 'NYA', 'MINA', 8, 4, 12, 'night'),
('2021-06-09', 'NYA', 'MINA', 9, 6, 15, 'night'),
('2021-06-10', 'NYA', 'MINA', 5, 7, 12, 'night'),
('2021-06-15', 'NYA', 'TORA', 6, 5, 11, 'night'),
('2021-06-16', 'NYA', 'TORA', 3, 2, 5, 'night'),
('2021-06-17', 'NYA', 'TORA', 8, 4, 12, 'night'),
('2021-06-18', 'NYA', 'OAKA', 3, 5, 8, 'night'),
('2021-06-19', 'NYA', 'OAKA', 7, 5, 12, 'day'),
('2021-06-20', 'NYA', 'OAKA', 2, 1, 3, 'day'),
('2021-06-22', 'NYA', 'KCA', 5, 6, 11, 'night'),
('2021-06-23', 'NYA', 'KCA', 6, 5, 11, 'night'),
('2021-06-24', 'NYA', 'KCA', 8, 1, 9, 'day'),
('2021-06-28', 'NYA', 'ANAA', 3, 5, 8, 'night'),
('2021-06-29', 'NYA', 'ANAA', 11, 5, 16, 'night'),
('2021-06-30', 'NYA', 'ANAA', 8, 11, 19, 'night'),
('2021-07-06', 'NYA', 'SEAA', 12, 1, 13, 'night'),
('2021-07-07', 'NYA', 'SEAA', 5, 4, 9, 'night'),
('2021-07-08', 'NYA', 'SEAA', 0, 4, 4, 'day'),
('2021-07-09', 'NYA', 'HOUA', 4, 0, 4, 'night'),
('2021-07-10', 'NYA', 'HOUA', 1, 0, 1, 'night'),
('2021-07-11', 'NYA', 'HOUA', 7, 8, 15, 'day'),
('2021-08-02', 'NYA', 'BALA', 1, 7, 8, 'night'),
('2021-08-03', 'NYA', 'BALA', 13, 1, 14, 'night'),
('2021-08-04', 'NYA', 'BALA', 10, 3, 13, 'night'),
('2021-08-05', 'NYA', 'SEAA', 5, 3, 8, 'night'),
('2021-08-06', 'NYA', 'SEAA', 3, 2, 5, 'night'),
('2021-08-07', 'NYA', 'SEAA', 5, 4, 9, 'day'),
('2021-08-08', 'NYA', 'SEAA', 0, 2, 2, 'day'),
('2021-08-09', 'NYA', 'KCA', 8, 6, 14, 'night'),
('2021-08-10', 'NYA', 'KCA', 4, 8, 12, 'night'),
('2021-08-11', 'NYA', 'KCA', 5, 2, 7, 'day'),
('2021-08-12', 'NYA', 'CHIA', 8, 9, 17, 'night'),
('2021-08-14', 'NYA', 'CHIA', 7, 5, 12, 'night'),
('2021-08-15', 'NYA', 'CHIA', 5, 3, 8, 'day'),
('2021-08-16', 'NYA', 'ANAA', 2, 1, 3, 'night'),
('2021-08-19', 'NYA', 'MINA', 7, 5, 12, 'night'),
('2021-08-20', 'NYA', 'MINA', 10, 2, 12, 'night'),
('2021-08-21', 'NYA', 'MINA', 7, 1, 8, 'day'),
('2021-08-26', 'NYA', 'OAKA', 7, 6, 13, 'night'),
('2021-08-27', 'NYA', 'OAKA', 8, 2, 10, 'night'),
('2021-08-28', 'NYA', 'OAKA', 2, 3, 5, 'day'),
('2021-08-29', 'NYA', 'OAKA', 1, 3, 4, 'day'),
('2021-08-30', 'NYA', 'ANAA', 7, 8, 15, 'night'),
('2021-08-31', 'NYA', 'ANAA', 4, 6, 10, 'night'),
('2021-09-01', 'NYA', 'ANAA', 4, 1, 5, 'day'),
('2021-09-03', 'NYA', 'BALA', 4, 3, 7, 'night'),
('2021-09-04', 'NYA', 'BALA', 3, 4, 7, 'day'),
('2021-09-05', 'NYA', 'BALA', 7, 8, 15, 'day'),
('2021-09-06', 'NYA', 'TORA', 0, 8, 8, 'day'),
('2021-09-07', 'NYA', 'TORA', 1, 5, 6, 'night'),
('2021-09-08', 'NYA', 'TORA', 3, 6, 9, 'night'),
('2021-09-09', 'NYA', 'TORA', 4, 6, 10, 'night'),
('2021-09-13', 'NYA', 'MINA', 6, 5, 11, 'day'),
('2021-09-14', 'NYA', 'BALA', 7, 2, 9, 'night'),
('2021-09-15', 'NYA', 'BALA', 4, 3, 7, 'night'),
('2021-09-16', 'NYA', 'BALA', 2, 3, 5, 'night'),
('2021-09-17', 'NYA', 'CLEA', 8, 0, 8, 'night'),
('2021-09-18', 'NYA', 'CLEA', 3, 11, 14, 'day'),
('2021-09-19', 'NYA', 'CLEA', 1, 11, 12, 'day'),
('2021-09-20', 'NYA', 'TEXA', 4, 3, 7, 'night'),
('2021-09-21', 'NYA', 'TEXA', 7, 1, 8, 'night'),
('2021-09-22', 'NYA', 'TEXA', 7, 3, 10, 'night'),
('2021-09-28', 'NYA', 'TORA', 7, 2, 9, 'night'),
('2021-09-29', 'NYA', 'TORA', 5, 6, 11, 'night'),
('2021-09-30', 'NYA', 'TORA', 6, 2, 8, 'night'),
('2021-04-05', 'TORA', 'TEXA', 6, 2, 8, 'day'),
('2021-04-06', 'TORA', 'TEXA', 4, 7, 11, 'night'),
('2021-04-07', 'TORA', 'TEXA', 1, 2, 3, 'day'),
('2021-04-08', 'TORA', 'ANAA', 5, 7, 12, 'night'),
('2021-04-09', 'TORA', 'ANAA', 1, 7, 8, 'night'),
('2021-04-10', 'TORA', 'ANAA', 15, 1, 16, 'night'),
('2021-04-15', 'TORA', 'KCA', 5, 7, 12, 'night'),
('2021-04-17', 'TORA', 'KCA', 5, 1, 6, 'day'),
('2021-04-17', 'TORA', 'KCA', 2, 3, 5, 'night'),
('2021-04-18', 'TORA', 'KCA', 0, 2, 2, 'day'),
('2021-05-03', 'TORA', 'OAKA', 4, 5, 9, 'night'),
('2021-05-04', 'TORA', 'OAKA', 1, 4, 5, 'night'),
('2021-05-05', 'TORA', 'OAKA', 9, 4, 13, 'night'),
('2021-05-06', 'TORA', 'OAKA', 10, 4, 14, 'day'),
('2021-05-07', 'TORA', 'HOUA', 4, 10, 14, 'night'),
('2021-05-08', 'TORA', 'HOUA', 8, 4, 12, 'night'),
('2021-05-09', 'TORA', 'HOUA', 4, 7, 11, 'day'),
('2021-05-28', 'TORA', 'CLEA', 11, 2, 13, 'night'),
('2021-05-30', 'TORA', 'CLEA', 4, 1, 5, 'day'),
('2021-05-30', 'TORA', 'CLEA', 5, 6, 11, 'night'),
('2021-06-04', 'TORA', 'HOUA', 1, 13, 14, 'night'),
('2021-06-05', 'TORA', 'HOUA', 6, 2, 8, 'day'),
('2021-06-06', 'TORA', 'HOUA', 3, 6, 9, 'day'),
('2021-06-08', 'TORA', 'CHIA', 1, 6, 7, 'night'),
('2021-06-09', 'TORA', 'CHIA', 6, 2, 8, 'night'),
('2021-06-10', 'TORA', 'CHIA', 2, 5, 7, 'night'),
('2021-06-18', 'TORA', 'BALA', 1, 7, 8, 'night'),
('2021-06-19', 'TORA', 'BALA', 10, 7, 17, 'day'),
('2021-06-20', 'TORA', 'BALA', 7, 4, 11, 'day'),
('2021-06-24', 'TORA', 'BALA', 9, 0, 9, 'night'),
('2021-06-25', 'TORA', 'BALA', 5, 6, 11, 'night'),
('2021-06-26', 'TORA', 'BALA', 12, 4, 16, 'day'),
('2021-06-27', 'TORA', 'BALA', 5, 2, 7, 'day'),
('2021-06-29', 'TORA', 'SEAA', 9, 3, 12, 'night'),
('2021-06-30', 'TORA', 'SEAA', 7, 9, 16, 'night'),
('2021-07-01', 'TORA', 'SEAA', 2, 7, 9, 'day'),
('2021-07-06', 'TORA', 'BALA', 5, 7, 12, 'night'),
('2021-07-07', 'TORA', 'BALA', 10, 2, 12, 'night'),
('2021-07-16', 'TORA', 'TEXA', 10, 2, 12, 'night'),
('2021-07-18', 'TORA', 'TEXA', 5, 0, 5, 'day'),
('2021-07-18', 'TORA', 'TEXA', 10, 0, 10, 'night'),
('2021-07-30', 'TORA', 'KCA', 6, 4, 10, 'night'),
('2021-07-31', 'TORA', 'KCA', 4, 0, 4, 'day'),
('2021-08-01', 'TORA', 'KCA', 5, 1, 6, 'day'),
('2021-08-02', 'TORA', 'CLEA', 2, 5, 7, 'day'),
('2021-08-03', 'TORA', 'CLEA', 7, 2, 9, 'night'),
('2021-08-04', 'TORA', 'CLEA', 8, 6, 14, 'night'),
('2021-08-05', 'TORA', 'CLEA', 3, 0, 3, 'night'),
('2021-08-10', 'TORA', 'ANAA', 4, 0, 4, 'night'),
('2021-08-10', 'TORA', 'ANAA', 3, 6, 9, 'day'),
('2021-08-11', 'TORA', 'ANAA', 10, 2, 12, 'night'),
('2021-08-12', 'TORA', 'ANAA', 3, 6, 9, 'night'),
('2021-08-13', 'TORA', 'SEAA', 2, 3, 5, 'night'),
('2021-08-14', 'TORA', 'SEAA', 3, 9, 12, 'night'),
('2021-08-15', 'TORA', 'SEAA', 8, 3, 11, 'day'),
('2021-08-20', 'TORA', 'DETA', 1, 4, 5, 'night'),
('2021-08-21', 'TORA', 'DETA', 3, 0, 3, 'day'),
('2021-08-22', 'TORA', 'DETA', 3, 5, 8, 'day'),
('2021-08-23', 'TORA', 'CHIA', 2, 1, 3, 'night'),
('2021-08-24', 'TORA', 'CHIA', 2, 5, 7, 'night'),
('2021-08-25', 'TORA', 'CHIA', 3, 1, 4, 'night'),
('2021-08-26', 'TORA', 'CHIA', 7, 10, 17, 'day'),
('2021-08-27', 'TORA', 'DETA', 1, 2, 3, 'night'),
('2021-08-28', 'TORA', 'DETA', 3, 2, 5, 'night'),
('2021-08-29', 'TORA', 'DETA', 2, 1, 3, 'day'),
('2021-08-30', 'TORA', 'BALA', 7, 3, 10, 'night'),
('2021-08-31', 'TORA', 'BALA', 2, 4, 6, 'night'),
('2021-09-01', 'TORA', 'BALA', 5, 4, 9, 'night'),
('2021-09-03', 'TORA', 'OAKA', 11, 10, 21, 'night'),
('2021-09-04', 'TORA', 'OAKA', 10, 8, 18, 'day'),
('2021-09-05', 'TORA', 'OAKA', 8, 0, 8, 'day'),
('2021-09-10', 'TORA', 'BALA', 3, 6, 9, 'night'),
('2021-09-11', 'TORA', 'BALA', 11, 10, 21, 'day'),
('2021-09-11', 'TORA', 'BALA', 11, 2, 13, 'night'),
('2021-09-12', 'TORA', 'BALA', 22, 7, 29, 'day'),
('2021-09-17', 'TORA', 'MINA', 3, 7, 10, 'night'),
('2021-09-18', 'TORA', 'MINA', 6, 2, 8, 'day'),
('2021-09-19', 'TORA', 'MINA', 5, 3, 8, 'day'),
('2021-09-23', 'TORA', 'MINA', 2, 7, 9, 'night'),
('2021-09-24', 'TORA', 'MINA', 1, 3, 4, 'night'),
('2021-09-25', 'TORA', 'MINA', 6, 1, 7, 'night'),
('2021-09-26', 'TORA', 'MINA', 5, 2, 7, 'day'),
('2021-10-01', 'TORA', 'BALA', 6, 4, 10, 'night'),
('2021-10-02', 'TORA', 'BALA', 10, 1, 11, 'day'),
('2021-10-03', 'TORA', 'BALA', 12, 4, 16, 'day'),
('2021-04-13', 'BALA', 'SEAA', 3, 4, 7, 'day'),
('2021-04-13', 'BALA', 'SEAA', 7, 6, 13, 'night'),
('2021-04-15', 'BALA', 'SEAA', 2, 4, 6, 'day'),
('2021-04-15', 'BALA', 'SEAA', 1, 2, 3, 'night'),
('2021-04-16', 'BALA', 'TEXA', 5, 2, 7, 'night'),
('2021-04-17', 'BALA', 'TEXA', 6, 1, 7, 'night'),
('2021-04-18', 'BALA', 'TEXA', 0, 1, 1, 'day'),
('2021-04-23', 'BALA', 'OAKA', 1, 3, 4, 'night'),
('2021-04-24', 'BALA', 'OAKA', 2, 7, 9, 'night'),
('2021-04-25', 'BALA', 'OAKA', 8, 1, 9, 'day'),
('2021-04-30', 'BALA', 'OAKA', 3, 2, 5, 'night'),
('2021-05-01', 'BALA', 'OAKA', 8, 4, 12, 'day'),
('2021-05-02', 'BALA', 'OAKA', 5, 7, 12, 'day'),
('2021-05-03', 'BALA', 'SEAA', 5, 3, 8, 'night'),
('2021-05-04', 'BALA', 'SEAA', 2, 5, 7, 'night'),
('2021-05-05', 'BALA', 'SEAA', 6, 0, 6, 'day'),
('2021-05-24', 'BALA', 'MINA', 3, 8, 11, 'night'),
('2021-05-25', 'BALA', 'MINA', 4, 7, 11, 'night'),
('2021-05-26', 'BALA', 'MINA', 2, 3, 5, 'day'),
('2021-05-27', 'BALA', 'CHIA', 1, 5, 6, 'night'),
('2021-05-29', 'BALA', 'CHIA', 4, 7, 11, 'day'),
('2021-05-29', 'BALA', 'CHIA', 1, 3, 4, 'night'),
('2021-05-30', 'BALA', 'CHIA', 1, 3, 4, 'day'),
('2021-05-31', 'BALA', 'MINA', 2, 3, 5, 'day'),
('2021-06-01', 'BALA', 'MINA', 7, 4, 11, 'night'),
('2021-06-02', 'BALA', 'MINA', 6, 3, 9, 'night'),
('2021-06-04', 'BALA', 'CLEA', 3, 1, 4, 'night'),
('2021-06-05', 'BALA', 'CLEA', 4, 10, 14, 'day'),
('2021-06-06', 'BALA', 'CLEA', 18, 5, 23, 'day'),
('2021-06-14', 'BALA', 'CLEA', 3, 4, 7, 'night'),
('2021-06-15', 'BALA', 'CLEA', 2, 7, 9, 'night'),
('2021-06-16', 'BALA', 'CLEA', 7, 8, 15, 'night'),
('2021-06-17', 'BALA', 'CLEA', 3, 10, 13, 'day'),
('2021-06-21', 'BALA', 'HOUA', 2, 10, 12, 'night'),
('2021-06-22', 'BALA', 'HOUA', 1, 3, 4, 'night'),
('2021-06-23', 'BALA', 'HOUA', 0, 13, 13, 'night'),
('2021-06-28', 'BALA', 'HOUA', 9, 7, 16, 'night'),
('2021-06-29', 'BALA', 'HOUA', 13, 3, 16, 'night'),
('2021-06-30', 'BALA', 'HOUA', 5, 2, 7, 'night'),
('2021-07-02', 'BALA', 'ANAA', 7, 8, 15, 'night'),
('2021-07-03', 'BALA', 'ANAA', 1, 4, 5, 'night'),
('2021-07-04', 'BALA', 'ANAA', 5, 6, 11, 'day'),
('2021-07-09', 'BALA', 'CHIA', 1, 12, 13, 'night'),
('2021-07-10', 'BALA', 'CHIA', 3, 8, 11, 'day'),
('2021-07-11', 'BALA', 'CHIA', 5, 7, 12, 'day'),
('2021-07-16', 'BALA', 'KCA', 2, 9, 11, 'night'),
('2021-07-17', 'BALA', 'KCA', 8, 4, 12, 'night'),
('2021-07-18', 'BALA', 'KCA', 5, 0, 5, 'day'),
('2021-07-29', 'BALA', 'DETA', 2, 6, 8, 'night'),
('2021-07-30', 'BALA', 'DETA', 4, 3, 7, 'night'),
('2021-07-31', 'BALA', 'DETA', 5, 2, 7, 'night'),
('2021-08-01', 'BALA', 'DETA', 2, 6, 8, 'day'),
('2021-08-10', 'BALA', 'DETA', 4, 9, 13, 'night'),
('2021-08-11', 'BALA', 'DETA', 2, 5, 7, 'night'),
('2021-08-12', 'BALA', 'DETA', 4, 6, 10, 'day'),
('2021-08-24', 'BALA', 'ANAA', 8, 14, 22, 'night'),
('2021-08-25', 'BALA', 'ANAA', 10, 6, 16, 'night'),
('2021-08-26', 'BALA', 'ANAA', 13, 1, 14, 'day'),
('2021-09-06', 'BALA', 'KCA', 2, 3, 5, 'day'),
('2021-09-07', 'BALA', 'KCA', 7, 3, 10, 'night'),
('2021-09-08', 'BALA', 'KCA', 9, 8, 17, 'night'),
('2021-09-09', 'BALA', 'KCA', 0, 6, 6, 'night'),
('2021-09-23', 'BALA', 'TEXA', 3, 0, 3, 'night'),
('2021-09-24', 'BALA', 'TEXA', 5, 8, 13, 'night'),
('2021-09-25', 'BALA', 'TEXA', 3, 2, 5, 'night'),
('2021-09-26', 'BALA', 'TEXA', 4, 7, 11, 'day'),
('2021-04-01', 'CHIA', 'ANAA', 3, 4, 7, 'night'),
('2021-04-02', 'CHIA', 'ANAA', 12, 8, 20, 'night'),
('2021-04-03', 'CHIA', 'ANAA', 3, 5, 8, 'night'),
('2021-04-04', 'CHIA', 'ANAA', 4, 7, 11, 'night'),
('2021-04-05', 'CHIA', 'SEAA', 6, 0, 6, 'night'),
('2021-04-06', 'CHIA', 'SEAA', 10, 4, 14, 'night'),
('2021-04-07', 'CHIA', 'SEAA', 4, 8, 12, 'day'),
('2021-04-08', 'CHIA', 'KCA', 6, 0, 6, 'day'),
('2021-04-11', 'CHIA', 'KCA', 3, 4, 7, 'day'),
('2021-04-12', 'CHIA', 'CLEA', 4, 3, 7, 'night'),
('2021-04-13', 'CHIA', 'CLEA', 0, 2, 2, 'night'),
('2021-04-14', 'CHIA', 'CLEA', 8, 0, 8, 'night'),
('2021-04-15', 'CHIA', 'CLEA', 2, 4, 6, 'day'),
('2021-04-20', 'CHIA', 'CLEA', 8, 5, 13, 'night'),
('2021-04-23', 'CHIA', 'TEXA', 9, 7, 16, 'night'),
('2021-04-24', 'CHIA', 'TEXA', 2, 1, 3, 'night'),
('2021-04-25', 'CHIA', 'TEXA', 8, 4, 12, 'day'),
('2021-04-27', 'CHIA', 'DETA', 2, 5, 7, 'night'),
('2021-04-29', 'CHIA', 'DETA', 3, 1, 4, 'day'),
('2021-04-29', 'CHIA', 'DETA', 11, 0, 11, 'night'),
('2021-04-30', 'CHIA', 'CLEA', 3, 5, 8, 'night'),
('2021-05-01', 'CHIA', 'CLEA', 7, 3, 10, 'day'),
('2021-05-02', 'CHIA', 'CLEA', 0, 5, 5, 'day'),
('2021-05-07', 'CHIA', 'KCA', 3, 0, 3, 'night'),
('2021-05-08', 'CHIA', 'KCA', 9, 1, 10, 'night'),
('2021-05-09', 'CHIA', 'KCA', 9, 3, 12, 'day'),
('2021-05-11', 'CHIA', 'MINA', 9, 3, 12, 'night'),
('2021-05-12', 'CHIA', 'MINA', 13, 8, 21, 'night'),
('2021-05-13', 'CHIA', 'MINA', 4, 2, 6, 'day'),
('2021-05-14', 'CHIA', 'KCA', 2, 6, 8, 'day'),
('2021-05-14', 'CHIA', 'KCA', 3, 1, 4, 'night'),
('2021-05-15', 'CHIA', 'KCA', 1, 5, 6, 'night'),
('2021-05-16', 'CHIA', 'KCA', 4, 3, 7, 'day'),
('2021-05-17', 'CHIA', 'MINA', 16, 4, 20, 'night'),
('2021-05-18', 'CHIA', 'MINA', 4, 5, 9, 'night'),
('2021-05-19', 'CHIA', 'MINA', 2, 1, 3, 'day'),
('2021-05-31', 'CHIA', 'CLEA', 8, 6, 14, 'day'),
('2021-05-31', 'CHIA', 'CLEA', 1, 3, 4, 'night'),
('2021-06-01', 'CHIA', 'CLEA', 5, 6, 11, 'night'),
('2021-06-03', 'CHIA', 'DETA', 4, 1, 5, 'night'),
('2021-06-04', 'CHIA', 'DETA', 9, 8, 17, 'night'),
('2021-06-05', 'CHIA', 'DETA', 3, 4, 7, 'day'),
('2021-06-06', 'CHIA', 'DETA', 3, 0, 3, 'day'),
('2021-06-11', 'CHIA', 'DETA', 5, 4, 9, 'night'),
('2021-06-12', 'CHIA', 'DETA', 15, 2, 17, 'day'),
('2021-06-13', 'CHIA', 'DETA', 4, 1, 5, 'day'),
('2021-06-17', 'CHIA', 'HOUA', 2, 10, 12, 'night'),
('2021-06-18', 'CHIA', 'HOUA', 1, 2, 3, 'night'),
('2021-06-19', 'CHIA', 'HOUA', 3, 7, 10, 'night'),
('2021-06-20', 'CHIA', 'HOUA', 2, 8, 10, 'day'),
('2021-06-25', 'CHIA', 'SEAA', 3, 9, 12, 'night'),
('2021-06-26', 'CHIA', 'SEAA', 2, 3, 5, 'day'),
('2021-06-27', 'CHIA', 'SEAA', 7, 5, 12, 'day'),
('2021-06-29', 'CHIA', 'MINA', 7, 6, 13, 'night'),
('2021-06-30', 'CHIA', 'MINA', 13, 3, 16, 'night'),
('2021-07-01', 'CHIA', 'MINA', 8, 5, 13, 'day'),
('2021-07-02', 'CHIA', 'DETA', 8, 2, 10, 'night'),
('2021-07-03', 'CHIA', 'DETA', 5, 11, 16, 'day'),
('2021-07-04', 'CHIA', 'DETA', 5, 6, 11, 'day'),
('2021-07-05', 'CHIA', 'MINA', 5, 8, 13, 'night'),
('2021-07-06', 'CHIA', 'MINA', 4, 1, 5, 'night'),
('2021-07-07', 'CHIA', 'MINA', 6, 1, 7, 'day'),
('2021-07-16', 'CHIA', 'HOUA', 1, 7, 8, 'night'),
('2021-07-17', 'CHIA', 'HOUA', 10, 1, 11, 'night'),
('2021-07-18', 'CHIA', 'HOUA', 4, 0, 4, 'day'),
('2021-07-19', 'CHIA', 'MINA', 2, 3, 5, 'day'),
('2021-07-19', 'CHIA', 'MINA', 5, 3, 8, 'night'),
('2021-07-20', 'CHIA', 'MINA', 9, 5, 14, 'night'),
('2021-07-21', 'CHIA', 'MINA', 2, 7, 9, 'night'),
('2021-07-26', 'CHIA', 'KCA', 3, 4, 7, 'night'),
('2021-07-27', 'CHIA', 'KCA', 5, 3, 8, 'night'),
('2021-07-28', 'CHIA', 'KCA', 2, 3, 5, 'night'),
('2021-07-29', 'CHIA', 'KCA', 0, 5, 5, 'day'),
('2021-07-30', 'CHIA', 'CLEA', 6, 4, 10, 'night'),
('2021-07-31', 'CHIA', 'CLEA', 11, 12, 23, 'night'),
('2021-08-01', 'CHIA', 'CLEA', 2, 1, 3, 'day'),
('2021-08-03', 'CHIA', 'KCA', 7, 1, 8, 'night'),
('2021-08-04', 'CHIA', 'KCA', 1, 9, 10, 'night'),
('2021-08-05', 'CHIA', 'KCA', 2, 3, 5, 'night'),
('2021-08-09', 'CHIA', 'MINA', 11, 1, 12, 'night'),
('2021-08-10', 'CHIA', 'MINA', 3, 4, 7, 'night'),
('2021-08-11', 'CHIA', 'MINA', 0, 1, 1, 'day'),
('2021-08-16', 'CHIA', 'OAKA', 5, 2, 7, 'night'),
('2021-08-17', 'CHIA', 'OAKA', 9, 0, 9, 'night'),
('2021-08-18', 'CHIA', 'OAKA', 3, 2, 5, 'night'),
('2021-08-19', 'CHIA', 'OAKA', 4, 5, 9, 'day'),
('2021-09-03', 'CHIA', 'KCA', 2, 7, 9, 'night'),
('2021-09-04', 'CHIA', 'KCA', 10, 7, 17, 'night'),
('2021-09-05', 'CHIA', 'KCA', 0, 6, 6, 'day'),
('2021-09-07', 'CHIA', 'OAKA', 6, 3, 9, 'night'),
('2021-09-08', 'CHIA', 'OAKA', 1, 5, 6, 'night'),
('2021-09-09', 'CHIA', 'OAKA', 1, 3, 4, 'day'),
('2021-09-14', 'CHIA', 'ANAA', 9, 3, 12, 'night'),
('2021-09-15', 'CHIA', 'ANAA', 2, 3, 5, 'night'),
('2021-09-16', 'CHIA', 'ANAA', 3, 9, 12, 'day'),
('2021-09-17', 'CHIA', 'TEXA', 8, 0, 8, 'night'),
('2021-09-18', 'CHIA', 'TEXA', 1, 2, 3, 'night'),
('2021-09-19', 'CHIA', 'TEXA', 7, 2, 9, 'day'),
('2021-09-20', 'CHIA', 'DETA', 3, 4, 7, 'night'),
('2021-09-21', 'CHIA', 'DETA', 3, 5, 8, 'day'),
('2021-09-23', 'CHIA', 'CLEA', 7, 2, 9, 'day'),
('2021-09-23', 'CHIA', 'CLEA', 3, 5, 8, 'night'),
('2021-09-24', 'CHIA', 'CLEA', 1, 0, 1, 'night'),
('2021-09-25', 'CHIA', 'CLEA', 0, 6, 6, 'night'),
('2021-09-26', 'CHIA', 'CLEA', 5, 2, 7, 'day'),
('2021-09-27', 'CHIA', 'DETA', 8, 7, 15, 'day'),
('2021-10-01', 'CHIA', 'DETA', 8, 1, 9, 'night'),
('2021-10-02', 'CHIA', 'DETA', 5, 4, 9, 'night'),
('2021-10-03', 'CHIA', 'DETA', 2, 5, 7, 'day'),
('2021-04-01', 'CLEA', 'DETA', 2, 3, 5, 'day'),
('2021-04-03', 'CLEA', 'DETA', 2, 5, 7, 'day'),
('2021-04-04', 'CLEA', 'DETA', 9, 3, 12, 'day'),
('2021-04-05', 'CLEA', 'KCA', 0, 3, 3, 'day'),
('2021-04-07', 'CLEA', 'KCA', 4, 2, 6, 'day'),
('2021-04-09', 'CLEA', 'DETA', 4, 1, 5, 'night'),
('2021-04-10', 'CLEA', 'DETA', 11, 3, 14, 'night'),
('2021-04-11', 'CLEA', 'DETA', 5, 2, 7, 'day'),
('2021-04-26', 'CLEA', 'MINA', 5, 3, 8, 'night'),
('2021-04-27', 'CLEA', 'MINA', 7, 4, 11, 'night'),
('2021-04-28', 'CLEA', 'MINA', 2, 10, 12, 'day'),
('2021-05-03', 'CLEA', 'KCA', 8, 6, 14, 'night'),
('2021-05-04', 'CLEA', 'KCA', 7, 3, 10, 'night'),
('2021-05-05', 'CLEA', 'KCA', 5, 4, 9, 'night'),
('2021-05-06', 'CLEA', 'KCA', 4, 0, 4, 'day'),
('2021-05-13', 'CLEA', 'SEAA', 4, 2, 6, 'night'),
('2021-05-14', 'CLEA', 'SEAA', 3, 7, 10, 'night'),
('2021-05-15', 'CLEA', 'SEAA', 3, 7, 10, 'night'),
('2021-05-16', 'CLEA', 'SEAA', 2, 3, 5, 'day'),
('2021-05-17', 'CLEA', 'ANAA', 4, 7, 11, 'night'),
('2021-05-18', 'CLEA', 'ANAA', 6, 5, 11, 'night'),
('2021-05-19', 'CLEA', 'ANAA', 3, 2, 5, 'night'),
('2021-05-21', 'CLEA', 'MINA', 0, 10, 10, 'night'),
('2021-05-22', 'CLEA', 'MINA', 5, 3, 8, 'day'),
('2021-05-23', 'CLEA', 'MINA', 5, 8, 13, 'day'),
('2021-05-24', 'CLEA', 'DETA', 6, 5, 11, 'night'),
('2021-05-25', 'CLEA', 'DETA', 4, 1, 5, 'night'),
('2021-05-26', 'CLEA', 'DETA', 0, 1, 1, 'night'),
('2021-05-27', 'CLEA', 'DETA', 5, 2, 7, 'day'),
('2021-06-11', 'CLEA', 'SEAA', 7, 0, 7, 'night'),
('2021-06-12', 'CLEA', 'SEAA', 5, 4, 9, 'day'),
('2021-06-13', 'CLEA', 'SEAA', 2, 6, 8, 'day'),
('2021-06-24', 'CLEA', 'MINA', 4, 1, 5, 'night'),
('2021-06-25', 'CLEA', 'MINA', 7, 8, 15, 'night'),
('2021-06-27', 'CLEA', 'MINA', 2, 8, 10, 'day'),
('2021-06-28', 'CLEA', 'DETA', 13, 5, 18, 'night'),
('2021-06-30', 'CLEA', 'DETA', 4, 9, 13, 'day'),
('2021-06-30', 'CLEA', 'DETA', 1, 7, 8, 'night'),
('2021-07-01', 'CLEA', 'HOUA', 2, 7, 9, 'night'),
('2021-07-02', 'CLEA', 'HOUA', 3, 6, 9, 'night'),
('2021-07-03', 'CLEA', 'HOUA', 2, 3, 5, 'night'),
('2021-07-04', 'CLEA', 'HOUA', 3, 4, 7, 'day'),
('2021-07-08', 'CLEA', 'KCA', 7, 4, 11, 'night'),
('2021-07-09', 'CLEA', 'KCA', 2, 1, 3, 'night'),
('2021-07-10', 'CLEA', 'KCA', 14, 6, 20, 'night'),
('2021-07-16', 'CLEA', 'OAKA', 4, 5, 9, 'night'),
('2021-07-17', 'CLEA', 'OAKA', 3, 2, 5, 'day'),
('2021-07-18', 'CLEA', 'OAKA', 4, 2, 6, 'day'),
('2021-07-19', 'CLEA', 'HOUA', 3, 4, 7, 'night'),
('2021-07-20', 'CLEA', 'HOUA', 3, 9, 12, 'night'),
('2021-07-21', 'CLEA', 'HOUA', 5, 4, 9, 'night'),
('2021-08-06', 'CLEA', 'DETA', 6, 1, 7, 'night'),
('2021-08-07', 'CLEA', 'DETA', 1, 2, 3, 'night'),
('2021-08-08', 'CLEA', 'DETA', 7, 5, 12, 'day'),
('2021-08-10', 'CLEA', 'OAKA', 3, 4, 7, 'night'),
('2021-08-11', 'CLEA', 'OAKA', 3, 6, 9, 'night'),
('2021-08-12', 'CLEA', 'OAKA', 0, 17, 17, 'day'),
('2021-08-13', 'CLEA', 'DETA', 7, 4, 11, 'night'),
('2021-08-14', 'CLEA', 'DETA', 4, 6, 10, 'night'),
('2021-08-15', 'CLEA', 'DETA', 11, 0, 11, 'day'),
('2021-08-16', 'CLEA', 'MINA', 4, 5, 9, 'night'),
('2021-08-17', 'CLEA', 'MINA', 3, 1, 4, 'night'),
('2021-08-18', 'CLEA', 'MINA', 7, 8, 15, 'day'),
('2021-08-20', 'CLEA', 'ANAA', 9, 1, 10, 'night'),
('2021-08-21', 'CLEA', 'ANAA', 5, 1, 6, 'day'),
('2021-08-22', 'CLEA', 'ANAA', 3, 0, 3, 'night'),
('2021-08-24', 'CLEA', 'TEXA', 3, 7, 10, 'night'),
('2021-08-25', 'CLEA', 'TEXA', 7, 2, 9, 'night'),
('2021-08-26', 'CLEA', 'TEXA', 10, 6, 16, 'night'),
('2021-08-31', 'CLEA', 'KCA', 7, 2, 9, 'night'),
('2021-09-01', 'CLEA', 'KCA', 5, 3, 8, 'night'),
('2021-09-02', 'CLEA', 'KCA', 4, 2, 6, 'night'),
('2021-09-06', 'CLEA', 'MINA', 2, 5, 7, 'night'),
('2021-09-07', 'CLEA', 'MINA', 0, 3, 3, 'night'),
('2021-09-08', 'CLEA', 'MINA', 0, 3, 3, 'night'),
('2021-09-09', 'CLEA', 'MINA', 4, 1, 5, 'night'),
('2021-09-14', 'CLEA', 'MINA', 3, 1, 4, 'day'),
('2021-09-14', 'CLEA', 'MINA', 3, 6, 9, 'night'),
('2021-09-15', 'CLEA', 'MINA', 12, 3, 15, 'night'),
('2021-09-20', 'CLEA', 'KCA', 2, 7, 9, 'day'),
('2021-09-20', 'CLEA', 'KCA', 2, 4, 6, 'night'),
('2021-09-21', 'CLEA', 'KCA', 4, 1, 5, 'night'),
('2021-09-27', 'CLEA', 'KCA', 8, 3, 11, 'day'),
('2021-09-28', 'CLEA', 'KCA', 4, 6, 10, 'night'),
('2021-09-29', 'CLEA', 'KCA', 5, 10, 15, 'night'),
('2021-09-30', 'CLEA', 'KCA', 6, 1, 7, 'night'),
('2021-10-01', 'CLEA', 'TEXA', 9, 6, 15, 'night'),
('2021-10-02', 'CLEA', 'TEXA', 2, 7, 9, 'night'),
('2021-10-03', 'CLEA', 'TEXA', 6, 0, 6, 'day'),
('2021-04-05', 'DETA', 'MINA', 6, 15, 21, 'day'),
('2021-04-06', 'DETA', 'MINA', 4, 3, 7, 'day'),
('2021-04-07', 'DETA', 'MINA', 2, 3, 5, 'day'),
('2021-04-12', 'DETA', 'HOUA', 6, 2, 8, 'night'),
('2021-04-13', 'DETA', 'HOUA', 8, 2, 10, 'night'),
('2021-04-14', 'DETA', 'HOUA', 6, 4, 10, 'night'),
('2021-04-15', 'DETA', 'OAKA', 4, 8, 12, 'night'),
('2021-04-16', 'DETA', 'OAKA', 0, 3, 3, 'night'),
('2021-04-17', 'DETA', 'OAKA', 0, 7, 7, 'day'),
('2021-04-18', 'DETA', 'OAKA', 2, 3, 5, 'day'),
('2021-04-23', 'DETA', 'KCA', 2, 6, 8, 'night'),
('2021-04-24', 'DETA', 'KCA', 1, 2, 3, 'day'),
('2021-04-25', 'DETA', 'KCA', 0, 4, 4, 'day'),
('2021-04-26', 'DETA', 'KCA', 2, 3, 5, 'day'),
('2021-05-07', 'DETA', 'MINA', 3, 7, 10, 'night'),
('2021-05-08', 'DETA', 'MINA', 7, 3, 10, 'day'),
('2021-05-11', 'DETA', 'KCA', 8, 7, 15, 'night'),
('2021-05-12', 'DETA', 'KCA', 4, 2, 6, 'night'),
('2021-05-13', 'DETA', 'KCA', 4, 3, 7, 'day'),
('2021-05-17', 'DETA', 'SEAA', 4, 1, 5, 'night'),
('2021-05-18', 'DETA', 'SEAA', 5, 0, 5, 'night'),
('2021-05-19', 'DETA', 'SEAA', 6, 2, 8, 'night'),
('2021-05-21', 'DETA', 'KCA', 7, 5, 12, 'night'),
('2021-05-22', 'DETA', 'KCA', 5, 7, 12, 'day'),
('2021-05-23', 'DETA', 'KCA', 2, 3, 5, 'day'),
('2021-06-08', 'DETA', 'SEAA', 5, 3, 8, 'night');
INSERT INTO `mlb` (`date`, `team1`, `team2`, `score1`, `score2`, `score_total`, `day_night`) VALUES
('2021-06-09', 'DETA', 'SEAA', 6, 9, 15, 'night'),
('2021-06-10', 'DETA', 'SEAA', 8, 3, 11, 'day'),
('2021-06-14', 'DETA', 'KCA', 10, 3, 13, 'night'),
('2021-06-15', 'DETA', 'KCA', 4, 3, 7, 'night'),
('2021-06-16', 'DETA', 'KCA', 6, 5, 11, 'day'),
('2021-06-17', 'DETA', 'ANAA', 5, 7, 12, 'night'),
('2021-06-18', 'DETA', 'ANAA', 3, 11, 14, 'night'),
('2021-06-19', 'DETA', 'ANAA', 3, 8, 11, 'night'),
('2021-06-20', 'DETA', 'ANAA', 5, 3, 8, 'day'),
('2021-06-24', 'DETA', 'HOUA', 3, 12, 15, 'night'),
('2021-06-26', 'DETA', 'HOUA', 3, 1, 4, 'day'),
('2021-06-26', 'DETA', 'HOUA', 2, 3, 5, 'night'),
('2021-06-27', 'DETA', 'HOUA', 2, 1, 3, 'day'),
('2021-07-05', 'DETA', 'TEXA', 7, 3, 10, 'night'),
('2021-07-06', 'DETA', 'TEXA', 5, 10, 15, 'night'),
('2021-07-07', 'DETA', 'TEXA', 5, 3, 8, 'day'),
('2021-07-08', 'DETA', 'MINA', 3, 5, 8, 'night'),
('2021-07-09', 'DETA', 'MINA', 2, 4, 6, 'night'),
('2021-07-10', 'DETA', 'MINA', 4, 9, 13, 'day'),
('2021-07-11', 'DETA', 'MINA', 9, 12, 21, 'day'),
('2021-07-17', 'DETA', 'MINA', 1, 0, 1, 'day'),
('2021-07-17', 'DETA', 'MINA', 5, 4, 9, 'night'),
('2021-07-18', 'DETA', 'MINA', 7, 0, 7, 'day'),
('2021-07-19', 'DETA', 'TEXA', 14, 0, 14, 'night'),
('2021-07-20', 'DETA', 'TEXA', 4, 1, 5, 'night'),
('2021-07-21', 'DETA', 'TEXA', 4, 2, 6, 'night'),
('2021-07-22', 'DETA', 'TEXA', 7, 5, 12, 'day'),
('2021-07-23', 'DETA', 'KCA', 3, 5, 8, 'night'),
('2021-07-24', 'DETA', 'KCA', 8, 9, 17, 'night'),
('2021-07-25', 'DETA', 'KCA', 1, 6, 7, 'day'),
('2021-07-26', 'DETA', 'MINA', 5, 6, 11, 'night'),
('2021-07-27', 'DETA', 'MINA', 6, 5, 11, 'night'),
('2021-07-28', 'DETA', 'MINA', 17, 14, 31, 'day'),
('2021-08-17', 'DETA', 'ANAA', 2, 8, 10, 'night'),
('2021-08-18', 'DETA', 'ANAA', 1, 3, 4, 'night'),
('2021-08-19', 'DETA', 'ANAA', 10, 13, 23, 'day'),
('2021-08-30', 'DETA', 'MINA', 2, 3, 5, 'day'),
('2021-08-31', 'DETA', 'OAKA', 3, 9, 12, 'night'),
('2021-09-01', 'DETA', 'OAKA', 8, 6, 14, 'night'),
('2021-09-02', 'DETA', 'OAKA', 6, 8, 14, 'day'),
('2021-09-24', 'DETA', 'KCA', 1, 3, 4, 'night'),
('2021-09-25', 'DETA', 'KCA', 5, 1, 6, 'night'),
('2021-09-26', 'DETA', 'KCA', 1, 2, 3, 'day'),
('2021-09-28', 'DETA', 'MINA', 2, 3, 5, 'night'),
('2021-09-29', 'DETA', 'MINA', 2, 5, 7, 'night'),
('2021-09-30', 'DETA', 'MINA', 10, 7, 17, 'night'),
('2021-04-01', 'KCA', 'TEXA', 14, 10, 24, 'day'),
('2021-04-03', 'KCA', 'TEXA', 11, 4, 15, 'day'),
('2021-04-04', 'KCA', 'TEXA', 3, 7, 10, 'day'),
('2021-04-12', 'KCA', 'ANAA', 3, 10, 13, 'night'),
('2021-04-13', 'KCA', 'ANAA', 3, 2, 5, 'night'),
('2021-04-14', 'KCA', 'ANAA', 6, 1, 7, 'day'),
('2021-04-30', 'KCA', 'MINA', 1, 9, 10, 'night'),
('2021-05-01', 'KCA', 'MINA', 11, 3, 14, 'day'),
('2021-05-02', 'KCA', 'MINA', 4, 13, 17, 'day'),
('2021-05-28', 'KCA', 'MINA', 8, 3, 11, 'night'),
('2021-05-29', 'KCA', 'MINA', 5, 6, 11, 'day'),
('2021-05-30', 'KCA', 'MINA', 6, 3, 9, 'day'),
('2021-06-03', 'KCA', 'MINA', 6, 5, 11, 'night'),
('2021-06-04', 'KCA', 'MINA', 14, 5, 19, 'night'),
('2021-06-05', 'KCA', 'MINA', 4, 5, 9, 'day'),
('2021-06-06', 'KCA', 'MINA', 1, 2, 3, 'day'),
('2021-06-07', 'KCA', 'ANAA', 3, 8, 11, 'night'),
('2021-06-08', 'KCA', 'ANAA', 1, 8, 9, 'night'),
('2021-06-09', 'KCA', 'ANAA', 1, 6, 7, 'night'),
('2021-06-10', 'KCA', 'OAKA', 6, 1, 7, 'night'),
('2021-06-11', 'KCA', 'OAKA', 3, 4, 7, 'night'),
('2021-06-12', 'KCA', 'OAKA', 2, 11, 13, 'day'),
('2021-06-13', 'KCA', 'OAKA', 3, 6, 9, 'day'),
('2021-06-25', 'KCA', 'TEXA', 4, 9, 13, 'night'),
('2021-06-26', 'KCA', 'TEXA', 0, 8, 8, 'day'),
('2021-06-27', 'KCA', 'TEXA', 1, 4, 5, 'day'),
('2021-07-02', 'KCA', 'MINA', 7, 4, 11, 'night'),
('2021-07-03', 'KCA', 'MINA', 6, 3, 9, 'day'),
('2021-07-04', 'KCA', 'MINA', 2, 6, 8, 'day'),
('2021-08-16', 'KCA', 'HOUA', 7, 6, 13, 'night'),
('2021-08-17', 'KCA', 'HOUA', 3, 1, 4, 'night'),
('2021-08-18', 'KCA', 'HOUA', 3, 2, 5, 'night'),
('2021-08-19', 'KCA', 'HOUA', 3, 6, 9, 'day'),
('2021-08-23', 'KCA', 'HOUA', 7, 1, 8, 'night'),
('2021-08-24', 'KCA', 'HOUA', 0, 4, 4, 'night'),
('2021-08-25', 'KCA', 'HOUA', 5, 6, 11, 'day'),
('2021-08-26', 'KCA', 'SEAA', 6, 4, 10, 'night'),
('2021-08-27', 'KCA', 'SEAA', 8, 7, 15, 'night'),
('2021-08-28', 'KCA', 'SEAA', 4, 2, 6, 'day'),
('2021-08-29', 'KCA', 'SEAA', 3, 4, 7, 'day'),
('2021-09-10', 'KCA', 'MINA', 6, 4, 10, 'night'),
('2021-09-11', 'KCA', 'MINA', 2, 9, 11, 'night'),
('2021-09-12', 'KCA', 'MINA', 5, 3, 8, 'day'),
('2021-09-14', 'KCA', 'OAKA', 10, 7, 17, 'night'),
('2021-09-15', 'KCA', 'OAKA', 10, 12, 22, 'night'),
('2021-09-16', 'KCA', 'OAKA', 2, 7, 9, 'day'),
('2021-09-17', 'KCA', 'SEAA', 2, 6, 8, 'night'),
('2021-09-18', 'KCA', 'SEAA', 8, 1, 9, 'night'),
('2021-09-19', 'KCA', 'SEAA', 1, 7, 8, 'day'),
('2021-10-01', 'KCA', 'MINA', 11, 6, 17, 'night'),
('2021-10-02', 'KCA', 'MINA', 0, 4, 4, 'night'),
('2021-10-03', 'KCA', 'MINA', 3, 7, 10, 'day'),
('2021-04-08', 'MINA', 'SEAA', 10, 2, 12, 'day'),
('2021-04-10', 'MINA', 'SEAA', 3, 4, 7, 'day'),
('2021-04-11', 'MINA', 'SEAA', 6, 8, 14, 'day'),
('2021-04-16', 'MINA', 'ANAA', 3, 10, 13, 'night'),
('2021-04-20', 'MINA', 'OAKA', 0, 7, 7, 'day'),
('2021-04-20', 'MINA', 'OAKA', 0, 1, 1, 'night'),
('2021-04-21', 'MINA', 'OAKA', 12, 13, 25, 'day'),
('2021-05-03', 'MINA', 'TEXA', 6, 5, 11, 'night'),
('2021-05-04', 'MINA', 'TEXA', 3, 6, 9, 'night'),
('2021-05-05', 'MINA', 'TEXA', 1, 3, 4, 'night'),
('2021-05-06', 'MINA', 'TEXA', 3, 4, 7, 'day'),
('2021-05-14', 'MINA', 'OAKA', 1, 6, 7, 'night'),
('2021-05-15', 'MINA', 'OAKA', 5, 4, 9, 'day'),
('2021-05-16', 'MINA', 'OAKA', 6, 7, 13, 'day'),
('2021-05-20', 'MINA', 'ANAA', 1, 7, 8, 'day'),
('2021-05-20', 'MINA', 'ANAA', 6, 3, 9, 'night'),
('2021-06-11', 'MINA', 'HOUA', 4, 6, 10, 'night'),
('2021-06-12', 'MINA', 'HOUA', 5, 2, 7, 'night'),
('2021-06-13', 'MINA', 'HOUA', 3, 14, 17, 'day'),
('2021-06-14', 'MINA', 'SEAA', 3, 4, 7, 'night'),
('2021-06-15', 'MINA', 'SEAA', 0, 10, 10, 'night'),
('2021-06-16', 'MINA', 'SEAA', 7, 2, 9, 'night'),
('2021-06-18', 'MINA', 'TEXA', 7, 5, 12, 'night'),
('2021-06-19', 'MINA', 'TEXA', 3, 2, 5, 'day'),
('2021-06-20', 'MINA', 'TEXA', 4, 2, 6, 'day'),
('2021-07-22', 'MINA', 'ANAA', 2, 3, 5, 'night'),
('2021-07-23', 'MINA', 'ANAA', 5, 4, 9, 'night'),
('2021-07-24', 'MINA', 'ANAA', 1, 2, 3, 'night'),
('2021-07-25', 'MINA', 'ANAA', 2, 6, 8, 'day'),
('2021-08-05', 'MINA', 'HOUA', 5, 3, 8, 'night'),
('2021-08-06', 'MINA', 'HOUA', 5, 4, 9, 'night'),
('2021-08-07', 'MINA', 'HOUA', 0, 4, 4, 'night'),
('2021-08-08', 'MINA', 'HOUA', 7, 5, 12, 'day'),
('2021-04-01', 'HOUA', 'OAKA', 8, 1, 9, 'night'),
('2021-04-02', 'HOUA', 'OAKA', 9, 5, 14, 'night'),
('2021-04-03', 'HOUA', 'OAKA', 9, 1, 10, 'day'),
('2021-04-04', 'HOUA', 'OAKA', 9, 2, 11, 'day'),
('2021-04-05', 'HOUA', 'ANAA', 6, 7, 13, 'night'),
('2021-04-06', 'HOUA', 'ANAA', 4, 2, 6, 'day'),
('2021-04-08', 'HOUA', 'OAKA', 6, 2, 8, 'night'),
('2021-04-09', 'HOUA', 'OAKA', 2, 6, 8, 'night'),
('2021-04-10', 'HOUA', 'OAKA', 3, 7, 10, 'day'),
('2021-04-16', 'HOUA', 'SEAA', 5, 6, 11, 'night'),
('2021-04-17', 'HOUA', 'SEAA', 1, 0, 1, 'night'),
('2021-04-18', 'HOUA', 'SEAA', 2, 7, 9, 'day'),
('2021-04-22', 'HOUA', 'ANAA', 8, 2, 10, 'night'),
('2021-04-23', 'HOUA', 'ANAA', 5, 4, 9, 'night'),
('2021-04-24', 'HOUA', 'ANAA', 16, 2, 18, 'day'),
('2021-04-25', 'HOUA', 'ANAA', 2, 4, 6, 'day'),
('2021-04-26', 'HOUA', 'SEAA', 5, 2, 7, 'night'),
('2021-04-27', 'HOUA', 'SEAA', 2, 0, 2, 'night'),
('2021-04-28', 'HOUA', 'SEAA', 7, 5, 12, 'night'),
('2021-04-29', 'HOUA', 'SEAA', 0, 1, 1, 'day'),
('2021-05-10', 'HOUA', 'ANAA', 4, 5, 9, 'night'),
('2021-05-11', 'HOUA', 'ANAA', 5, 1, 6, 'night'),
('2021-05-12', 'HOUA', 'ANAA', 9, 1, 10, 'night'),
('2021-05-13', 'HOUA', 'TEXA', 4, 3, 7, 'night'),
('2021-05-14', 'HOUA', 'TEXA', 10, 4, 14, 'night'),
('2021-05-15', 'HOUA', 'TEXA', 6, 5, 11, 'night'),
('2021-05-16', 'HOUA', 'TEXA', 6, 2, 8, 'day'),
('2021-05-18', 'HOUA', 'OAKA', 5, 6, 11, 'night'),
('2021-05-19', 'HOUA', 'OAKA', 8, 1, 9, 'night'),
('2021-05-20', 'HOUA', 'OAKA', 8, 4, 12, 'day'),
('2021-05-21', 'HOUA', 'TEXA', 5, 7, 12, 'night'),
('2021-05-22', 'HOUA', 'TEXA', 4, 8, 12, 'day'),
('2021-05-23', 'HOUA', 'TEXA', 2, 3, 5, 'day'),
('2021-06-15', 'HOUA', 'TEXA', 6, 3, 9, 'night'),
('2021-06-16', 'HOUA', 'TEXA', 8, 4, 12, 'night'),
('2021-07-06', 'HOUA', 'OAKA', 9, 6, 15, 'night'),
('2021-07-07', 'HOUA', 'OAKA', 4, 3, 7, 'night'),
('2021-07-08', 'HOUA', 'OAKA', 1, 2, 3, 'day'),
('2021-07-23', 'HOUA', 'TEXA', 7, 3, 10, 'night'),
('2021-07-24', 'HOUA', 'TEXA', 4, 1, 5, 'night'),
('2021-07-25', 'HOUA', 'TEXA', 3, 1, 4, 'day'),
('2021-07-26', 'HOUA', 'SEAA', 8, 11, 19, 'night'),
('2021-07-27', 'HOUA', 'SEAA', 8, 6, 14, 'night'),
('2021-07-28', 'HOUA', 'SEAA', 11, 4, 15, 'day'),
('2021-08-13', 'HOUA', 'ANAA', 4, 1, 5, 'night'),
('2021-08-14', 'HOUA', 'ANAA', 8, 2, 10, 'night'),
('2021-08-15', 'HOUA', 'ANAA', 1, 3, 4, 'day'),
('2021-08-20', 'HOUA', 'SEAA', 12, 3, 15, 'night'),
('2021-08-21', 'HOUA', 'SEAA', 15, 1, 16, 'day'),
('2021-08-22', 'HOUA', 'SEAA', 3, 6, 9, 'day'),
('2021-08-27', 'HOUA', 'TEXA', 5, 4, 9, 'night'),
('2021-08-28', 'HOUA', 'TEXA', 5, 2, 7, 'night'),
('2021-08-29', 'HOUA', 'TEXA', 2, 13, 15, 'day'),
('2021-08-30', 'HOUA', 'SEAA', 4, 3, 7, 'night'),
('2021-08-31', 'HOUA', 'SEAA', 0, 4, 4, 'night'),
('2021-09-01', 'HOUA', 'SEAA', 0, 1, 1, 'day'),
('2021-09-06', 'HOUA', 'SEAA', 11, 2, 13, 'night'),
('2021-09-07', 'HOUA', 'SEAA', 5, 4, 9, 'night'),
('2021-09-08', 'HOUA', 'SEAA', 5, 8, 13, 'day'),
('2021-09-10', 'HOUA', 'ANAA', 10, 5, 15, 'night'),
('2021-09-11', 'HOUA', 'ANAA', 2, 4, 6, 'night'),
('2021-09-12', 'HOUA', 'ANAA', 3, 1, 4, 'day'),
('2021-09-13', 'HOUA', 'TEXA', 15, 1, 16, 'night'),
('2021-09-14', 'HOUA', 'TEXA', 1, 8, 9, 'night'),
('2021-09-15', 'HOUA', 'TEXA', 7, 2, 9, 'night'),
('2021-09-16', 'HOUA', 'TEXA', 12, 1, 13, 'night'),
('2021-09-20', 'HOUA', 'ANAA', 10, 0, 10, 'night'),
('2021-09-21', 'HOUA', 'ANAA', 10, 5, 15, 'night'),
('2021-09-22', 'HOUA', 'ANAA', 9, 5, 14, 'night'),
('2021-09-23', 'HOUA', 'ANAA', 2, 3, 5, 'night'),
('2021-09-24', 'HOUA', 'OAKA', 2, 14, 16, 'night'),
('2021-09-25', 'HOUA', 'OAKA', 1, 2, 3, 'day'),
('2021-09-26', 'HOUA', 'OAKA', 3, 4, 7, 'day'),
('2021-10-01', 'HOUA', 'OAKA', 6, 8, 14, 'night'),
('2021-10-02', 'HOUA', 'OAKA', 10, 4, 14, 'night'),
('2021-10-03', 'HOUA', 'OAKA', 7, 6, 13, 'day'),
('2021-04-30', 'SEAA', 'ANAA', 7, 4, 11, 'night'),
('2021-05-01', 'SEAA', 'ANAA', 5, 10, 15, 'night'),
('2021-05-02', 'SEAA', 'ANAA', 2, 0, 2, 'day'),
('2021-05-07', 'SEAA', 'TEXA', 5, 4, 9, 'night'),
('2021-05-08', 'SEAA', 'TEXA', 8, 9, 17, 'night'),
('2021-05-09', 'SEAA', 'TEXA', 2, 10, 12, 'day'),
('2021-05-24', 'SEAA', 'OAKA', 4, 2, 6, 'night'),
('2021-05-25', 'SEAA', 'OAKA', 4, 3, 7, 'night'),
('2021-05-26', 'SEAA', 'OAKA', 3, 6, 9, 'day'),
('2021-05-27', 'SEAA', 'TEXA', 5, 0, 5, 'night'),
('2021-05-28', 'SEAA', 'TEXA', 3, 2, 5, 'night'),
('2021-05-29', 'SEAA', 'TEXA', 3, 2, 5, 'night'),
('2021-05-30', 'SEAA', 'TEXA', 4, 2, 6, 'day'),
('2021-05-31', 'SEAA', 'OAKA', 6, 5, 11, 'day'),
('2021-06-01', 'SEAA', 'OAKA', 6, 12, 18, 'night'),
('2021-06-02', 'SEAA', 'OAKA', 0, 6, 6, 'night'),
('2021-06-03', 'SEAA', 'ANAA', 6, 2, 8, 'night'),
('2021-06-04', 'SEAA', 'ANAA', 2, 3, 5, 'night'),
('2021-06-05', 'SEAA', 'ANAA', 5, 12, 17, 'night'),
('2021-06-06', 'SEAA', 'ANAA', 9, 5, 14, 'day'),
('2021-07-02', 'SEAA', 'TEXA', 5, 4, 9, 'night'),
('2021-07-03', 'SEAA', 'TEXA', 3, 7, 10, 'night'),
('2021-07-04', 'SEAA', 'TEXA', 4, 1, 5, 'day'),
('2021-07-09', 'SEAA', 'ANAA', 7, 3, 10, 'night'),
('2021-07-10', 'SEAA', 'ANAA', 2, 0, 2, 'night'),
('2021-07-11', 'SEAA', 'ANAA', 1, 7, 8, 'day'),
('2021-07-16', 'SEAA', 'ANAA', 6, 5, 11, 'night'),
('2021-07-17', 'SEAA', 'ANAA', 4, 9, 13, 'night'),
('2021-07-18', 'SEAA', 'ANAA', 7, 4, 11, 'day'),
('2021-07-22', 'SEAA', 'OAKA', 1, 4, 5, 'night'),
('2021-07-23', 'SEAA', 'OAKA', 4, 3, 7, 'night'),
('2021-07-24', 'SEAA', 'OAKA', 5, 4, 9, 'night'),
('2021-07-25', 'SEAA', 'OAKA', 4, 3, 7, 'day'),
('2021-07-30', 'SEAA', 'TEXA', 9, 5, 14, 'night'),
('2021-07-31', 'SEAA', 'TEXA', 4, 5, 9, 'night'),
('2021-08-01', 'SEAA', 'TEXA', 3, 4, 7, 'day'),
('2021-08-10', 'SEAA', 'TEXA', 4, 5, 9, 'night'),
('2021-08-11', 'SEAA', 'TEXA', 2, 1, 3, 'night'),
('2021-08-12', 'SEAA', 'TEXA', 3, 1, 4, 'day'),
('2021-08-17', 'SEAA', 'TEXA', 3, 1, 4, 'night'),
('2021-08-18', 'SEAA', 'TEXA', 3, 1, 4, 'night'),
('2021-08-19', 'SEAA', 'TEXA', 9, 8, 17, 'day'),
('2021-08-23', 'SEAA', 'OAKA', 5, 3, 8, 'night'),
('2021-08-24', 'SEAA', 'OAKA', 5, 1, 6, 'day'),
('2021-09-20', 'SEAA', 'OAKA', 4, 2, 6, 'night'),
('2021-09-21', 'SEAA', 'OAKA', 5, 2, 7, 'night'),
('2021-09-22', 'SEAA', 'OAKA', 4, 1, 5, 'night'),
('2021-09-23', 'SEAA', 'OAKA', 6, 5, 11, 'day'),
('2021-09-24', 'SEAA', 'ANAA', 6, 5, 11, 'night'),
('2021-09-25', 'SEAA', 'ANAA', 1, 14, 15, 'night'),
('2021-09-26', 'SEAA', 'ANAA', 5, 1, 6, 'day'),
('2021-09-27', 'SEAA', 'OAKA', 13, 4, 17, 'night'),
('2021-09-28', 'SEAA', 'OAKA', 4, 2, 6, 'night'),
('2021-09-29', 'SEAA', 'OAKA', 4, 2, 6, 'night'),
('2021-10-01', 'SEAA', 'ANAA', 1, 2, 3, 'night'),
('2021-10-02', 'SEAA', 'ANAA', 6, 4, 10, 'night'),
('2021-10-03', 'SEAA', 'ANAA', 3, 7, 10, 'day'),
('2021-05-21', 'OAKA', 'ANAA', 8, 4, 12, 'night'),
('2021-05-22', 'OAKA', 'ANAA', 6, 2, 8, 'night'),
('2021-05-23', 'OAKA', 'ANAA', 5, 6, 11, 'day'),
('2021-05-27', 'OAKA', 'ANAA', 5, 0, 5, 'night'),
('2021-05-28', 'OAKA', 'ANAA', 3, 1, 4, 'night'),
('2021-05-29', 'OAKA', 'ANAA', 0, 4, 4, 'day'),
('2021-05-30', 'OAKA', 'ANAA', 2, 4, 6, 'day'),
('2021-06-14', 'OAKA', 'ANAA', 8, 5, 13, 'night'),
('2021-06-15', 'OAKA', 'ANAA', 6, 4, 10, 'night'),
('2021-06-16', 'OAKA', 'ANAA', 8, 4, 12, 'day'),
('2021-06-21', 'OAKA', 'TEXA', 3, 8, 11, 'night'),
('2021-06-22', 'OAKA', 'TEXA', 13, 6, 19, 'night'),
('2021-06-23', 'OAKA', 'TEXA', 3, 5, 8, 'night'),
('2021-06-24', 'OAKA', 'TEXA', 5, 1, 6, 'day'),
('2021-06-29', 'OAKA', 'TEXA', 4, 5, 9, 'night'),
('2021-06-30', 'OAKA', 'TEXA', 3, 1, 4, 'night'),
('2021-07-01', 'OAKA', 'TEXA', 3, 8, 11, 'day'),
('2021-07-09', 'OAKA', 'TEXA', 2, 3, 5, 'night'),
('2021-07-10', 'OAKA', 'TEXA', 8, 4, 12, 'day'),
('2021-07-11', 'OAKA', 'TEXA', 4, 1, 5, 'day'),
('2021-07-19', 'OAKA', 'ANAA', 4, 1, 5, 'night'),
('2021-07-20', 'OAKA', 'ANAA', 6, 0, 6, 'day'),
('2021-07-29', 'OAKA', 'ANAA', 4, 0, 4, 'night'),
('2021-07-30', 'OAKA', 'ANAA', 2, 0, 2, 'night'),
('2021-07-31', 'OAKA', 'ANAA', 0, 1, 1, 'day'),
('2021-08-01', 'OAKA', 'ANAA', 8, 3, 11, 'day'),
('2021-08-06', 'OAKA', 'TEXA', 4, 1, 5, 'night'),
('2021-08-07', 'OAKA', 'TEXA', 12, 3, 15, 'day'),
('2021-08-08', 'OAKA', 'TEXA', 6, 3, 9, 'day'),
('2021-08-13', 'OAKA', 'TEXA', 6, 8, 14, 'night'),
('2021-08-14', 'OAKA', 'TEXA', 8, 3, 11, 'night'),
('2021-08-15', 'OAKA', 'TEXA', 4, 7, 11, 'day'),
('2021-09-10', 'OAKA', 'TEXA', 10, 5, 15, 'night'),
('2021-09-11', 'OAKA', 'TEXA', 6, 8, 14, 'day'),
('2021-09-12', 'OAKA', 'TEXA', 3, 4, 7, 'day'),
('2021-09-17', 'OAKA', 'ANAA', 5, 4, 9, 'night'),
('2021-09-18', 'OAKA', 'ANAA', 3, 1, 4, 'night'),
('2021-09-19', 'OAKA', 'ANAA', 3, 2, 5, 'day'),
('2021-04-19', 'ANAA', 'TEXA', 4, 6, 10, 'night'),
('2021-04-20', 'ANAA', 'TEXA', 6, 2, 8, 'night'),
('2021-04-21', 'ANAA', 'TEXA', 4, 7, 11, 'day'),
('2021-04-26', 'ANAA', 'TEXA', 9, 4, 13, 'night'),
('2021-04-27', 'ANAA', 'TEXA', 1, 6, 7, 'night'),
('2021-04-28', 'ANAA', 'TEXA', 4, 3, 7, 'night'),
('2021-05-25', 'ANAA', 'TEXA', 11, 5, 16, 'night'),
('2021-05-26', 'ANAA', 'TEXA', 9, 8, 17, 'day'),
('2021-08-02', 'ANAA', 'TEXA', 1, 4, 5, 'night'),
('2021-08-03', 'ANAA', 'TEXA', 11, 3, 14, 'night'),
('2021-08-04', 'ANAA', 'TEXA', 2, 1, 3, 'night'),
('2021-08-05', 'ANAA', 'TEXA', 5, 0, 5, 'day'),
('2021-09-03', 'ANAA', 'TEXA', 3, 2, 5, 'night'),
('2021-09-04', 'ANAA', 'TEXA', 4, 1, 5, 'night'),
('2021-09-05', 'ANAA', 'TEXA', 3, 7, 10, 'day'),
('2021-09-06', 'ANAA', 'TEXA', 0, 4, 4, 'night'),
('2021-09-28', 'ANAA', 'TEXA', 2, 5, 7, 'night'),
('2021-09-29', 'ANAA', 'TEXA', 7, 2, 9, 'night'),
('2021-09-30', 'ANAA', 'TEXA', 6, 7, 13, 'day'),
('2019-03-28', 'ATLN', 'PHIN', 4, 10, 14, 'day'),
('2019-03-30', 'ATLN', 'PHIN', 6, 8, 14, 'day'),
('2019-03-31', 'ATLN', 'PHIN', 1, 5, 6, 'night'),
('2019-04-01', 'ATLN', 'CHIN', 8, 0, 8, 'night'),
('2019-04-03', 'ATLN', 'CHIN', 6, 4, 10, 'night'),
('2019-04-04', 'ATLN', 'CHIN', 9, 4, 13, 'night'),
('2019-04-05', 'ATLN', 'MIAN', 4, 0, 4, 'night'),
('2019-04-06', 'ATLN', 'MIAN', 2, 4, 6, 'night'),
('2019-04-07', 'ATLN', 'MIAN', 4, 3, 7, 'day'),
('2019-04-08', 'ATLN', 'COLN', 8, 6, 14, 'night'),
('2019-04-09', 'ATLN', 'COLN', 7, 1, 8, 'night'),
('2019-04-11', 'ATLN', 'NYN', 3, 6, 9, 'night'),
('2019-04-12', 'ATLN', 'NYN', 2, 6, 8, 'night'),
('2019-04-13', 'ATLN', 'NYN', 11, 7, 18, 'night'),
('2019-04-14', 'ATLN', 'NYN', 7, 3, 10, 'night'),
('2019-04-16', 'ATLN', 'ARIN', 6, 9, 15, 'night'),
('2019-04-17', 'ATLN', 'ARIN', 2, 3, 5, 'night'),
('2019-04-18', 'ATLN', 'ARIN', 1, 4, 5, 'day'),
('2019-04-20', 'ATLN', 'CLEA', 4, 8, 12, 'day'),
('2019-04-20', 'ATLN', 'CLEA', 8, 7, 15, 'night'),
('2019-04-21', 'ATLN', 'CLEA', 11, 5, 16, 'night'),
('2019-04-23', 'ATLN', 'CINN', 6, 7, 13, 'night'),
('2019-04-24', 'ATLN', 'CINN', 3, 1, 4, 'night'),
('2019-04-25', 'ATLN', 'CINN', 2, 4, 6, 'night'),
('2019-04-26', 'ATLN', 'COLN', 4, 8, 12, 'night'),
('2019-04-27', 'ATLN', 'COLN', 5, 9, 14, 'night'),
('2019-04-28', 'ATLN', 'COLN', 8, 7, 15, 'day'),
('2019-04-29', 'ATLN', 'SDN', 3, 1, 4, 'night'),
('2019-04-30', 'ATLN', 'SDN', 3, 4, 7, 'night'),
('2019-05-01', 'ATLN', 'SDN', 5, 1, 6, 'night'),
('2019-05-02', 'ATLN', 'SDN', 2, 11, 13, 'day'),
('2019-05-03', 'ATLN', 'MIAN', 7, 2, 9, 'night'),
('2019-05-04', 'ATLN', 'MIAN', 9, 2, 11, 'night'),
('2019-05-05', 'ATLN', 'MIAN', 3, 1, 4, 'day'),
('2019-05-06', 'ATLN', 'LAN', 3, 5, 8, 'night'),
('2019-05-07', 'ATLN', 'LAN', 0, 9, 9, 'night'),
('2019-05-08', 'ATLN', 'LAN', 4, 9, 13, 'night'),
('2019-05-09', 'ATLN', 'ARIN', 2, 3, 5, 'night'),
('2019-05-10', 'ATLN', 'ARIN', 2, 1, 3, 'night'),
('2019-05-11', 'ATLN', 'ARIN', 6, 4, 10, 'night'),
('2019-05-12', 'ATLN', 'ARIN', 5, 3, 8, 'day'),
('2019-05-14', 'ATLN', 'STLN', 3, 14, 17, 'night'),
('2019-05-15', 'ATLN', 'STLN', 4, 0, 4, 'night'),
('2019-05-16', 'ATLN', 'STLN', 10, 2, 12, 'night'),
('2019-05-17', 'ATLN', 'MILN', 12, 8, 20, 'night'),
('2019-05-18', 'ATLN', 'MILN', 4, 3, 7, 'night'),
('2019-05-19', 'ATLN', 'MILN', 2, 3, 5, 'day'),
('2019-05-20', 'ATLN', 'SFN', 4, 1, 5, 'night'),
('2019-05-21', 'ATLN', 'SFN', 3, 4, 7, 'night'),
('2019-05-22', 'ATLN', 'SFN', 9, 2, 11, 'night'),
('2019-05-23', 'ATLN', 'SFN', 5, 4, 9, 'day'),
('2019-05-24', 'ATLN', 'STLN', 5, 2, 7, 'night'),
('2019-05-25', 'ATLN', 'STLN', 3, 6, 9, 'night'),
('2019-05-26', 'ATLN', 'STLN', 4, 3, 7, 'night'),
('2019-05-28', 'ATLN', 'WASN', 4, 5, 9, 'night'),
('2019-05-29', 'ATLN', 'WASN', 4, 14, 18, 'night'),
('2019-05-31', 'ATLN', 'DETA', 2, 8, 10, 'night'),
('2019-06-01', 'ATLN', 'DETA', 10, 5, 15, 'day'),
('2019-06-02', 'ATLN', 'DETA', 7, 4, 11, 'day'),
('2019-06-04', 'ATLN', 'PITN', 12, 5, 17, 'night'),
('2019-06-05', 'ATLN', 'PITN', 4, 7, 11, 'night'),
('2019-06-06', 'ATLN', 'PITN', 1, 6, 7, 'day'),
('2019-06-07', 'ATLN', 'MIAN', 7, 1, 8, 'night'),
('2019-06-08', 'ATLN', 'MIAN', 1, 0, 1, 'day'),
('2019-06-09', 'ATLN', 'MIAN', 7, 6, 13, 'day'),
('2019-06-10', 'ATLN', 'PITN', 13, 7, 20, 'night'),
('2019-06-11', 'ATLN', 'PITN', 7, 5, 12, 'night'),
('2019-06-12', 'ATLN', 'PITN', 8, 7, 15, 'night'),
('2019-06-13', 'ATLN', 'PITN', 6, 5, 11, 'day'),
('2019-06-14', 'ATLN', 'PHIN', 9, 8, 17, 'night'),
('2019-06-15', 'ATLN', 'PHIN', 5, 6, 11, 'night'),
('2019-06-16', 'ATLN', 'PHIN', 15, 1, 16, 'day'),
('2019-06-17', 'ATLN', 'NYN', 12, 3, 15, 'night'),
('2019-06-18', 'ATLN', 'NYN', 2, 10, 12, 'night'),
('2019-06-19', 'ATLN', 'NYN', 7, 2, 9, 'night'),
('2019-06-21', 'ATLN', 'WASN', 3, 4, 7, 'night'),
('2019-06-22', 'ATLN', 'WASN', 13, 9, 22, 'night'),
('2019-06-23', 'ATLN', 'WASN', 4, 3, 7, 'day'),
('2019-06-24', 'ATLN', 'CHIN', 3, 8, 11, 'night'),
('2019-06-25', 'ATLN', 'CHIN', 3, 2, 5, 'night'),
('2019-06-26', 'ATLN', 'CHIN', 5, 3, 8, 'night'),
('2019-06-27', 'ATLN', 'CHIN', 7, 9, 16, 'day'),
('2019-06-28', 'ATLN', 'NYN', 6, 2, 8, 'night'),
('2019-06-29', 'ATLN', 'NYN', 5, 4, 9, 'day'),
('2019-06-30', 'ATLN', 'NYN', 5, 8, 13, 'night'),
('2019-07-02', 'ATLN', 'PHIN', 0, 2, 2, 'night'),
('2019-07-03', 'ATLN', 'PHIN', 9, 2, 11, 'night'),
('2019-07-04', 'ATLN', 'PHIN', 12, 6, 18, 'night'),
('2019-07-05', 'ATLN', 'MIAN', 1, 0, 1, 'night'),
('2019-07-06', 'ATLN', 'MIAN', 4, 5, 9, 'day'),
('2019-07-07', 'ATLN', 'MIAN', 4, 3, 7, 'day'),
('2019-07-12', 'ATLN', 'SDN', 5, 3, 8, 'night'),
('2019-07-13', 'ATLN', 'SDN', 7, 5, 12, 'night'),
('2019-07-14', 'ATLN', 'SDN', 4, 1, 5, 'day'),
('2019-07-15', 'ATLN', 'MILN', 4, 2, 6, 'night'),
('2019-07-16', 'ATLN', 'MILN', 1, 13, 14, 'night'),
('2019-07-17', 'ATLN', 'MILN', 4, 5, 9, 'day'),
('2019-07-18', 'ATLN', 'WASN', 4, 13, 17, 'night'),
('2019-07-19', 'ATLN', 'WASN', 4, 3, 7, 'night'),
('2019-07-20', 'ATLN', 'WASN', 3, 5, 8, 'night'),
('2019-07-21', 'ATLN', 'WASN', 7, 1, 8, 'night'),
('2019-07-23', 'ATLN', 'KCA', 4, 5, 9, 'night'),
('2019-07-24', 'ATLN', 'KCA', 0, 2, 2, 'night'),
('2019-07-26', 'ATLN', 'PHIN', 9, 2, 11, 'night'),
('2019-07-27', 'ATLN', 'PHIN', 15, 7, 22, 'night'),
('2019-07-28', 'ATLN', 'PHIN', 4, 9, 13, 'day'),
('2019-07-29', 'ATLN', 'WASN', 3, 6, 9, 'night'),
('2019-07-30', 'ATLN', 'WASN', 11, 8, 19, 'night'),
('2019-07-31', 'ATLN', 'WASN', 5, 4, 9, 'day'),
('2019-08-01', 'ATLN', 'CINN', 4, 1, 5, 'night'),
('2019-08-02', 'ATLN', 'CINN', 2, 5, 7, 'night'),
('2019-08-03', 'ATLN', 'CINN', 5, 4, 9, 'night'),
('2019-08-04', 'ATLN', 'CINN', 4, 6, 10, 'day'),
('2019-08-05', 'ATLN', 'MINA', 3, 5, 8, 'night'),
('2019-08-06', 'ATLN', 'MINA', 12, 7, 19, 'night'),
('2019-08-07', 'ATLN', 'MINA', 11, 7, 18, 'day'),
('2019-08-08', 'ATLN', 'MIAN', 2, 9, 11, 'night'),
('2019-08-09', 'ATLN', 'MIAN', 8, 4, 12, 'night'),
('2019-08-10', 'ATLN', 'MIAN', 6, 7, 13, 'night'),
('2019-08-11', 'ATLN', 'MIAN', 5, 4, 9, 'day'),
('2019-08-13', 'ATLN', 'NYN', 5, 3, 8, 'night'),
('2019-08-14', 'ATLN', 'NYN', 6, 4, 10, 'night'),
('2019-08-15', 'ATLN', 'NYN', 8, 10, 18, 'night'),
('2019-08-16', 'ATLN', 'LAN', 3, 8, 11, 'night'),
('2019-08-17', 'ATLN', 'LAN', 4, 3, 7, 'night'),
('2019-08-18', 'ATLN', 'LAN', 5, 3, 8, 'day'),
('2019-08-20', 'ATLN', 'MIAN', 5, 1, 6, 'night'),
('2019-08-21', 'ATLN', 'MIAN', 5, 0, 5, 'night'),
('2019-08-22', 'ATLN', 'MIAN', 3, 2, 5, 'night'),
('2019-08-23', 'ATLN', 'NYN', 2, 1, 3, 'night'),
('2019-08-24', 'ATLN', 'NYN', 9, 5, 14, 'night'),
('2019-08-25', 'ATLN', 'NYN', 2, 1, 3, 'day'),
('2019-08-26', 'ATLN', 'COLN', 1, 3, 4, 'day'),
('2019-08-27', 'ATLN', 'TORA', 1, 3, 4, 'night'),
('2019-08-28', 'ATLN', 'TORA', 9, 4, 13, 'night'),
('2019-08-30', 'ATLN', 'CHIA', 10, 7, 17, 'night'),
('2019-08-31', 'ATLN', 'CHIA', 11, 5, 16, 'night'),
('2019-09-01', 'ATLN', 'CHIA', 5, 3, 8, 'night'),
('2019-09-02', 'ATLN', 'TORA', 6, 3, 9, 'day'),
('2019-09-03', 'ATLN', 'TORA', 7, 2, 9, 'night'),
('2019-09-05', 'ATLN', 'WASN', 4, 2, 6, 'night'),
('2019-09-06', 'ATLN', 'WASN', 4, 3, 7, 'night'),
('2019-09-07', 'ATLN', 'WASN', 5, 4, 9, 'night'),
('2019-09-08', 'ATLN', 'WASN', 4, 9, 13, 'day'),
('2019-09-09', 'ATLN', 'PHIN', 7, 2, 9, 'night'),
('2019-09-10', 'ATLN', 'PHIN', 5, 6, 11, 'night'),
('2019-09-11', 'ATLN', 'PHIN', 3, 1, 4, 'night'),
('2019-09-12', 'ATLN', 'PHIN', 5, 9, 14, 'night'),
('2019-09-13', 'ATLN', 'WASN', 5, 0, 5, 'night'),
('2019-09-14', 'ATLN', 'WASN', 10, 1, 11, 'day'),
('2019-09-15', 'ATLN', 'WASN', 0, 7, 7, 'day'),
('2019-09-17', 'ATLN', 'PHIN', 4, 5, 9, 'night'),
('2019-09-18', 'ATLN', 'PHIN', 1, 4, 5, 'night'),
('2019-09-19', 'ATLN', 'PHIN', 5, 4, 9, 'day'),
('2019-09-20', 'ATLN', 'SFN', 6, 0, 6, 'night'),
('2019-09-21', 'ATLN', 'SFN', 8, 1, 9, 'night'),
('2019-09-22', 'ATLN', 'SFN', 1, 4, 5, 'day'),
('2019-09-24', 'ATLN', 'KCA', 6, 9, 15, 'night'),
('2019-09-25', 'ATLN', 'KCA', 10, 2, 12, 'night'),
('2019-09-27', 'ATLN', 'NYN', 2, 4, 6, 'night'),
('2019-09-28', 'ATLN', 'NYN', 0, 3, 3, 'night'),
('2019-09-29', 'ATLN', 'NYN', 6, 7, 13, 'day'),
('2019-03-28', 'WASN', 'NYN', 0, 2, 2, 'day'),
('2019-03-30', 'WASN', 'NYN', 8, 11, 19, 'day'),
('2019-03-31', 'WASN', 'NYN', 6, 5, 11, 'day'),
('2019-04-02', 'WASN', 'PHIN', 2, 8, 10, 'night'),
('2019-04-03', 'WASN', 'PHIN', 9, 8, 17, 'day'),
('2019-04-04', 'WASN', 'NYN', 4, 0, 4, 'day'),
('2019-04-06', 'WASN', 'NYN', 5, 6, 11, 'day'),
('2019-04-07', 'WASN', 'NYN', 12, 9, 21, 'day'),
('2019-04-08', 'WASN', 'PHIN', 3, 4, 7, 'night'),
('2019-04-09', 'WASN', 'PHIN', 10, 6, 16, 'night'),
('2019-04-10', 'WASN', 'PHIN', 15, 1, 16, 'night'),
('2019-04-12', 'WASN', 'PITN', 3, 6, 9, 'night'),
('2019-04-13', 'WASN', 'PITN', 3, 2, 5, 'day'),
('2019-04-14', 'WASN', 'PITN', 3, 4, 7, 'day'),
('2019-04-16', 'WASN', 'SFN', 3, 7, 10, 'night'),
('2019-04-17', 'WASN', 'SFN', 9, 6, 15, 'night'),
('2019-04-18', 'WASN', 'SFN', 4, 2, 6, 'day'),
('2019-04-19', 'WASN', 'MIAN', 2, 3, 5, 'night'),
('2019-04-20', 'WASN', 'MIAN', 3, 9, 12, 'night'),
('2019-04-21', 'WASN', 'MIAN', 5, 0, 5, 'day'),
('2019-04-22', 'WASN', 'COLN', 5, 7, 12, 'night'),
('2019-04-23', 'WASN', 'COLN', 6, 3, 9, 'night'),
('2019-04-24', 'WASN', 'COLN', 5, 9, 14, 'day'),
('2019-04-26', 'WASN', 'SDN', 3, 4, 7, 'night'),
('2019-04-27', 'WASN', 'SDN', 3, 8, 11, 'day'),
('2019-04-28', 'WASN', 'SDN', 7, 6, 13, 'day'),
('2019-04-29', 'WASN', 'STLN', 3, 6, 9, 'night'),
('2019-04-30', 'WASN', 'STLN', 2, 3, 5, 'night'),
('2019-05-01', 'WASN', 'STLN', 1, 5, 6, 'night'),
('2019-05-02', 'WASN', 'STLN', 2, 1, 3, 'night'),
('2019-05-03', 'WASN', 'PHIN', 2, 4, 6, 'night'),
('2019-05-04', 'WASN', 'PHIN', 10, 8, 18, 'night'),
('2019-05-05', 'WASN', 'PHIN', 1, 7, 8, 'day'),
('2019-05-06', 'WASN', 'MILN', 3, 5, 8, 'night'),
('2019-05-07', 'WASN', 'MILN', 0, 6, 6, 'night'),
('2019-05-08', 'WASN', 'MILN', 3, 7, 10, 'day'),
('2019-05-09', 'WASN', 'LAN', 6, 0, 6, 'night'),
('2019-05-10', 'WASN', 'LAN', 0, 5, 5, 'night'),
('2019-05-11', 'WASN', 'LAN', 5, 2, 7, 'night'),
('2019-05-12', 'WASN', 'LAN', 0, 6, 6, 'day'),
('2019-05-14', 'WASN', 'NYN', 2, 6, 8, 'night'),
('2019-05-15', 'WASN', 'NYN', 5, 1, 6, 'night'),
('2019-05-16', 'WASN', 'NYN', 7, 6, 13, 'day'),
('2019-05-17', 'WASN', 'CHIN', 6, 14, 20, 'night'),
('2019-05-18', 'WASN', 'CHIN', 5, 2, 7, 'night'),
('2019-05-19', 'WASN', 'CHIN', 5, 6, 11, 'night'),
('2019-05-20', 'WASN', 'NYN', 3, 5, 8, 'night'),
('2019-05-21', 'WASN', 'NYN', 5, 6, 11, 'night'),
('2019-05-22', 'WASN', 'NYN', 1, 6, 7, 'night'),
('2019-05-23', 'WASN', 'NYN', 4, 6, 10, 'day'),
('2019-05-24', 'WASN', 'MIAN', 12, 10, 22, 'night'),
('2019-05-25', 'WASN', 'MIAN', 5, 0, 5, 'day'),
('2019-05-26', 'WASN', 'MIAN', 9, 6, 15, 'day'),
('2019-05-27', 'WASN', 'MIAN', 2, 3, 5, 'day'),
('2019-05-31', 'WASN', 'CINN', 3, 9, 12, 'night'),
('2019-06-01', 'WASN', 'CINN', 5, 2, 7, 'day'),
('2019-06-02', 'WASN', 'CINN', 4, 1, 5, 'day'),
('2019-06-04', 'WASN', 'CHIA', 9, 5, 14, 'night'),
('2019-06-05', 'WASN', 'CHIA', 6, 4, 10, 'day'),
('2019-06-06', 'WASN', 'SDN', 4, 5, 9, 'night'),
('2019-06-07', 'WASN', 'SDN', 4, 5, 9, 'night'),
('2019-06-08', 'WASN', 'SDN', 4, 1, 5, 'night'),
('2019-06-09', 'WASN', 'SDN', 5, 2, 7, 'day'),
('2019-06-10', 'WASN', 'CHIA', 12, 1, 13, 'night'),
('2019-06-11', 'WASN', 'CHIA', 5, 7, 12, 'night'),
('2019-06-13', 'WASN', 'ARIN', 0, 5, 5, 'night'),
('2019-06-14', 'WASN', 'ARIN', 7, 3, 10, 'night'),
('2019-06-15', 'WASN', 'ARIN', 3, 10, 13, 'day'),
('2019-06-16', 'WASN', 'ARIN', 15, 5, 20, 'day'),
('2019-06-19', 'WASN', 'PHIN', 6, 2, 8, 'day'),
('2019-06-19', 'WASN', 'PHIN', 2, 0, 2, 'night'),
('2019-06-20', 'WASN', 'PHIN', 7, 4, 11, 'night'),
('2019-06-25', 'WASN', 'MIAN', 6, 1, 7, 'night'),
('2019-06-26', 'WASN', 'MIAN', 7, 5, 12, 'night'),
('2019-06-27', 'WASN', 'MIAN', 8, 5, 13, 'night'),
('2019-06-28', 'WASN', 'DETA', 3, 1, 4, 'night'),
('2019-06-29', 'WASN', 'DETA', 5, 7, 12, 'day'),
('2019-06-30', 'WASN', 'DETA', 2, 1, 3, 'day'),
('2019-07-02', 'WASN', 'MIAN', 3, 2, 5, 'night'),
('2019-07-03', 'WASN', 'MIAN', 3, 1, 4, 'night'),
('2019-07-04', 'WASN', 'MIAN', 5, 2, 7, 'day'),
('2019-07-05', 'WASN', 'KCA', 4, 7, 11, 'night'),
('2019-07-06', 'WASN', 'KCA', 6, 0, 6, 'day'),
('2019-07-07', 'WASN', 'KCA', 5, 2, 7, 'day'),
('2019-07-12', 'WASN', 'PHIN', 4, 0, 4, 'night'),
('2019-07-13', 'WASN', 'PHIN', 4, 3, 7, 'night'),
('2019-07-14', 'WASN', 'PHIN', 3, 4, 7, 'day'),
('2019-07-16', 'WASN', 'BALA', 8, 1, 9, 'night'),
('2019-07-17', 'WASN', 'BALA', 2, 9, 11, 'night'),
('2019-07-23', 'WASN', 'COLN', 11, 1, 12, 'night'),
('2019-07-24', 'WASN', 'COLN', 3, 2, 5, 'day'),
('2019-07-24', 'WASN', 'COLN', 2, 0, 2, 'night'),
('2019-07-25', 'WASN', 'COLN', 7, 8, 15, 'day'),
('2019-07-26', 'WASN', 'LAN', 2, 4, 6, 'night'),
('2019-07-27', 'WASN', 'LAN', 3, 9, 12, 'day'),
('2019-07-28', 'WASN', 'LAN', 11, 4, 15, 'day'),
('2019-08-02', 'WASN', 'ARIN', 3, 0, 3, 'night'),
('2019-08-03', 'WASN', 'ARIN', 7, 18, 25, 'night'),
('2019-08-04', 'WASN', 'ARIN', 5, 7, 12, 'day'),
('2019-08-05', 'WASN', 'SFN', 4, 0, 4, 'night'),
('2019-08-06', 'WASN', 'SFN', 5, 3, 8, 'night'),
('2019-08-07', 'WASN', 'SFN', 4, 1, 5, 'day'),
('2019-08-09', 'WASN', 'NYN', 6, 7, 13, 'night'),
('2019-08-10', 'WASN', 'NYN', 3, 4, 7, 'night'),
('2019-08-11', 'WASN', 'NYN', 7, 4, 11, 'day'),
('2019-08-12', 'WASN', 'CINN', 7, 6, 13, 'night'),
('2019-08-13', 'WASN', 'CINN', 3, 1, 4, 'night'),
('2019-08-14', 'WASN', 'CINN', 17, 7, 24, 'day'),
('2019-08-16', 'WASN', 'MILN', 2, 1, 3, 'night'),
('2019-08-17', 'WASN', 'MILN', 14, 15, 29, 'night'),
('2019-08-18', 'WASN', 'MILN', 16, 8, 24, 'day'),
('2019-08-19', 'WASN', 'PITN', 13, 0, 13, 'night'),
('2019-08-20', 'WASN', 'PITN', 1, 4, 5, 'night'),
('2019-08-21', 'WASN', 'PITN', 11, 1, 12, 'night'),
('2019-08-22', 'WASN', 'PITN', 7, 1, 8, 'night'),
('2019-08-23', 'WASN', 'CHIN', 9, 3, 12, 'day'),
('2019-08-24', 'WASN', 'CHIN', 7, 2, 9, 'day'),
('2019-08-25', 'WASN', 'CHIN', 7, 5, 12, 'day'),
('2019-08-27', 'WASN', 'BALA', 0, 2, 2, 'night'),
('2019-08-28', 'WASN', 'BALA', 8, 4, 12, 'night'),
('2019-08-30', 'WASN', 'MIAN', 7, 6, 13, 'night'),
('2019-08-31', 'WASN', 'MIAN', 7, 0, 7, 'night'),
('2019-09-01', 'WASN', 'MIAN', 9, 3, 12, 'day'),
('2019-09-02', 'WASN', 'NYN', 3, 7, 10, 'day'),
('2019-09-03', 'WASN', 'NYN', 11, 10, 21, 'night'),
('2019-09-04', 'WASN', 'NYN', 4, 8, 12, 'day'),
('2019-09-10', 'WASN', 'MINA', 0, 5, 5, 'night'),
('2019-09-11', 'WASN', 'MINA', 6, 2, 8, 'night'),
('2019-09-12', 'WASN', 'MINA', 12, 6, 18, 'night'),
('2019-09-16', 'WASN', 'STLN', 2, 4, 6, 'night'),
('2019-09-17', 'WASN', 'STLN', 6, 2, 8, 'night'),
('2019-09-18', 'WASN', 'STLN', 1, 5, 6, 'day'),
('2019-09-20', 'WASN', 'MIAN', 6, 4, 10, 'night'),
('2019-09-21', 'WASN', 'MIAN', 10, 4, 14, 'night'),
('2019-09-22', 'WASN', 'MIAN', 3, 5, 8, 'day'),
('2019-09-23', 'WASN', 'PHIN', 7, 2, 9, 'night'),
('2019-09-24', 'WASN', 'PHIN', 4, 1, 5, 'day'),
('2019-09-24', 'WASN', 'PHIN', 6, 5, 11, 'night'),
('2019-09-25', 'WASN', 'PHIN', 5, 2, 7, 'night'),
('2019-09-26', 'WASN', 'PHIN', 6, 3, 9, 'day'),
('2019-09-27', 'WASN', 'CLEA', 8, 2, 10, 'night'),
('2019-09-28', 'WASN', 'CLEA', 10, 7, 17, 'day'),
('2019-09-29', 'WASN', 'CLEA', 8, 2, 10, 'day'),
('2019-04-01', 'NYN', 'MIAN', 7, 3, 10, 'night'),
('2019-04-02', 'NYN', 'MIAN', 6, 5, 11, 'night'),
('2019-04-03', 'NYN', 'MIAN', 6, 4, 10, 'night'),
('2019-04-09', 'NYN', 'MINA', 8, 14, 22, 'night'),
('2019-04-10', 'NYN', 'MINA', 9, 6, 15, 'night'),
('2019-04-15', 'NYN', 'PHIN', 7, 6, 13, 'night'),
('2019-04-16', 'NYN', 'PHIN', 3, 14, 17, 'night'),
('2019-04-17', 'NYN', 'PHIN', 2, 3, 5, 'day'),
('2019-04-19', 'NYN', 'STLN', 5, 4, 9, 'night'),
('2019-04-20', 'NYN', 'STLN', 2, 10, 12, 'day'),
('2019-04-21', 'NYN', 'STLN', 4, 6, 10, 'day'),
('2019-04-22', 'NYN', 'PHIN', 5, 1, 6, 'night'),
('2019-04-23', 'NYN', 'PHIN', 9, 0, 9, 'night'),
('2019-04-24', 'NYN', 'PHIN', 0, 6, 6, 'night'),
('2019-04-26', 'NYN', 'MILN', 2, 10, 12, 'night'),
('2019-04-27', 'NYN', 'MILN', 6, 8, 14, 'night'),
('2019-04-28', 'NYN', 'MILN', 5, 2, 7, 'day'),
('2019-04-29', 'NYN', 'CINN', 4, 5, 9, 'night'),
('2019-04-30', 'NYN', 'CINN', 4, 3, 7, 'night'),
('2019-05-01', 'NYN', 'CINN', 0, 1, 1, 'night'),
('2019-05-02', 'NYN', 'CINN', 1, 0, 1, 'day'),
('2019-05-03', 'NYN', 'MILN', 1, 3, 4, 'night'),
('2019-05-04', 'NYN', 'MILN', 3, 4, 7, 'night'),
('2019-05-05', 'NYN', 'MILN', 2, 3, 5, 'day'),
('2019-05-06', 'NYN', 'SDN', 0, 4, 4, 'night'),
('2019-05-07', 'NYN', 'SDN', 7, 6, 13, 'night'),
('2019-05-08', 'NYN', 'SDN', 2, 3, 5, 'day'),
('2019-05-10', 'NYN', 'MIAN', 11, 2, 13, 'night'),
('2019-05-11', 'NYN', 'MIAN', 4, 1, 5, 'night'),
('2019-05-17', 'NYN', 'MIAN', 6, 8, 14, 'night'),
('2019-05-18', 'NYN', 'MIAN', 0, 2, 2, 'day'),
('2019-05-19', 'NYN', 'MIAN', 0, 3, 3, 'day'),
('2019-05-24', 'NYN', 'DETA', 8, 9, 17, 'night'),
('2019-05-25', 'NYN', 'DETA', 5, 4, 9, 'day'),
('2019-05-26', 'NYN', 'DETA', 4, 3, 7, 'day'),
('2019-05-27', 'NYN', 'LAN', 5, 9, 14, 'night'),
('2019-05-28', 'NYN', 'LAN', 7, 3, 10, 'night'),
('2019-05-29', 'NYN', 'LAN', 8, 9, 17, 'night'),
('2019-05-30', 'NYN', 'LAN', 0, 2, 2, 'night'),
('2019-05-31', 'NYN', 'ARIN', 5, 4, 9, 'night'),
('2019-06-01', 'NYN', 'ARIN', 5, 6, 11, 'night'),
('2019-06-02', 'NYN', 'ARIN', 1, 7, 8, 'day'),
('2019-06-04', 'NYN', 'SFN', 3, 9, 12, 'night'),
('2019-06-05', 'NYN', 'SFN', 7, 0, 7, 'night'),
('2019-06-06', 'NYN', 'SFN', 7, 3, 10, 'day'),
('2019-06-07', 'NYN', 'COLN', 1, 5, 6, 'night'),
('2019-06-08', 'NYN', 'COLN', 5, 3, 8, 'night'),
('2019-06-09', 'NYN', 'COLN', 6, 1, 7, 'day'),
('2019-06-11', 'NYN', 'NYA', 5, 12, 17, 'day'),
('2019-06-11', 'NYN', 'NYA', 10, 4, 14, 'night'),
('2019-06-13', 'NYN', 'STLN', 4, 5, 9, 'night'),
('2019-06-14', 'NYN', 'STLN', 5, 9, 14, 'night'),
('2019-06-15', 'NYN', 'STLN', 8, 7, 15, 'night'),
('2019-06-16', 'NYN', 'STLN', 3, 4, 7, 'day'),
('2019-06-20', 'NYN', 'CHIN', 4, 7, 11, 'night'),
('2019-06-21', 'NYN', 'CHIN', 5, 4, 9, 'day'),
('2019-06-22', 'NYN', 'CHIN', 10, 2, 12, 'day'),
('2019-06-23', 'NYN', 'CHIN', 3, 5, 8, 'day'),
('2019-06-24', 'NYN', 'PHIN', 7, 13, 20, 'night'),
('2019-06-25', 'NYN', 'PHIN', 5, 7, 12, 'night'),
('2019-06-26', 'NYN', 'PHIN', 4, 5, 9, 'night'),
('2019-06-27', 'NYN', 'PHIN', 3, 6, 9, 'day'),
('2019-07-02', 'NYN', 'NYA', 4, 2, 6, 'night'),
('2019-07-03', 'NYN', 'NYA', 1, 5, 6, 'night'),
('2019-07-05', 'NYN', 'PHIN', 2, 7, 9, 'night'),
('2019-07-06', 'NYN', 'PHIN', 6, 5, 11, 'night'),
('2019-07-07', 'NYN', 'PHIN', 3, 8, 11, 'day'),
('2019-07-12', 'NYN', 'MIAN', 4, 8, 12, 'night'),
('2019-07-13', 'NYN', 'MIAN', 4, 2, 6, 'night'),
('2019-07-14', 'NYN', 'MIAN', 6, 2, 8, 'day'),
('2019-07-16', 'NYN', 'MINA', 3, 2, 5, 'night'),
('2019-07-17', 'NYN', 'MINA', 14, 4, 18, 'day'),
('2019-07-18', 'NYN', 'SFN', 2, 3, 5, 'night'),
('2019-07-19', 'NYN', 'SFN', 0, 1, 1, 'night'),
('2019-07-20', 'NYN', 'SFN', 11, 4, 15, 'day'),
('2019-07-21', 'NYN', 'SFN', 2, 3, 5, 'day'),
('2019-07-23', 'NYN', 'SDN', 5, 2, 7, 'night'),
('2019-07-24', 'NYN', 'SDN', 2, 7, 9, 'night'),
('2019-07-25', 'NYN', 'SDN', 4, 0, 4, 'day'),
('2019-07-26', 'NYN', 'PITN', 6, 3, 9, 'night'),
('2019-07-27', 'NYN', 'PITN', 3, 0, 3, 'night'),
('2019-07-28', 'NYN', 'PITN', 8, 7, 15, 'day'),
('2019-07-30', 'NYN', 'CHIA', 5, 2, 7, 'night'),
('2019-07-31', 'NYN', 'CHIA', 4, 2, 6, 'night'),
('2019-08-01', 'NYN', 'CHIA', 4, 0, 4, 'day'),
('2019-08-02', 'NYN', 'PITN', 4, 8, 12, 'night'),
('2019-08-03', 'NYN', 'PITN', 7, 5, 12, 'night'),
('2019-08-04', 'NYN', 'PITN', 13, 2, 15, 'day'),
('2019-08-05', 'NYN', 'MIAN', 6, 2, 8, 'day'),
('2019-08-05', 'NYN', 'MIAN', 5, 4, 9, 'night'),
('2019-08-06', 'NYN', 'MIAN', 5, 0, 5, 'night'),
('2019-08-07', 'NYN', 'MIAN', 7, 2, 9, 'day'),
('2019-08-16', 'NYN', 'KCA', 1, 4, 5, 'night'),
('2019-08-17', 'NYN', 'KCA', 4, 1, 5, 'night'),
('2019-08-18', 'NYN', 'KCA', 11, 5, 16, 'day'),
('2019-08-20', 'NYN', 'CLEA', 9, 2, 11, 'night'),
('2019-08-21', 'NYN', 'CLEA', 4, 3, 7, 'night'),
('2019-08-22', 'NYN', 'CLEA', 2, 0, 2, 'night'),
('2019-08-27', 'NYN', 'CHIN', 2, 5, 7, 'night'),
('2019-08-28', 'NYN', 'CHIN', 7, 10, 17, 'night'),
('2019-08-29', 'NYN', 'CHIN', 1, 4, 5, 'night'),
('2019-08-30', 'NYN', 'PHIN', 11, 5, 16, 'night'),
('2019-08-31', 'NYN', 'PHIN', 6, 3, 9, 'day'),
('2019-09-01', 'NYN', 'PHIN', 2, 5, 7, 'night'),
('2019-09-06', 'NYN', 'PHIN', 5, 4, 9, 'night'),
('2019-09-07', 'NYN', 'PHIN', 0, 5, 5, 'night'),
('2019-09-08', 'NYN', 'PHIN', 7, 10, 17, 'day'),
('2019-09-09', 'NYN', 'ARIN', 3, 1, 4, 'night'),
('2019-09-10', 'NYN', 'ARIN', 3, 2, 5, 'night'),
('2019-09-11', 'NYN', 'ARIN', 9, 0, 9, 'night'),
('2019-09-12', 'NYN', 'ARIN', 11, 1, 12, 'day'),
('2019-09-13', 'NYN', 'LAN', 2, 9, 11, 'night'),
('2019-09-14', 'NYN', 'LAN', 3, 0, 3, 'night'),
('2019-09-15', 'NYN', 'LAN', 2, 3, 5, 'night'),
('2019-09-16', 'NYN', 'COLN', 4, 9, 13, 'night'),
('2019-09-17', 'NYN', 'COLN', 6, 1, 7, 'night'),
('2019-09-18', 'NYN', 'COLN', 7, 4, 11, 'day'),
('2019-09-20', 'NYN', 'CINN', 8, 1, 9, 'night'),
('2019-09-21', 'NYN', 'CINN', 2, 3, 5, 'day'),
('2019-09-22', 'NYN', 'CINN', 6, 3, 9, 'day'),
('2019-09-23', 'NYN', 'MIAN', 4, 8, 12, 'night'),
('2019-09-24', 'NYN', 'MIAN', 5, 4, 9, 'night'),
('2019-09-25', 'NYN', 'MIAN', 10, 3, 13, 'night'),
('2019-09-26', 'NYN', 'MIAN', 2, 4, 6, 'night'),
('2019-04-05', 'PHIN', 'MINA', 10, 4, 14, 'night'),
('2019-04-06', 'PHIN', 'MINA', 2, 6, 8, 'day'),
('2019-04-07', 'PHIN', 'MINA', 2, 1, 3, 'day'),
('2019-04-12', 'PHIN', 'MIAN', 9, 1, 10, 'night'),
('2019-04-13', 'PHIN', 'MIAN', 3, 10, 13, 'night'),
('2019-04-14', 'PHIN', 'MIAN', 3, 1, 4, 'day'),
('2019-04-18', 'PHIN', 'COLN', 2, 6, 8, 'night'),
('2019-04-19', 'PHIN', 'COLN', 3, 4, 7, 'night'),
('2019-04-20', 'PHIN', 'COLN', 8, 5, 13, 'night'),
('2019-04-21', 'PHIN', 'COLN', 1, 4, 5, 'day'),
('2019-04-25', 'PHIN', 'MIAN', 1, 3, 4, 'night'),
('2019-04-26', 'PHIN', 'MIAN', 4, 0, 4, 'night'),
('2019-04-27', 'PHIN', 'MIAN', 12, 9, 21, 'night'),
('2019-04-28', 'PHIN', 'MIAN', 5, 1, 6, 'day'),
('2019-04-30', 'PHIN', 'DETA', 1, 3, 4, 'night'),
('2019-05-01', 'PHIN', 'DETA', 7, 3, 10, 'night'),
('2019-05-06', 'PHIN', 'STLN', 0, 6, 6, 'night'),
('2019-05-07', 'PHIN', 'STLN', 11, 1, 12, 'night'),
('2019-05-08', 'PHIN', 'STLN', 5, 0, 5, 'day'),
('2019-05-10', 'PHIN', 'KCA', 1, 5, 6, 'night'),
('2019-05-11', 'PHIN', 'KCA', 7, 0, 7, 'night'),
('2019-05-12', 'PHIN', 'KCA', 6, 1, 7, 'day'),
('2019-05-13', 'PHIN', 'MILN', 7, 4, 11, 'night'),
('2019-05-14', 'PHIN', 'MILN', 1, 6, 7, 'night'),
('2019-05-15', 'PHIN', 'MILN', 2, 5, 7, 'night'),
('2019-05-16', 'PHIN', 'MILN', 3, 11, 14, 'day'),
('2019-05-17', 'PHIN', 'COLN', 5, 4, 9, 'night'),
('2019-05-18', 'PHIN', 'COLN', 2, 1, 3, 'day'),
('2019-05-19', 'PHIN', 'COLN', 7, 5, 12, 'day'),
('2019-05-20', 'PHIN', 'CHIN', 5, 4, 9, 'night'),
('2019-05-21', 'PHIN', 'CHIN', 2, 3, 5, 'night'),
('2019-05-22', 'PHIN', 'CHIN', 4, 8, 12, 'night'),
('2019-05-23', 'PHIN', 'CHIN', 9, 7, 16, 'day'),
('2019-05-24', 'PHIN', 'MILN', 6, 4, 10, 'night'),
('2019-05-25', 'PHIN', 'MILN', 7, 2, 9, 'day'),
('2019-05-26', 'PHIN', 'MILN', 1, 9, 10, 'day'),
('2019-05-28', 'PHIN', 'STLN', 4, 3, 7, 'night'),
('2019-05-29', 'PHIN', 'STLN', 11, 4, 15, 'night'),
('2019-05-30', 'PHIN', 'STLN', 3, 5, 8, 'day'),
('2019-05-31', 'PHIN', 'LAN', 3, 6, 9, 'night'),
('2019-06-01', 'PHIN', 'LAN', 3, 4, 7, 'night'),
('2019-06-02', 'PHIN', 'LAN', 0, 8, 8, 'day'),
('2019-06-03', 'PHIN', 'SDN', 2, 8, 10, 'night'),
('2019-06-04', 'PHIN', 'SDN', 9, 6, 15, 'night'),
('2019-06-05', 'PHIN', 'SDN', 7, 5, 12, 'day'),
('2019-06-07', 'PHIN', 'CINN', 4, 2, 6, 'night'),
('2019-06-08', 'PHIN', 'CINN', 4, 1, 5, 'day'),
('2019-06-09', 'PHIN', 'CINN', 3, 4, 7, 'day'),
('2019-06-10', 'PHIN', 'ARIN', 8, 13, 21, 'night'),
('2019-06-11', 'PHIN', 'ARIN', 7, 4, 11, 'night'),
('2019-06-12', 'PHIN', 'ARIN', 0, 2, 2, 'night'),
('2019-06-21', 'PHIN', 'MIAN', 1, 2, 3, 'night'),
('2019-06-22', 'PHIN', 'MIAN', 3, 5, 8, 'day'),
('2019-06-23', 'PHIN', 'MIAN', 4, 6, 10, 'day'),
('2019-06-28', 'PHIN', 'MIAN', 2, 6, 8, 'night'),
('2019-06-29', 'PHIN', 'MIAN', 6, 9, 15, 'day'),
('2019-06-30', 'PHIN', 'MIAN', 13, 6, 19, 'day'),
('2019-07-15', 'PHIN', 'LAN', 2, 16, 18, 'night'),
('2019-07-16', 'PHIN', 'LAN', 9, 8, 17, 'night'),
('2019-07-17', 'PHIN', 'LAN', 2, 7, 9, 'night'),
('2019-07-18', 'PHIN', 'LAN', 7, 6, 13, 'day'),
('2019-07-19', 'PHIN', 'PITN', 6, 1, 7, 'night'),
('2019-07-20', 'PHIN', 'PITN', 1, 5, 6, 'night'),
('2019-07-21', 'PHIN', 'PITN', 2, 1, 3, 'day'),
('2019-07-23', 'PHIN', 'DETA', 3, 2, 5, 'night'),
('2019-07-24', 'PHIN', 'DETA', 4, 0, 4, 'day'),
('2019-07-30', 'PHIN', 'SFN', 4, 2, 6, 'night'),
('2019-07-31', 'PHIN', 'SFN', 1, 5, 6, 'night'),
('2019-08-01', 'PHIN', 'SFN', 10, 2, 12, 'day'),
('2019-08-02', 'PHIN', 'CHIA', 3, 4, 7, 'night'),
('2019-08-03', 'PHIN', 'CHIA', 3, 2, 5, 'night'),
('2019-08-04', 'PHIN', 'CHIA', 5, 10, 15, 'day'),
('2019-08-05', 'PHIN', 'ARIN', 7, 3, 10, 'night'),
('2019-08-06', 'PHIN', 'ARIN', 4, 8, 12, 'night'),
('2019-08-07', 'PHIN', 'ARIN', 1, 6, 7, 'night'),
('2019-08-08', 'PHIN', 'SFN', 0, 5, 5, 'night'),
('2019-08-09', 'PHIN', 'SFN', 9, 6, 15, 'night'),
('2019-08-10', 'PHIN', 'SFN', 1, 3, 4, 'day'),
('2019-08-11', 'PHIN', 'SFN', 6, 9, 15, 'day'),
('2019-08-13', 'PHIN', 'CHIN', 4, 2, 6, 'night'),
('2019-08-14', 'PHIN', 'CHIN', 11, 1, 12, 'night'),
('2019-08-15', 'PHIN', 'CHIN', 7, 5, 12, 'night'),
('2019-08-16', 'PHIN', 'SDN', 8, 4, 12, 'night'),
('2019-08-17', 'PHIN', 'SDN', 3, 5, 8, 'night'),
('2019-08-18', 'PHIN', 'SDN', 2, 3, 5, 'day'),
('2019-08-20', 'PHIN', 'BOSA', 3, 2, 5, 'night'),
('2019-08-21', 'PHIN', 'BOSA', 5, 2, 7, 'night'),
('2019-08-23', 'PHIN', 'MIAN', 11, 19, 30, 'night'),
('2019-08-24', 'PHIN', 'MIAN', 9, 3, 12, 'night'),
('2019-08-25', 'PHIN', 'MIAN', 2, 3, 5, 'day'),
('2019-08-26', 'PHIN', 'PITN', 6, 5, 11, 'night'),
('2019-08-27', 'PHIN', 'PITN', 4, 5, 9, 'night'),
('2019-08-28', 'PHIN', 'PITN', 12, 3, 15, 'night'),
('2019-09-02', 'PHIN', 'CINN', 7, 1, 8, 'day'),
('2019-09-03', 'PHIN', 'CINN', 6, 2, 8, 'night'),
('2019-09-04', 'PHIN', 'CINN', 5, 8, 13, 'night'),
('2019-09-05', 'PHIN', 'CINN', 3, 4, 7, 'day'),
('2019-09-14', 'PHIN', 'BOSA', 1, 2, 3, 'night'),
('2019-09-15', 'PHIN', 'BOSA', 3, 6, 9, 'day'),
('2019-09-20', 'PHIN', 'CLEA', 2, 5, 7, 'night'),
('2019-09-21', 'PHIN', 'CLEA', 9, 4, 13, 'night'),
('2019-09-22', 'PHIN', 'CLEA', 1, 10, 11, 'night'),
('2019-09-27', 'PHIN', 'MIAN', 5, 4, 9, 'night'),
('2019-09-28', 'PHIN', 'MIAN', 9, 3, 12, 'night'),
('2019-09-29', 'PHIN', 'MIAN', 3, 4, 7, 'day'),
('2019-03-28', 'MIAN', 'COLN', 3, 6, 9, 'day'),
('2019-03-29', 'MIAN', 'COLN', 1, 6, 7, 'night'),
('2019-03-30', 'MIAN', 'COLN', 7, 3, 10, 'night'),
('2019-03-31', 'MIAN', 'COLN', 3, 0, 3, 'day'),
('2019-04-09', 'MIAN', 'CINN', 0, 14, 14, 'night'),
('2019-04-10', 'MIAN', 'CINN', 1, 2, 3, 'night'),
('2019-04-11', 'MIAN', 'CINN', 0, 5, 5, 'day'),
('2019-04-15', 'MIAN', 'CHIN', 2, 7, 9, 'night'),
('2019-04-16', 'MIAN', 'CHIN', 0, 4, 4, 'night'),
('2019-04-17', 'MIAN', 'CHIN', 0, 6, 6, 'night'),
('2019-04-23', 'MIAN', 'CLEA', 3, 1, 4, 'night'),
('2019-04-24', 'MIAN', 'CLEA', 2, 6, 8, 'day'),
('2019-04-30', 'MIAN', 'CLEA', 4, 7, 11, 'night'),
('2019-05-01', 'MIAN', 'CLEA', 4, 2, 6, 'night'),
('2019-05-06', 'MIAN', 'CHIN', 6, 5, 11, 'night'),
('2019-05-07', 'MIAN', 'CHIN', 2, 5, 7, 'night'),
('2019-05-08', 'MIAN', 'CHIN', 2, 3, 5, 'night'),
('2019-05-09', 'MIAN', 'CHIN', 1, 4, 5, 'day'),
('2019-05-14', 'MIAN', 'TBA', 0, 4, 4, 'night'),
('2019-05-15', 'MIAN', 'TBA', 0, 1, 1, 'night'),
('2019-05-21', 'MIAN', 'DETA', 5, 4, 9, 'night'),
('2019-05-22', 'MIAN', 'DETA', 6, 3, 9, 'night'),
('2019-05-23', 'MIAN', 'DETA', 5, 2, 7, 'day'),
('2019-05-28', 'MIAN', 'SFN', 11, 3, 14, 'night'),
('2019-05-29', 'MIAN', 'SFN', 4, 2, 6, 'night'),
('2019-05-30', 'MIAN', 'SFN', 1, 3, 4, 'day'),
('2019-05-31', 'MIAN', 'SDN', 2, 5, 7, 'night'),
('2019-06-01', 'MIAN', 'SDN', 9, 3, 12, 'night'),
('2019-06-02', 'MIAN', 'SDN', 9, 3, 12, 'day'),
('2019-06-04', 'MIAN', 'MILN', 16, 0, 16, 'night'),
('2019-06-05', 'MIAN', 'MILN', 8, 3, 11, 'night'),
('2019-06-06', 'MIAN', 'MILN', 1, 5, 6, 'day'),
('2019-06-10', 'MIAN', 'STLN', 1, 4, 5, 'night'),
('2019-06-11', 'MIAN', 'STLN', 1, 7, 8, 'night'),
('2019-06-12', 'MIAN', 'STLN', 9, 0, 9, 'night'),
('2019-06-14', 'MIAN', 'PITN', 0, 11, 11, 'night'),
('2019-06-15', 'MIAN', 'PITN', 4, 3, 7, 'night'),
('2019-06-16', 'MIAN', 'PITN', 4, 5, 9, 'day'),
('2019-06-17', 'MIAN', 'STLN', 0, 5, 5, 'night'),
('2019-06-18', 'MIAN', 'STLN', 6, 0, 6, 'night'),
('2019-06-19', 'MIAN', 'STLN', 1, 2, 3, 'night'),
('2019-06-20', 'MIAN', 'STLN', 7, 6, 13, 'night'),
('2019-07-16', 'MIAN', 'SDN', 12, 7, 19, 'night'),
('2019-07-17', 'MIAN', 'SDN', 2, 3, 5, 'night'),
('2019-07-18', 'MIAN', 'SDN', 4, 3, 7, 'day'),
('2019-07-19', 'MIAN', 'LAN', 1, 2, 3, 'night'),
('2019-07-20', 'MIAN', 'LAN', 6, 10, 16, 'night'),
('2019-07-21', 'MIAN', 'LAN', 0, 9, 9, 'day'),
('2019-07-22', 'MIAN', 'CHIA', 1, 9, 10, 'night'),
('2019-07-23', 'MIAN', 'CHIA', 5, 1, 6, 'night'),
('2019-07-24', 'MIAN', 'CHIA', 2, 0, 2, 'night'),
('2019-07-26', 'MIAN', 'ARIN', 3, 2, 5, 'night'),
('2019-07-27', 'MIAN', 'ARIN', 2, 9, 11, 'night'),
('2019-07-28', 'MIAN', 'ARIN', 5, 1, 6, 'day'),
('2019-07-29', 'MIAN', 'ARIN', 11, 6, 17, 'night'),
('2019-07-30', 'MIAN', 'MINA', 1, 2, 3, 'night'),
('2019-07-31', 'MIAN', 'MINA', 4, 7, 11, 'night'),
('2019-08-01', 'MIAN', 'MINA', 5, 4, 9, 'day'),
('2019-08-03', 'MIAN', 'TBA', 6, 8, 14, 'night'),
('2019-08-04', 'MIAN', 'TBA', 2, 7, 9, 'day'),
('2019-08-13', 'MIAN', 'LAN', 1, 15, 16, 'night'),
('2019-08-14', 'MIAN', 'LAN', 1, 9, 10, 'night'),
('2019-08-15', 'MIAN', 'LAN', 13, 7, 20, 'day'),
('2019-08-16', 'MIAN', 'COLN', 0, 3, 3, 'night'),
('2019-08-17', 'MIAN', 'COLN', 4, 11, 15, 'night'),
('2019-08-18', 'MIAN', 'COLN', 6, 7, 13, 'day'),
('2019-08-26', 'MIAN', 'CINN', 3, 6, 9, 'night'),
('2019-08-27', 'MIAN', 'CINN', 5, 8, 13, 'night'),
('2019-08-28', 'MIAN', 'CINN', 0, 5, 5, 'night'),
('2019-08-29', 'MIAN', 'CINN', 4, 3, 7, 'night'),
('2019-09-03', 'MIAN', 'PITN', 5, 4, 9, 'night'),
('2019-09-04', 'MIAN', 'PITN', 5, 6, 11, 'night'),
('2019-09-05', 'MIAN', 'PITN', 10, 7, 17, 'night'),
('2019-09-06', 'MIAN', 'KCA', 0, 3, 3, 'night'),
('2019-09-07', 'MIAN', 'KCA', 2, 7, 9, 'night'),
('2019-09-08', 'MIAN', 'KCA', 9, 0, 9, 'day'),
('2019-09-09', 'MIAN', 'MILN', 3, 8, 11, 'night'),
('2019-09-10', 'MIAN', 'MILN', 3, 4, 7, 'night'),
('2019-09-11', 'MIAN', 'MILN', 5, 7, 12, 'night'),
('2019-09-12', 'MIAN', 'MILN', 2, 3, 5, 'day'),
('2019-09-13', 'MIAN', 'SFN', 0, 1, 1, 'night'),
('2019-09-14', 'MIAN', 'SFN', 4, 2, 6, 'night'),
('2019-09-15', 'MIAN', 'SFN', 1, 2, 3, 'day'),
('2019-09-16', 'MIAN', 'ARIN', 5, 7, 12, 'night'),
('2019-09-17', 'MIAN', 'ARIN', 12, 6, 18, 'night'),
('2019-09-18', 'MIAN', 'ARIN', 4, 5, 9, 'day'),
('2019-03-28', 'STLN', 'MILN', 4, 5, 9, 'day'),
('2019-03-29', 'STLN', 'MILN', 9, 5, 14, 'night'),
('2019-03-30', 'STLN', 'MILN', 2, 4, 6, 'night'),
('2019-03-31', 'STLN', 'MILN', 4, 5, 9, 'day'),
('2019-04-01', 'STLN', 'PITN', 6, 5, 11, 'day'),
('2019-04-03', 'STLN', 'PITN', 5, 4, 9, 'night'),
('2019-04-05', 'STLN', 'SDN', 3, 5, 8, 'day'),
('2019-04-06', 'STLN', 'SDN', 4, 6, 10, 'day'),
('2019-04-07', 'STLN', 'SDN', 4, 1, 5, 'day'),
('2019-04-08', 'STLN', 'LAN', 4, 3, 7, 'night'),
('2019-04-09', 'STLN', 'LAN', 4, 0, 4, 'night'),
('2019-04-10', 'STLN', 'LAN', 7, 2, 9, 'night'),
('2019-04-11', 'STLN', 'LAN', 11, 7, 18, 'day'),
('2019-04-13', 'STLN', 'CINN', 2, 5, 7, 'night'),
('2019-04-14', 'STLN', 'CINN', 9, 5, 14, 'day'),
('2019-04-15', 'STLN', 'MILN', 7, 10, 17, 'night'),
('2019-04-16', 'STLN', 'MILN', 4, 8, 12, 'night'),
('2019-04-17', 'STLN', 'MILN', 6, 3, 9, 'day'),
('2019-04-22', 'STLN', 'MILN', 13, 5, 18, 'night'),
('2019-04-23', 'STLN', 'MILN', 4, 3, 7, 'night'),
('2019-04-24', 'STLN', 'MILN', 5, 2, 7, 'day'),
('2019-04-26', 'STLN', 'CINN', 1, 12, 13, 'night'),
('2019-04-27', 'STLN', 'CINN', 6, 3, 9, 'day'),
('2019-04-28', 'STLN', 'CINN', 5, 2, 7, 'day'),
('2019-05-03', 'STLN', 'CHIN', 0, 4, 4, 'day'),
('2019-05-04', 'STLN', 'CHIN', 5, 6, 11, 'day'),
('2019-05-05', 'STLN', 'CHIN', 5, 13, 18, 'night'),
('2019-05-09', 'STLN', 'PITN', 17, 4, 21, 'night'),
('2019-05-10', 'STLN', 'PITN', 1, 2, 3, 'night'),
('2019-05-11', 'STLN', 'PITN', 1, 2, 3, 'day'),
('2019-05-12', 'STLN', 'PITN', 6, 10, 16, 'day'),
('2019-05-17', 'STLN', 'TEXA', 3, 7, 10, 'night'),
('2019-05-18', 'STLN', 'TEXA', 8, 2, 10, 'night'),
('2019-05-19', 'STLN', 'TEXA', 4, 5, 9, 'day'),
('2019-05-22', 'STLN', 'KCA', 2, 8, 10, 'day'),
('2019-05-22', 'STLN', 'KCA', 10, 3, 13, 'night'),
('2019-05-31', 'STLN', 'CHIN', 2, 1, 3, 'night'),
('2019-06-01', 'STLN', 'CHIN', 7, 4, 11, 'night'),
('2019-06-02', 'STLN', 'CHIN', 2, 1, 3, 'day'),
('2019-06-04', 'STLN', 'CINN', 1, 4, 5, 'night'),
('2019-06-06', 'STLN', 'CINN', 3, 1, 4, 'day'),
('2019-06-07', 'STLN', 'CHIN', 1, 3, 4, 'day'),
('2019-06-08', 'STLN', 'CHIN', 4, 9, 13, 'night'),
('2019-06-09', 'STLN', 'CHIN', 1, 5, 6, 'night'),
('2019-06-21', 'STLN', 'ANAA', 5, 1, 6, 'night'),
('2019-06-22', 'STLN', 'ANAA', 4, 2, 6, 'day'),
('2019-06-23', 'STLN', 'ANAA', 4, 6, 10, 'night'),
('2019-06-25', 'STLN', 'OAKA', 3, 7, 10, 'night'),
('2019-06-26', 'STLN', 'OAKA', 0, 2, 2, 'night'),
('2019-06-28', 'STLN', 'SDN', 1, 3, 4, 'night'),
('2019-06-29', 'STLN', 'SDN', 2, 12, 14, 'night'),
('2019-06-30', 'STLN', 'SDN', 5, 3, 8, 'day'),
('2019-07-02', 'STLN', 'SEAA', 4, 5, 9, 'night'),
('2019-07-03', 'STLN', 'SEAA', 5, 2, 7, 'night'),
('2019-07-04', 'STLN', 'SEAA', 5, 4, 9, 'day'),
('2019-07-05', 'STLN', 'SFN', 9, 4, 13, 'night'),
('2019-07-06', 'STLN', 'SFN', 4, 8, 12, 'night'),
('2019-07-07', 'STLN', 'SFN', 0, 1, 1, 'day'),
('2019-07-12', 'STLN', 'ARIN', 2, 4, 6, 'night'),
('2019-07-13', 'STLN', 'ARIN', 4, 2, 6, 'night'),
('2019-07-14', 'STLN', 'ARIN', 5, 2, 7, 'day'),
('2019-07-15', 'STLN', 'PITN', 7, 0, 7, 'night'),
('2019-07-16', 'STLN', 'PITN', 1, 3, 4, 'night'),
('2019-07-17', 'STLN', 'PITN', 6, 5, 11, 'day'),
('2019-07-18', 'STLN', 'CINN', 7, 4, 11, 'night'),
('2019-07-19', 'STLN', 'CINN', 12, 11, 23, 'night'),
('2019-07-20', 'STLN', 'CINN', 2, 3, 5, 'night'),
('2019-07-21', 'STLN', 'CINN', 3, 1, 4, 'day'),
('2019-07-22', 'STLN', 'PITN', 6, 5, 11, 'night'),
('2019-07-23', 'STLN', 'PITN', 4, 3, 7, 'night'),
('2019-07-24', 'STLN', 'PITN', 14, 8, 22, 'night'),
('2019-07-25', 'STLN', 'PITN', 6, 3, 9, 'day'),
('2019-07-26', 'STLN', 'HOUA', 5, 3, 8, 'night'),
('2019-07-27', 'STLN', 'HOUA', 2, 8, 10, 'night'),
('2019-07-28', 'STLN', 'HOUA', 2, 6, 8, 'day'),
('2019-07-30', 'STLN', 'CHIN', 2, 1, 3, 'night'),
('2019-07-31', 'STLN', 'CHIN', 0, 2, 2, 'night'),
('2019-08-01', 'STLN', 'CHIN', 8, 0, 8, 'night'),
('2019-08-03', 'STLN', 'OAKA', 3, 8, 11, 'night'),
('2019-08-04', 'STLN', 'OAKA', 2, 4, 6, 'day'),
('2019-08-05', 'STLN', 'LAN', 0, 8, 8, 'night'),
('2019-08-06', 'STLN', 'LAN', 1, 3, 4, 'night'),
('2019-08-07', 'STLN', 'LAN', 1, 2, 3, 'day'),
('2019-08-09', 'STLN', 'PITN', 6, 2, 8, 'night'),
('2019-08-10', 'STLN', 'PITN', 3, 1, 4, 'night'),
('2019-08-11', 'STLN', 'PITN', 11, 9, 20, 'day'),
('2019-08-13', 'STLN', 'KCA', 2, 0, 2, 'night'),
('2019-08-14', 'STLN', 'KCA', 6, 0, 6, 'night'),
('2019-08-15', 'STLN', 'CINN', 1, 2, 3, 'night'),
('2019-08-16', 'STLN', 'CINN', 13, 4, 17, 'night'),
('2019-08-17', 'STLN', 'CINN', 1, 6, 7, 'night'),
('2019-08-18', 'STLN', 'CINN', 5, 4, 9, 'day'),
('2019-08-19', 'STLN', 'MILN', 3, 0, 3, 'night'),
('2019-08-20', 'STLN', 'MILN', 9, 4, 13, 'night'),
('2019-08-21', 'STLN', 'MILN', 3, 5, 8, 'night'),
('2019-08-22', 'STLN', 'COLN', 6, 5, 11, 'night'),
('2019-08-23', 'STLN', 'COLN', 8, 3, 11, 'night'),
('2019-08-24', 'STLN', 'COLN', 6, 0, 6, 'night'),
('2019-08-25', 'STLN', 'COLN', 11, 4, 15, 'day'),
('2019-08-26', 'STLN', 'MILN', 12, 2, 14, 'night'),
('2019-08-27', 'STLN', 'MILN', 6, 3, 9, 'night'),
('2019-08-28', 'STLN', 'MILN', 1, 4, 5, 'day'),
('2019-08-31', 'STLN', 'CINN', 10, 6, 16, 'day'),
('2019-08-31', 'STLN', 'CINN', 3, 2, 5, 'night'),
('2019-09-01', 'STLN', 'CINN', 4, 3, 7, 'day'),
('2019-09-01', 'STLN', 'CINN', 3, 5, 8, 'night'),
('2019-09-02', 'STLN', 'SFN', 3, 1, 4, 'day');
INSERT INTO `mlb` (`date`, `team1`, `team2`, `score1`, `score2`, `score_total`, `day_night`) VALUES
('2019-09-03', 'STLN', 'SFN', 1, 0, 1, 'night'),
('2019-09-04', 'STLN', 'SFN', 8, 9, 17, 'night'),
('2019-09-05', 'STLN', 'SFN', 10, 0, 10, 'day'),
('2019-09-06', 'STLN', 'PITN', 4, 9, 13, 'night'),
('2019-09-07', 'STLN', 'PITN', 10, 1, 11, 'night'),
('2019-09-08', 'STLN', 'PITN', 2, 0, 2, 'day'),
('2019-09-10', 'STLN', 'COLN', 1, 2, 3, 'night'),
('2019-09-11', 'STLN', 'COLN', 1, 2, 3, 'night'),
('2019-09-12', 'STLN', 'COLN', 10, 3, 13, 'day'),
('2019-09-13', 'STLN', 'MILN', 10, 0, 10, 'night'),
('2019-09-14', 'STLN', 'MILN', 2, 5, 7, 'night'),
('2019-09-15', 'STLN', 'MILN', 6, 7, 13, 'day'),
('2019-09-19', 'STLN', 'CHIN', 5, 4, 9, 'night'),
('2019-09-20', 'STLN', 'CHIN', 2, 1, 3, 'day'),
('2019-09-21', 'STLN', 'CHIN', 9, 8, 17, 'day'),
('2019-09-22', 'STLN', 'CHIN', 3, 2, 5, 'day'),
('2019-09-23', 'STLN', 'ARIN', 9, 7, 16, 'night'),
('2019-09-24', 'STLN', 'ARIN', 2, 3, 5, 'night'),
('2019-09-25', 'STLN', 'ARIN', 7, 9, 16, 'day'),
('2019-09-27', 'STLN', 'CHIN', 2, 8, 10, 'night'),
('2019-09-28', 'STLN', 'CHIN', 6, 8, 14, 'night'),
('2019-09-29', 'STLN', 'CHIN', 9, 0, 9, 'day'),
('2019-04-01', 'MILN', 'CINN', 4, 3, 7, 'night'),
('2019-04-02', 'MILN', 'CINN', 4, 3, 7, 'night'),
('2019-04-03', 'MILN', 'CINN', 1, 0, 1, 'day'),
('2019-04-05', 'MILN', 'CHIN', 13, 10, 23, 'night'),
('2019-04-06', 'MILN', 'CHIN', 8, 14, 22, 'night'),
('2019-04-07', 'MILN', 'CHIN', 4, 2, 6, 'day'),
('2019-04-08', 'MILN', 'ANAA', 2, 5, 7, 'night'),
('2019-04-09', 'MILN', 'ANAA', 8, 11, 19, 'night'),
('2019-04-10', 'MILN', 'ANAA', 2, 4, 6, 'night'),
('2019-04-12', 'MILN', 'LAN', 8, 5, 13, 'night'),
('2019-04-13', 'MILN', 'LAN', 4, 1, 5, 'night'),
('2019-04-14', 'MILN', 'LAN', 1, 7, 8, 'day'),
('2019-04-18', 'MILN', 'LAN', 1, 3, 4, 'night'),
('2019-04-19', 'MILN', 'LAN', 3, 5, 8, 'night'),
('2019-04-20', 'MILN', 'LAN', 5, 0, 5, 'night'),
('2019-04-21', 'MILN', 'LAN', 5, 6, 11, 'day'),
('2019-04-29', 'MILN', 'COLN', 5, 1, 6, 'night'),
('2019-04-30', 'MILN', 'COLN', 4, 3, 7, 'night'),
('2019-05-01', 'MILN', 'COLN', 4, 11, 15, 'night'),
('2019-05-02', 'MILN', 'COLN', 6, 11, 17, 'day'),
('2019-05-10', 'MILN', 'CHIN', 7, 0, 7, 'day'),
('2019-05-11', 'MILN', 'CHIN', 1, 2, 3, 'day'),
('2019-05-12', 'MILN', 'CHIN', 1, 4, 5, 'night'),
('2019-05-21', 'MILN', 'CINN', 0, 3, 3, 'night'),
('2019-05-22', 'MILN', 'CINN', 11, 9, 20, 'day'),
('2019-05-27', 'MILN', 'MINA', 5, 4, 9, 'night'),
('2019-05-28', 'MILN', 'MINA', 3, 5, 8, 'night'),
('2019-05-30', 'MILN', 'PITN', 11, 5, 16, 'night'),
('2019-05-31', 'MILN', 'PITN', 4, 9, 13, 'night'),
('2019-06-01', 'MILN', 'PITN', 12, 10, 22, 'day'),
('2019-06-02', 'MILN', 'PITN', 4, 2, 6, 'day'),
('2019-06-07', 'MILN', 'PITN', 10, 4, 14, 'night'),
('2019-06-08', 'MILN', 'PITN', 5, 3, 8, 'day'),
('2019-06-09', 'MILN', 'PITN', 5, 2, 7, 'day'),
('2019-06-11', 'MILN', 'HOUA', 8, 10, 18, 'night'),
('2019-06-12', 'MILN', 'HOUA', 6, 3, 9, 'night'),
('2019-06-14', 'MILN', 'SFN', 3, 5, 8, 'night'),
('2019-06-15', 'MILN', 'SFN', 7, 8, 15, 'day'),
('2019-06-16', 'MILN', 'SFN', 5, 3, 8, 'day'),
('2019-06-17', 'MILN', 'SDN', 0, 2, 2, 'night'),
('2019-06-18', 'MILN', 'SDN', 1, 4, 5, 'night'),
('2019-06-19', 'MILN', 'SDN', 7, 8, 15, 'day'),
('2019-06-20', 'MILN', 'CINN', 1, 7, 8, 'night'),
('2019-06-21', 'MILN', 'CINN', 7, 11, 18, 'night'),
('2019-06-22', 'MILN', 'CINN', 6, 5, 11, 'day'),
('2019-06-23', 'MILN', 'CINN', 7, 5, 12, 'day'),
('2019-06-25', 'MILN', 'SEAA', 3, 8, 11, 'night'),
('2019-06-26', 'MILN', 'SEAA', 2, 4, 6, 'night'),
('2019-06-27', 'MILN', 'SEAA', 4, 2, 6, 'day'),
('2019-06-28', 'MILN', 'PITN', 2, 3, 5, 'night'),
('2019-06-29', 'MILN', 'PITN', 3, 1, 4, 'night'),
('2019-06-30', 'MILN', 'PITN', 2, 1, 3, 'day'),
('2019-07-01', 'MILN', 'CINN', 8, 6, 14, 'night'),
('2019-07-02', 'MILN', 'CINN', 4, 5, 9, 'night'),
('2019-07-03', 'MILN', 'CINN', 0, 3, 3, 'night'),
('2019-07-04', 'MILN', 'CINN', 0, 1, 1, 'day'),
('2019-07-05', 'MILN', 'PITN', 7, 6, 13, 'night'),
('2019-07-06', 'MILN', 'PITN', 2, 12, 14, 'night'),
('2019-07-07', 'MILN', 'PITN', 5, 6, 11, 'day'),
('2019-07-12', 'MILN', 'SFN', 7, 10, 17, 'night'),
('2019-07-13', 'MILN', 'SFN', 5, 4, 9, 'night'),
('2019-07-14', 'MILN', 'SFN', 3, 8, 11, 'day'),
('2019-07-18', 'MILN', 'ARIN', 5, 1, 6, 'night'),
('2019-07-19', 'MILN', 'ARIN', 7, 10, 17, 'night'),
('2019-07-20', 'MILN', 'ARIN', 8, 3, 11, 'night'),
('2019-07-21', 'MILN', 'ARIN', 7, 4, 11, 'day'),
('2019-07-22', 'MILN', 'CINN', 5, 6, 11, 'night'),
('2019-07-23', 'MILN', 'CINN', 6, 14, 20, 'night'),
('2019-07-24', 'MILN', 'CINN', 5, 4, 9, 'day'),
('2019-07-26', 'MILN', 'CHIN', 3, 2, 5, 'night'),
('2019-07-27', 'MILN', 'CHIN', 5, 3, 8, 'night'),
('2019-07-28', 'MILN', 'CHIN', 4, 11, 15, 'day'),
('2019-07-30', 'MILN', 'OAKA', 2, 3, 5, 'night'),
('2019-07-31', 'MILN', 'OAKA', 4, 2, 6, 'night'),
('2019-08-01', 'MILN', 'OAKA', 3, 5, 8, 'day'),
('2019-08-02', 'MILN', 'CHIN', 2, 6, 8, 'day'),
('2019-08-03', 'MILN', 'CHIN', 1, 4, 5, 'day'),
('2019-08-04', 'MILN', 'CHIN', 2, 7, 9, 'day'),
('2019-08-05', 'MILN', 'PITN', 9, 7, 16, 'night'),
('2019-08-06', 'MILN', 'PITN', 4, 3, 7, 'night'),
('2019-08-07', 'MILN', 'PITN', 8, 3, 11, 'night'),
('2019-08-09', 'MILN', 'TEXA', 6, 5, 11, 'night'),
('2019-08-10', 'MILN', 'TEXA', 3, 2, 5, 'night'),
('2019-08-11', 'MILN', 'TEXA', 0, 1, 1, 'day'),
('2019-08-13', 'MILN', 'MINA', 5, 7, 12, 'night'),
('2019-08-14', 'MILN', 'MINA', 6, 5, 11, 'day'),
('2019-08-23', 'MILN', 'ARIN', 6, 1, 7, 'night'),
('2019-08-24', 'MILN', 'ARIN', 4, 0, 4, 'night'),
('2019-08-25', 'MILN', 'ARIN', 2, 5, 7, 'day'),
('2019-08-30', 'MILN', 'CHIN', 1, 7, 8, 'day'),
('2019-08-31', 'MILN', 'CHIN', 2, 0, 2, 'day'),
('2019-09-01', 'MILN', 'CHIN', 4, 0, 4, 'day'),
('2019-09-02', 'MILN', 'HOUA', 2, 3, 5, 'day'),
('2019-09-03', 'MILN', 'HOUA', 4, 2, 6, 'night'),
('2019-09-05', 'MILN', 'CHIN', 5, 10, 15, 'night'),
('2019-09-06', 'MILN', 'CHIN', 7, 1, 8, 'night'),
('2019-09-07', 'MILN', 'CHIN', 3, 2, 5, 'night'),
('2019-09-08', 'MILN', 'CHIN', 8, 5, 13, 'day'),
('2019-09-16', 'MILN', 'SDN', 5, 1, 6, 'night'),
('2019-09-17', 'MILN', 'SDN', 3, 1, 4, 'night'),
('2019-09-18', 'MILN', 'SDN', 1, 2, 3, 'night'),
('2019-09-19', 'MILN', 'SDN', 5, 1, 6, 'day'),
('2019-09-20', 'MILN', 'PITN', 10, 1, 11, 'night'),
('2019-09-21', 'MILN', 'PITN', 10, 1, 11, 'night'),
('2019-09-22', 'MILN', 'PITN', 4, 3, 7, 'day'),
('2019-09-24', 'MILN', 'CINN', 4, 2, 6, 'night'),
('2019-09-25', 'MILN', 'CINN', 9, 2, 11, 'night'),
('2019-09-26', 'MILN', 'CINN', 5, 3, 8, 'day'),
('2019-09-27', 'MILN', 'COLN', 7, 11, 18, 'night'),
('2019-09-28', 'MILN', 'COLN', 2, 3, 5, 'night'),
('2019-09-29', 'MILN', 'COLN', 3, 4, 7, 'day'),
('2019-03-28', 'CHIN', 'TEXA', 12, 4, 16, 'day'),
('2019-03-30', 'CHIN', 'TEXA', 6, 8, 14, 'night'),
('2019-03-31', 'CHIN', 'TEXA', 10, 11, 21, 'day'),
('2019-04-08', 'CHIN', 'PITN', 10, 0, 10, 'day'),
('2019-04-10', 'CHIN', 'PITN', 2, 5, 7, 'night'),
('2019-04-11', 'CHIN', 'PITN', 2, 0, 2, 'night'),
('2019-04-12', 'CHIN', 'ANAA', 5, 1, 6, 'day'),
('2019-04-13', 'CHIN', 'ANAA', 5, 6, 11, 'day'),
('2019-04-19', 'CHIN', 'ARIN', 5, 1, 6, 'day'),
('2019-04-20', 'CHIN', 'ARIN', 0, 6, 6, 'day'),
('2019-04-21', 'CHIN', 'ARIN', 2, 1, 3, 'day'),
('2019-04-23', 'CHIN', 'LAN', 7, 2, 9, 'night'),
('2019-04-24', 'CHIN', 'LAN', 7, 6, 13, 'night'),
('2019-04-25', 'CHIN', 'LAN', 1, 2, 3, 'day'),
('2019-04-26', 'CHIN', 'ARIN', 3, 8, 11, 'night'),
('2019-04-27', 'CHIN', 'ARIN', 9, 1, 10, 'night'),
('2019-04-28', 'CHIN', 'ARIN', 6, 5, 11, 'day'),
('2019-04-30', 'CHIN', 'SEAA', 6, 5, 11, 'night'),
('2019-05-01', 'CHIN', 'SEAA', 11, 0, 11, 'day'),
('2019-05-14', 'CHIN', 'CINN', 3, 1, 4, 'night'),
('2019-05-15', 'CHIN', 'CINN', 5, 6, 11, 'night'),
('2019-05-16', 'CHIN', 'CINN', 2, 4, 6, 'night'),
('2019-05-24', 'CHIN', 'CINN', 5, 6, 11, 'day'),
('2019-05-25', 'CHIN', 'CINN', 8, 6, 14, 'day'),
('2019-05-26', 'CHIN', 'CINN', 2, 10, 12, 'day'),
('2019-05-27', 'CHIN', 'HOUA', 5, 6, 11, 'day'),
('2019-05-28', 'CHIN', 'HOUA', 6, 9, 15, 'night'),
('2019-05-29', 'CHIN', 'HOUA', 2, 1, 3, 'night'),
('2019-06-03', 'CHIN', 'ANAA', 8, 1, 9, 'day'),
('2019-06-04', 'CHIN', 'COLN', 6, 3, 9, 'night'),
('2019-06-05', 'CHIN', 'COLN', 9, 8, 17, 'night'),
('2019-06-06', 'CHIN', 'COLN', 1, 3, 4, 'day'),
('2019-06-10', 'CHIN', 'COLN', 5, 6, 11, 'night'),
('2019-06-11', 'CHIN', 'COLN', 3, 10, 13, 'night'),
('2019-06-12', 'CHIN', 'COLN', 10, 1, 11, 'day'),
('2019-06-13', 'CHIN', 'LAN', 3, 7, 10, 'night'),
('2019-06-14', 'CHIN', 'LAN', 3, 5, 8, 'night'),
('2019-06-15', 'CHIN', 'LAN', 2, 1, 3, 'night'),
('2019-06-16', 'CHIN', 'LAN', 2, 3, 5, 'day'),
('2019-06-18', 'CHIN', 'CHIA', 1, 3, 4, 'night'),
('2019-06-19', 'CHIN', 'CHIA', 7, 3, 10, 'night'),
('2019-06-28', 'CHIN', 'CINN', 3, 6, 9, 'night'),
('2019-06-29', 'CHIN', 'CINN', 6, 0, 6, 'day'),
('2019-06-30', 'CHIN', 'CINN', 6, 8, 14, 'day'),
('2019-07-01', 'CHIN', 'PITN', 5, 18, 23, 'night'),
('2019-07-02', 'CHIN', 'PITN', 1, 5, 6, 'night'),
('2019-07-03', 'CHIN', 'PITN', 5, 6, 11, 'night'),
('2019-07-04', 'CHIN', 'PITN', 11, 3, 14, 'day'),
('2019-07-06', 'CHIN', 'CHIA', 6, 3, 9, 'night'),
('2019-07-07', 'CHIN', 'CHIA', 1, 3, 4, 'day'),
('2019-07-12', 'CHIN', 'PITN', 4, 3, 7, 'day'),
('2019-07-13', 'CHIN', 'PITN', 10, 4, 14, 'day'),
('2019-07-14', 'CHIN', 'PITN', 8, 3, 11, 'day'),
('2019-07-15', 'CHIN', 'CINN', 3, 6, 9, 'night'),
('2019-07-16', 'CHIN', 'CINN', 4, 3, 7, 'night'),
('2019-07-17', 'CHIN', 'CINN', 5, 2, 7, 'day'),
('2019-07-19', 'CHIN', 'SDN', 6, 5, 11, 'day'),
('2019-07-20', 'CHIN', 'SDN', 6, 5, 11, 'day'),
('2019-07-21', 'CHIN', 'SDN', 1, 5, 6, 'day'),
('2019-07-22', 'CHIN', 'SFN', 4, 5, 9, 'night'),
('2019-07-23', 'CHIN', 'SFN', 4, 5, 9, 'night'),
('2019-07-24', 'CHIN', 'SFN', 4, 1, 5, 'day'),
('2019-08-05', 'CHIN', 'OAKA', 6, 5, 11, 'night'),
('2019-08-06', 'CHIN', 'OAKA', 4, 11, 15, 'night'),
('2019-08-07', 'CHIN', 'OAKA', 10, 1, 11, 'day'),
('2019-08-08', 'CHIN', 'CINN', 12, 5, 17, 'night'),
('2019-08-09', 'CHIN', 'CINN', 2, 5, 7, 'night'),
('2019-08-10', 'CHIN', 'CINN', 1, 10, 11, 'night'),
('2019-08-11', 'CHIN', 'CINN', 6, 3, 9, 'day'),
('2019-08-16', 'CHIN', 'PITN', 2, 3, 5, 'night'),
('2019-08-17', 'CHIN', 'PITN', 2, 0, 2, 'day'),
('2019-08-18', 'CHIN', 'PITN', 7, 1, 8, 'night'),
('2019-08-20', 'CHIN', 'SFN', 5, 3, 8, 'night'),
('2019-08-21', 'CHIN', 'SFN', 12, 11, 23, 'night'),
('2019-08-22', 'CHIN', 'SFN', 1, 0, 1, 'day'),
('2019-09-02', 'CHIN', 'SEAA', 5, 1, 6, 'day'),
('2019-09-03', 'CHIN', 'SEAA', 6, 1, 7, 'night'),
('2019-09-09', 'CHIN', 'SDN', 10, 2, 12, 'night'),
('2019-09-10', 'CHIN', 'SDN', 8, 9, 17, 'night'),
('2019-09-11', 'CHIN', 'SDN', 0, 4, 4, 'night'),
('2019-09-12', 'CHIN', 'SDN', 4, 1, 5, 'day'),
('2019-09-13', 'CHIN', 'PITN', 17, 8, 25, 'day'),
('2019-09-14', 'CHIN', 'PITN', 14, 1, 15, 'day'),
('2019-09-15', 'CHIN', 'PITN', 16, 6, 22, 'day'),
('2019-09-16', 'CHIN', 'CINN', 8, 2, 10, 'night'),
('2019-09-17', 'CHIN', 'CINN', 2, 4, 6, 'night'),
('2019-09-18', 'CHIN', 'CINN', 2, 3, 5, 'night'),
('2019-09-24', 'CHIN', 'PITN', 2, 9, 11, 'night'),
('2019-09-25', 'CHIN', 'PITN', 2, 4, 6, 'night'),
('2019-09-26', 'CHIN', 'PITN', 5, 9, 14, 'night'),
('2019-03-28', 'CINN', 'PITN', 5, 3, 8, 'day'),
('2019-03-31', 'CINN', 'PITN', 0, 5, 5, 'day'),
('2019-04-04', 'CINN', 'PITN', 0, 2, 2, 'night'),
('2019-04-05', 'CINN', 'PITN', 0, 2, 2, 'night'),
('2019-04-06', 'CINN', 'PITN', 5, 6, 11, 'day'),
('2019-04-07', 'CINN', 'PITN', 5, 7, 12, 'day'),
('2019-04-15', 'CINN', 'LAN', 3, 4, 7, 'night'),
('2019-04-16', 'CINN', 'LAN', 1, 6, 7, 'night'),
('2019-04-17', 'CINN', 'LAN', 2, 3, 5, 'day'),
('2019-04-18', 'CINN', 'SDN', 4, 1, 5, 'night'),
('2019-04-19', 'CINN', 'SDN', 3, 2, 5, 'night'),
('2019-04-20', 'CINN', 'SDN', 4, 2, 6, 'night'),
('2019-04-21', 'CINN', 'SDN', 3, 4, 7, 'day'),
('2019-05-03', 'CINN', 'SFN', 11, 12, 23, 'night'),
('2019-05-04', 'CINN', 'SFN', 9, 2, 11, 'night'),
('2019-05-05', 'CINN', 'SFN', 5, 6, 11, 'day'),
('2019-05-06', 'CINN', 'SFN', 12, 4, 16, 'day'),
('2019-05-07', 'CINN', 'OAKA', 0, 2, 2, 'night'),
('2019-05-08', 'CINN', 'OAKA', 4, 5, 9, 'night'),
('2019-05-09', 'CINN', 'OAKA', 3, 0, 3, 'day'),
('2019-05-10', 'CINN', 'SFN', 7, 0, 7, 'night'),
('2019-05-11', 'CINN', 'SFN', 5, 4, 9, 'night'),
('2019-05-12', 'CINN', 'SFN', 5, 6, 11, 'day'),
('2019-05-17', 'CINN', 'LAN', 0, 6, 6, 'night'),
('2019-05-18', 'CINN', 'LAN', 4, 0, 4, 'day'),
('2019-05-19', 'CINN', 'LAN', 3, 8, 11, 'day'),
('2019-05-27', 'CINN', 'PITN', 5, 8, 13, 'day'),
('2019-05-27', 'CINN', 'PITN', 8, 1, 9, 'night'),
('2019-05-28', 'CINN', 'PITN', 11, 6, 17, 'night'),
('2019-05-29', 'CINN', 'PITN', 2, 7, 9, 'day'),
('2019-06-11', 'CINN', 'CLEA', 1, 2, 3, 'night'),
('2019-06-12', 'CINN', 'CLEA', 7, 2, 9, 'day'),
('2019-06-14', 'CINN', 'TEXA', 1, 7, 8, 'night'),
('2019-06-15', 'CINN', 'TEXA', 3, 4, 7, 'night'),
('2019-06-16', 'CINN', 'TEXA', 11, 3, 14, 'day'),
('2019-06-17', 'CINN', 'HOUA', 3, 2, 5, 'night'),
('2019-06-18', 'CINN', 'HOUA', 4, 3, 7, 'night'),
('2019-06-19', 'CINN', 'HOUA', 3, 2, 5, 'day'),
('2019-06-25', 'CINN', 'ANAA', 1, 5, 6, 'night'),
('2019-06-26', 'CINN', 'ANAA', 1, 5, 6, 'night'),
('2019-07-06', 'CINN', 'CLEA', 2, 7, 9, 'day'),
('2019-07-07', 'CINN', 'CLEA', 1, 11, 12, 'day'),
('2019-07-12', 'CINN', 'COLN', 2, 3, 5, 'night'),
('2019-07-13', 'CINN', 'COLN', 17, 9, 26, 'night'),
('2019-07-14', 'CINN', 'COLN', 9, 10, 19, 'day'),
('2019-07-26', 'CINN', 'COLN', 2, 12, 14, 'night'),
('2019-07-27', 'CINN', 'COLN', 3, 1, 4, 'night'),
('2019-07-28', 'CINN', 'COLN', 3, 2, 5, 'day'),
('2019-07-29', 'CINN', 'PITN', 11, 6, 17, 'night'),
('2019-07-30', 'CINN', 'PITN', 4, 11, 15, 'night'),
('2019-07-31', 'CINN', 'PITN', 4, 1, 5, 'day'),
('2019-08-05', 'CINN', 'ANAA', 7, 4, 11, 'night'),
('2019-08-06', 'CINN', 'ANAA', 8, 4, 12, 'night'),
('2019-08-19', 'CINN', 'SDN', 2, 3, 5, 'night'),
('2019-08-20', 'CINN', 'SDN', 3, 2, 5, 'night'),
('2019-08-21', 'CINN', 'SDN', 4, 2, 6, 'day'),
('2019-08-23', 'CINN', 'PITN', 2, 3, 5, 'night'),
('2019-08-24', 'CINN', 'PITN', 0, 14, 14, 'night'),
('2019-08-25', 'CINN', 'PITN', 8, 9, 17, 'day'),
('2019-09-06', 'CINN', 'ARIN', 5, 7, 12, 'night'),
('2019-09-07', 'CINN', 'ARIN', 0, 2, 2, 'day'),
('2019-09-08', 'CINN', 'ARIN', 4, 3, 7, 'day'),
('2019-09-10', 'CINN', 'SEAA', 3, 4, 7, 'night'),
('2019-09-11', 'CINN', 'SEAA', 3, 5, 8, 'night'),
('2019-09-12', 'CINN', 'SEAA', 11, 5, 16, 'night'),
('2019-09-13', 'CINN', 'ARIN', 4, 3, 7, 'night'),
('2019-09-14', 'CINN', 'ARIN', 0, 1, 1, 'night'),
('2019-09-15', 'CINN', 'ARIN', 3, 1, 4, 'day'),
('2019-09-27', 'CINN', 'PITN', 5, 6, 11, 'night'),
('2019-09-28', 'CINN', 'PITN', 4, 2, 6, 'night'),
('2019-09-29', 'CINN', 'PITN', 3, 1, 4, 'day'),
('2019-04-16', 'PITN', 'DETA', 5, 3, 8, 'night'),
('2019-04-17', 'PITN', 'DETA', 3, 2, 5, 'night'),
('2019-04-19', 'PITN', 'SFN', 4, 1, 5, 'night'),
('2019-04-20', 'PITN', 'SFN', 3, 1, 4, 'day'),
('2019-04-21', 'PITN', 'SFN', 2, 3, 5, 'day'),
('2019-04-22', 'PITN', 'ARIN', 4, 12, 16, 'night'),
('2019-04-23', 'PITN', 'ARIN', 1, 2, 3, 'night'),
('2019-04-24', 'PITN', 'ARIN', 2, 11, 13, 'night'),
('2019-04-25', 'PITN', 'ARIN', 0, 5, 5, 'day'),
('2019-04-26', 'PITN', 'LAN', 2, 6, 8, 'night'),
('2019-04-27', 'PITN', 'LAN', 1, 3, 4, 'night'),
('2019-04-28', 'PITN', 'LAN', 6, 7, 13, 'day'),
('2019-04-30', 'PITN', 'TEXA', 6, 4, 10, 'night'),
('2019-05-01', 'PITN', 'TEXA', 7, 5, 12, 'day'),
('2019-05-03', 'PITN', 'OAKA', 1, 14, 15, 'night'),
('2019-05-04', 'PITN', 'OAKA', 6, 4, 10, 'night'),
('2019-05-05', 'PITN', 'OAKA', 5, 3, 8, 'day'),
('2019-05-07', 'PITN', 'TEXA', 5, 4, 9, 'night'),
('2019-05-08', 'PITN', 'TEXA', 6, 9, 15, 'day'),
('2019-05-13', 'PITN', 'ARIN', 3, 9, 12, 'night'),
('2019-05-14', 'PITN', 'ARIN', 6, 2, 8, 'night'),
('2019-05-15', 'PITN', 'ARIN', 1, 11, 12, 'day'),
('2019-05-16', 'PITN', 'SDN', 3, 4, 7, 'night'),
('2019-05-17', 'PITN', 'SDN', 5, 3, 8, 'night'),
('2019-05-18', 'PITN', 'SDN', 7, 2, 9, 'night'),
('2019-05-19', 'PITN', 'SDN', 6, 4, 10, 'day'),
('2019-05-21', 'PITN', 'COLN', 0, 5, 5, 'night'),
('2019-05-22', 'PITN', 'COLN', 3, 9, 12, 'night'),
('2019-05-23', 'PITN', 'COLN', 14, 6, 20, 'day'),
('2019-05-24', 'PITN', 'LAN', 2, 10, 12, 'night'),
('2019-05-25', 'PITN', 'LAN', 2, 7, 9, 'night'),
('2019-05-26', 'PITN', 'LAN', 7, 11, 18, 'day'),
('2019-06-18', 'PITN', 'DETA', 4, 5, 9, 'night'),
('2019-06-19', 'PITN', 'DETA', 8, 7, 15, 'night'),
('2019-06-21', 'PITN', 'SDN', 2, 1, 3, 'night'),
('2019-06-22', 'PITN', 'SDN', 6, 3, 9, 'day'),
('2019-06-23', 'PITN', 'SDN', 11, 10, 21, 'day'),
('2019-06-25', 'PITN', 'HOUA', 1, 5, 6, 'night'),
('2019-06-26', 'PITN', 'HOUA', 14, 2, 16, 'night'),
('2019-06-27', 'PITN', 'HOUA', 10, 0, 10, 'day'),
('2019-08-12', 'PITN', 'ANAA', 10, 2, 12, 'night'),
('2019-08-13', 'PITN', 'ANAA', 10, 7, 17, 'night'),
('2019-08-14', 'PITN', 'ANAA', 4, 7, 11, 'night'),
('2019-08-29', 'PITN', 'COLN', 11, 8, 19, 'night'),
('2019-08-30', 'PITN', 'COLN', 9, 4, 13, 'night'),
('2019-08-31', 'PITN', 'COLN', 11, 4, 15, 'night'),
('2019-09-01', 'PITN', 'COLN', 6, 2, 8, 'day'),
('2019-09-09', 'PITN', 'SFN', 6, 4, 10, 'night'),
('2019-09-10', 'PITN', 'SFN', 4, 5, 9, 'night'),
('2019-09-11', 'PITN', 'SFN', 6, 3, 9, 'night'),
('2019-09-12', 'PITN', 'SFN', 4, 2, 6, 'day'),
('2019-09-17', 'PITN', 'SEAA', 0, 6, 6, 'night'),
('2019-09-18', 'PITN', 'SEAA', 1, 4, 5, 'night'),
('2019-09-19', 'PITN', 'SEAA', 5, 6, 11, 'day'),
('2019-03-28', 'LAN', 'ARIN', 12, 5, 17, 'day'),
('2019-03-29', 'LAN', 'ARIN', 4, 5, 9, 'night'),
('2019-03-30', 'LAN', 'ARIN', 18, 5, 23, 'night'),
('2019-03-31', 'LAN', 'ARIN', 8, 7, 15, 'day'),
('2019-04-01', 'LAN', 'SFN', 2, 4, 6, 'night'),
('2019-04-02', 'LAN', 'SFN', 6, 5, 11, 'night'),
('2019-04-03', 'LAN', 'SFN', 5, 3, 8, 'night'),
('2019-04-05', 'LAN', 'COLN', 10, 6, 16, 'day'),
('2019-04-06', 'LAN', 'COLN', 7, 2, 9, 'night'),
('2019-04-07', 'LAN', 'COLN', 12, 6, 18, 'night'),
('2019-04-29', 'LAN', 'SFN', 2, 3, 5, 'night'),
('2019-04-30', 'LAN', 'SFN', 10, 3, 13, 'night'),
('2019-05-01', 'LAN', 'SFN', 1, 2, 3, 'night'),
('2019-05-03', 'LAN', 'SDN', 4, 3, 7, 'night'),
('2019-05-04', 'LAN', 'SDN', 7, 6, 13, 'night'),
('2019-05-05', 'LAN', 'SDN', 5, 8, 13, 'day'),
('2019-05-14', 'LAN', 'SDN', 6, 3, 9, 'night'),
('2019-05-15', 'LAN', 'SDN', 2, 0, 2, 'night'),
('2019-05-21', 'LAN', 'TBA', 7, 3, 10, 'night'),
('2019-05-22', 'LAN', 'TBA', 1, 8, 9, 'night'),
('2019-06-03', 'LAN', 'ARIN', 3, 1, 4, 'night'),
('2019-06-04', 'LAN', 'ARIN', 9, 0, 9, 'night'),
('2019-06-05', 'LAN', 'ARIN', 2, 3, 5, 'day'),
('2019-06-07', 'LAN', 'SFN', 1, 2, 3, 'night'),
('2019-06-08', 'LAN', 'SFN', 7, 2, 9, 'day'),
('2019-06-09', 'LAN', 'SFN', 1, 0, 1, 'day'),
('2019-06-10', 'LAN', 'ANAA', 3, 5, 8, 'night'),
('2019-06-11', 'LAN', 'ANAA', 3, 5, 8, 'night'),
('2019-06-17', 'LAN', 'SFN', 2, 3, 5, 'night'),
('2019-06-18', 'LAN', 'SFN', 9, 0, 9, 'night'),
('2019-06-19', 'LAN', 'SFN', 9, 2, 11, 'night'),
('2019-06-20', 'LAN', 'SFN', 9, 8, 17, 'night'),
('2019-06-21', 'LAN', 'COLN', 4, 2, 6, 'night'),
('2019-06-22', 'LAN', 'COLN', 5, 4, 9, 'day'),
('2019-06-23', 'LAN', 'COLN', 6, 3, 9, 'day'),
('2019-06-24', 'LAN', 'ARIN', 5, 8, 13, 'night'),
('2019-06-25', 'LAN', 'ARIN', 3, 2, 5, 'night'),
('2019-06-26', 'LAN', 'ARIN', 2, 8, 10, 'day'),
('2019-06-27', 'LAN', 'COLN', 12, 8, 20, 'night'),
('2019-06-28', 'LAN', 'COLN', 9, 13, 22, 'night'),
('2019-06-29', 'LAN', 'COLN', 3, 5, 8, 'night'),
('2019-06-30', 'LAN', 'COLN', 10, 5, 15, 'day'),
('2019-07-02', 'LAN', 'ARIN', 5, 4, 9, 'night'),
('2019-07-03', 'LAN', 'ARIN', 5, 4, 9, 'night'),
('2019-07-04', 'LAN', 'SDN', 5, 1, 6, 'night'),
('2019-07-05', 'LAN', 'SDN', 2, 3, 5, 'night'),
('2019-07-06', 'LAN', 'SDN', 1, 3, 4, 'night'),
('2019-07-07', 'LAN', 'SDN', 3, 5, 8, 'day'),
('2019-07-12', 'LAN', 'BOSA', 1, 8, 9, 'night'),
('2019-07-13', 'LAN', 'BOSA', 11, 2, 13, 'night'),
('2019-07-14', 'LAN', 'BOSA', 7, 4, 11, 'night'),
('2019-07-23', 'LAN', 'ANAA', 4, 5, 9, 'night'),
('2019-07-24', 'LAN', 'ANAA', 2, 3, 5, 'night'),
('2019-07-29', 'LAN', 'COLN', 1, 9, 10, 'night'),
('2019-07-30', 'LAN', 'COLN', 9, 4, 13, 'night'),
('2019-07-31', 'LAN', 'COLN', 5, 1, 6, 'day'),
('2019-08-01', 'LAN', 'SDN', 8, 2, 10, 'night'),
('2019-08-02', 'LAN', 'SDN', 2, 5, 7, 'night'),
('2019-08-03', 'LAN', 'SDN', 4, 1, 5, 'night'),
('2019-08-04', 'LAN', 'SDN', 11, 10, 21, 'day'),
('2019-08-09', 'LAN', 'ARIN', 2, 3, 5, 'night'),
('2019-08-10', 'LAN', 'ARIN', 4, 0, 4, 'night'),
('2019-08-11', 'LAN', 'ARIN', 9, 3, 12, 'day'),
('2019-08-20', 'LAN', 'TORA', 16, 3, 19, 'night'),
('2019-08-21', 'LAN', 'TORA', 2, 1, 3, 'night'),
('2019-08-22', 'LAN', 'TORA', 3, 2, 5, 'night'),
('2019-08-23', 'LAN', 'NYA', 2, 10, 12, 'night'),
('2019-08-24', 'LAN', 'NYA', 2, 1, 3, 'day'),
('2019-08-25', 'LAN', 'NYA', 1, 5, 6, 'day'),
('2019-08-26', 'LAN', 'SDN', 3, 4, 7, 'night'),
('2019-08-27', 'LAN', 'SDN', 9, 0, 9, 'night'),
('2019-08-28', 'LAN', 'SDN', 6, 4, 10, 'night'),
('2019-08-29', 'LAN', 'ARIN', 5, 11, 16, 'night'),
('2019-08-30', 'LAN', 'ARIN', 4, 5, 9, 'night'),
('2019-08-31', 'LAN', 'ARIN', 5, 6, 11, 'night'),
('2019-09-01', 'LAN', 'ARIN', 4, 3, 7, 'day'),
('2019-09-02', 'LAN', 'COLN', 16, 9, 25, 'night'),
('2019-09-03', 'LAN', 'COLN', 5, 3, 8, 'night'),
('2019-09-04', 'LAN', 'COLN', 7, 3, 10, 'night'),
('2019-09-06', 'LAN', 'SFN', 4, 5, 9, 'night'),
('2019-09-07', 'LAN', 'SFN', 0, 1, 1, 'night'),
('2019-09-08', 'LAN', 'SFN', 5, 0, 5, 'day'),
('2019-09-10', 'LAN', 'BALA', 7, 3, 10, 'night'),
('2019-09-11', 'LAN', 'BALA', 3, 7, 10, 'night'),
('2019-09-12', 'LAN', 'BALA', 4, 2, 6, 'night'),
('2019-09-17', 'LAN', 'TBA', 7, 5, 12, 'night'),
('2019-09-18', 'LAN', 'TBA', 7, 8, 15, 'night'),
('2019-09-20', 'LAN', 'COLN', 12, 5, 17, 'night'),
('2019-09-21', 'LAN', 'COLN', 2, 4, 6, 'night'),
('2019-09-22', 'LAN', 'COLN', 7, 4, 11, 'day'),
('2019-09-24', 'LAN', 'SDN', 6, 3, 9, 'night'),
('2019-09-25', 'LAN', 'SDN', 6, 4, 10, 'night'),
('2019-09-26', 'LAN', 'SDN', 1, 0, 1, 'day'),
('2019-09-27', 'LAN', 'SFN', 9, 2, 11, 'night'),
('2019-09-28', 'LAN', 'SFN', 2, 0, 2, 'day'),
('2019-09-29', 'LAN', 'SFN', 9, 0, 9, 'day'),
('2019-04-01', 'ARIN', 'SDN', 10, 3, 13, 'night'),
('2019-04-02', 'ARIN', 'SDN', 8, 5, 13, 'night'),
('2019-04-03', 'ARIN', 'SDN', 1, 4, 5, 'day'),
('2019-04-05', 'ARIN', 'BOSA', 15, 8, 23, 'day'),
('2019-04-06', 'ARIN', 'BOSA', 5, 4, 9, 'night'),
('2019-04-07', 'ARIN', 'BOSA', 0, 1, 1, 'day'),
('2019-04-09', 'ARIN', 'TEXA', 5, 4, 9, 'night'),
('2019-04-10', 'ARIN', 'TEXA', 2, 5, 7, 'night'),
('2019-04-11', 'ARIN', 'SDN', 6, 7, 13, 'night'),
('2019-04-12', 'ARIN', 'SDN', 1, 2, 3, 'night'),
('2019-04-13', 'ARIN', 'SDN', 4, 5, 9, 'night'),
('2019-04-14', 'ARIN', 'SDN', 8, 4, 12, 'day'),
('2019-04-30', 'ARIN', 'NYA', 3, 1, 4, 'night'),
('2019-05-01', 'ARIN', 'NYA', 3, 2, 5, 'day'),
('2019-05-03', 'ARIN', 'COLN', 10, 9, 19, 'night'),
('2019-05-04', 'ARIN', 'COLN', 9, 2, 11, 'night'),
('2019-05-05', 'ARIN', 'COLN', 7, 8, 15, 'day'),
('2019-05-06', 'ARIN', 'TBA', 1, 12, 13, 'night'),
('2019-05-07', 'ARIN', 'TBA', 3, 6, 9, 'night'),
('2019-05-08', 'ARIN', 'TBA', 3, 2, 5, 'day'),
('2019-05-17', 'ARIN', 'SFN', 7, 0, 7, 'night'),
('2019-05-18', 'ARIN', 'SFN', 5, 8, 13, 'night'),
('2019-05-19', 'ARIN', 'SFN', 2, 3, 5, 'day'),
('2019-05-20', 'ARIN', 'SDN', 1, 2, 3, 'night'),
('2019-05-21', 'ARIN', 'SDN', 2, 3, 5, 'night'),
('2019-05-22', 'ARIN', 'SDN', 2, 5, 7, 'day'),
('2019-05-24', 'ARIN', 'SFN', 18, 2, 20, 'night'),
('2019-05-25', 'ARIN', 'SFN', 10, 4, 14, 'day'),
('2019-05-26', 'ARIN', 'SFN', 6, 2, 8, 'day'),
('2019-05-27', 'ARIN', 'COLN', 3, 4, 7, 'day'),
('2019-05-28', 'ARIN', 'COLN', 2, 6, 8, 'night'),
('2019-05-29', 'ARIN', 'COLN', 4, 5, 9, 'night'),
('2019-05-30', 'ARIN', 'COLN', 10, 11, 21, 'day'),
('2019-06-07', 'ARIN', 'TORA', 8, 2, 10, 'night'),
('2019-06-08', 'ARIN', 'TORA', 6, 0, 6, 'day'),
('2019-06-09', 'ARIN', 'TORA', 8, 2, 10, 'day'),
('2019-06-18', 'ARIN', 'COLN', 1, 8, 9, 'night'),
('2019-06-19', 'ARIN', 'COLN', 4, 6, 10, 'night'),
('2019-06-20', 'ARIN', 'COLN', 4, 6, 10, 'day'),
('2019-06-21', 'ARIN', 'SFN', 5, 11, 16, 'night'),
('2019-06-22', 'ARIN', 'SFN', 4, 7, 11, 'night'),
('2019-06-23', 'ARIN', 'SFN', 3, 2, 5, 'day'),
('2019-06-27', 'ARIN', 'SFN', 5, 1, 6, 'night'),
('2019-06-28', 'ARIN', 'SFN', 3, 6, 9, 'night'),
('2019-06-29', 'ARIN', 'SFN', 4, 3, 7, 'night'),
('2019-06-30', 'ARIN', 'SFN', 4, 10, 14, 'day'),
('2019-07-05', 'ARIN', 'COLN', 8, 0, 8, 'night'),
('2019-07-06', 'ARIN', 'COLN', 4, 2, 6, 'night'),
('2019-07-07', 'ARIN', 'COLN', 5, 3, 8, 'day'),
('2019-07-16', 'ARIN', 'TEXA', 9, 2, 11, 'night'),
('2019-07-17', 'ARIN', 'TEXA', 19, 4, 23, 'night'),
('2019-07-22', 'ARIN', 'BALA', 6, 3, 9, 'night'),
('2019-07-23', 'ARIN', 'BALA', 2, 7, 9, 'night'),
('2019-07-24', 'ARIN', 'BALA', 5, 2, 7, 'day'),
('2019-07-30', 'ARIN', 'NYA', 4, 2, 6, 'night'),
('2019-07-31', 'ARIN', 'NYA', 5, 7, 12, 'day'),
('2019-08-12', 'ARIN', 'COLN', 8, 6, 14, 'night'),
('2019-08-13', 'ARIN', 'COLN', 9, 3, 12, 'night'),
('2019-08-14', 'ARIN', 'COLN', 6, 7, 13, 'day'),
('2019-08-15', 'ARIN', 'SFN', 0, 7, 7, 'night'),
('2019-08-16', 'ARIN', 'SFN', 9, 10, 19, 'night'),
('2019-08-17', 'ARIN', 'SFN', 6, 11, 17, 'night'),
('2019-08-18', 'ARIN', 'SFN', 6, 1, 7, 'day'),
('2019-08-19', 'ARIN', 'COLN', 5, 3, 8, 'night'),
('2019-08-20', 'ARIN', 'COLN', 8, 7, 15, 'night'),
('2019-08-21', 'ARIN', 'COLN', 2, 7, 9, 'day'),
('2019-08-26', 'ARIN', 'SFN', 6, 4, 10, 'night'),
('2019-08-27', 'ARIN', 'SFN', 3, 2, 5, 'night'),
('2019-09-02', 'ARIN', 'SDN', 14, 7, 21, 'day'),
('2019-09-03', 'ARIN', 'SDN', 2, 1, 3, 'night'),
('2019-09-04', 'ARIN', 'SDN', 4, 1, 5, 'night'),
('2019-09-20', 'ARIN', 'SDN', 9, 0, 9, 'night'),
('2019-09-21', 'ARIN', 'SDN', 4, 2, 6, 'night'),
('2019-09-22', 'ARIN', 'SDN', 4, 6, 10, 'day'),
('2019-09-27', 'ARIN', 'SDN', 6, 3, 9, 'night'),
('2019-09-28', 'ARIN', 'SDN', 6, 5, 11, 'night'),
('2019-09-29', 'ARIN', 'SDN', 1, 0, 1, 'day'),
('2019-03-28', 'SFN', 'SDN', 0, 2, 2, 'day'),
('2019-03-29', 'SFN', 'SDN', 1, 4, 5, 'night'),
('2019-03-30', 'SFN', 'SDN', 3, 2, 5, 'night'),
('2019-03-31', 'SFN', 'SDN', 1, 3, 4, 'day'),
('2019-04-05', 'SFN', 'TBA', 2, 5, 7, 'day'),
('2019-04-06', 'SFN', 'TBA', 6, 4, 10, 'day'),
('2019-04-07', 'SFN', 'TBA', 0, 3, 3, 'day'),
('2019-04-08', 'SFN', 'SDN', 5, 6, 11, 'night'),
('2019-04-09', 'SFN', 'SDN', 7, 2, 9, 'night'),
('2019-04-10', 'SFN', 'SDN', 1, 3, 4, 'day'),
('2019-04-11', 'SFN', 'COLN', 1, 0, 1, 'night'),
('2019-04-12', 'SFN', 'COLN', 3, 2, 5, 'night'),
('2019-04-13', 'SFN', 'COLN', 5, 2, 7, 'day'),
('2019-04-14', 'SFN', 'COLN', 0, 4, 4, 'day'),
('2019-04-23', 'SFN', 'TORA', 7, 6, 13, 'night'),
('2019-04-24', 'SFN', 'TORA', 4, 0, 4, 'day'),
('2019-04-26', 'SFN', 'NYA', 3, 7, 10, 'night'),
('2019-04-27', 'SFN', 'NYA', 4, 6, 10, 'day'),
('2019-04-28', 'SFN', 'NYA', 5, 11, 16, 'day'),
('2019-05-07', 'SFN', 'COLN', 14, 4, 18, 'night'),
('2019-05-09', 'SFN', 'COLN', 11, 12, 23, 'day'),
('2019-05-14', 'SFN', 'TORA', 3, 7, 10, 'night'),
('2019-05-15', 'SFN', 'TORA', 4, 3, 7, 'day'),
('2019-05-31', 'SFN', 'BALA', 6, 9, 15, 'night'),
('2019-06-01', 'SFN', 'BALA', 8, 2, 10, 'day'),
('2019-06-02', 'SFN', 'BALA', 8, 1, 9, 'day'),
('2019-06-11', 'SFN', 'SDN', 6, 5, 11, 'night'),
('2019-06-12', 'SFN', 'SDN', 4, 2, 6, 'night'),
('2019-06-24', 'SFN', 'COLN', 0, 2, 2, 'night'),
('2019-06-25', 'SFN', 'COLN', 4, 2, 6, 'night'),
('2019-06-26', 'SFN', 'COLN', 3, 6, 9, 'day'),
('2019-07-01', 'SFN', 'SDN', 13, 2, 15, 'night'),
('2019-07-02', 'SFN', 'SDN', 10, 4, 14, 'night'),
('2019-07-03', 'SFN', 'SDN', 7, 5, 12, 'night'),
('2019-07-15', 'SFN', 'COLN', 19, 2, 21, 'day'),
('2019-07-15', 'SFN', 'COLN', 2, 1, 3, 'night'),
('2019-07-16', 'SFN', 'COLN', 8, 4, 12, 'night'),
('2019-07-17', 'SFN', 'COLN', 11, 8, 19, 'day'),
('2019-07-26', 'SFN', 'SDN', 2, 1, 3, 'night'),
('2019-07-27', 'SFN', 'SDN', 1, 5, 6, 'night'),
('2019-07-28', 'SFN', 'SDN', 7, 6, 13, 'day'),
('2019-08-02', 'SFN', 'COLN', 4, 5, 9, 'night'),
('2019-08-03', 'SFN', 'COLN', 6, 5, 11, 'night'),
('2019-08-04', 'SFN', 'COLN', 2, 6, 8, 'day'),
('2019-08-13', 'SFN', 'OAKA', 3, 2, 5, 'night'),
('2019-08-14', 'SFN', 'OAKA', 5, 9, 14, 'day'),
('2019-08-24', 'SFN', 'OAKA', 10, 5, 15, 'night'),
('2019-08-25', 'SFN', 'OAKA', 5, 4, 9, 'day'),
('2019-08-29', 'SFN', 'SDN', 3, 5, 8, 'night'),
('2019-08-30', 'SFN', 'SDN', 8, 3, 11, 'night'),
('2019-08-31', 'SFN', 'SDN', 1, 4, 5, 'night'),
('2019-09-01', 'SFN', 'SDN', 4, 8, 12, 'day'),
('2019-09-17', 'SFN', 'BOSA', 7, 6, 13, 'night'),
('2019-09-18', 'SFN', 'BOSA', 11, 3, 14, 'night'),
('2019-09-19', 'SFN', 'BOSA', 4, 5, 9, 'day'),
('2019-09-24', 'SFN', 'COLN', 5, 8, 13, 'night'),
('2019-09-25', 'SFN', 'COLN', 2, 1, 3, 'night'),
('2019-09-26', 'SFN', 'COLN', 8, 3, 11, 'day'),
('2019-04-01', 'COLN', 'TBA', 1, 7, 8, 'night'),
('2019-04-02', 'COLN', 'TBA', 0, 4, 4, 'night'),
('2019-04-03', 'COLN', 'TBA', 1, 0, 1, 'day'),
('2019-04-15', 'COLN', 'SDN', 5, 2, 7, 'night'),
('2019-04-16', 'COLN', 'SDN', 8, 2, 10, 'night'),
('2019-05-10', 'COLN', 'SDN', 12, 2, 14, 'night'),
('2019-05-11', 'COLN', 'SDN', 3, 4, 7, 'night'),
('2019-05-12', 'COLN', 'SDN', 10, 7, 17, 'day'),
('2019-05-14', 'COLN', 'BOSA', 5, 4, 9, 'night'),
('2019-05-15', 'COLN', 'BOSA', 5, 6, 11, 'night'),
('2019-05-24', 'COLN', 'BALA', 8, 6, 14, 'night'),
('2019-05-25', 'COLN', 'BALA', 6, 9, 15, 'night'),
('2019-05-26', 'COLN', 'BALA', 8, 7, 15, 'day'),
('2019-05-31', 'COLN', 'TORA', 13, 6, 19, 'night'),
('2019-06-01', 'COLN', 'TORA', 4, 2, 6, 'night'),
('2019-06-02', 'COLN', 'TORA', 5, 1, 6, 'day'),
('2019-06-13', 'COLN', 'SDN', 9, 6, 15, 'night'),
('2019-06-14', 'COLN', 'SDN', 12, 16, 28, 'night'),
('2019-06-15', 'COLN', 'SDN', 14, 8, 22, 'night'),
('2019-06-16', 'COLN', 'SDN', 13, 14, 27, 'day'),
('2019-07-02', 'COLN', 'HOUA', 8, 9, 17, 'night'),
('2019-07-03', 'COLN', 'HOUA', 2, 4, 6, 'night'),
('2019-07-19', 'COLN', 'NYA', 2, 8, 10, 'night'),
('2019-07-20', 'COLN', 'NYA', 5, 11, 16, 'day'),
('2019-07-21', 'COLN', 'NYA', 8, 4, 12, 'day'),
('2019-08-06', 'COLN', 'HOUA', 6, 11, 17, 'night'),
('2019-08-07', 'COLN', 'HOUA', 3, 14, 17, 'day'),
('2019-08-08', 'COLN', 'SDN', 3, 9, 12, 'night'),
('2019-08-09', 'COLN', 'SDN', 1, 7, 8, 'night'),
('2019-08-10', 'COLN', 'SDN', 5, 8, 13, 'night'),
('2019-08-11', 'COLN', 'SDN', 8, 3, 11, 'day'),
('2019-08-27', 'COLN', 'BOSA', 6, 10, 16, 'night'),
('2019-08-28', 'COLN', 'BOSA', 4, 7, 11, 'night'),
('2019-09-06', 'COLN', 'SDN', 3, 2, 5, 'night'),
('2019-09-07', 'COLN', 'SDN', 0, 3, 3, 'night'),
('2019-09-08', 'COLN', 'SDN', 1, 2, 3, 'day'),
('2019-09-13', 'COLN', 'SDN', 10, 8, 18, 'night'),
('2019-09-14', 'COLN', 'SDN', 11, 10, 21, 'night'),
('2019-09-15', 'COLN', 'SDN', 10, 5, 15, 'day'),
('2019-04-23', 'SDN', 'SEAA', 6, 3, 9, 'night'),
('2019-04-24', 'SDN', 'SEAA', 1, 0, 1, 'day'),
('2019-05-24', 'SDN', 'TORA', 6, 3, 9, 'night'),
('2019-05-25', 'SDN', 'TORA', 19, 4, 23, 'day'),
('2019-05-26', 'SDN', 'TORA', 1, 10, 11, 'day'),
('2019-05-27', 'SDN', 'NYA', 2, 5, 7, 'day'),
('2019-05-28', 'SDN', 'NYA', 5, 4, 9, 'night'),
('2019-05-29', 'SDN', 'NYA', 0, 7, 7, 'day'),
('2019-06-25', 'SDN', 'BALA', 8, 3, 11, 'night'),
('2019-06-26', 'SDN', 'BALA', 10, 5, 15, 'day'),
('2019-07-29', 'SDN', 'BALA', 8, 1, 9, 'night'),
('2019-07-30', 'SDN', 'BALA', 5, 8, 13, 'day'),
('2019-08-06', 'SDN', 'SEAA', 9, 4, 13, 'night'),
('2019-08-07', 'SDN', 'SEAA', 2, 3, 5, 'day'),
('2019-08-12', 'SDN', 'TBA', 4, 10, 14, 'night'),
('2019-08-13', 'SDN', 'TBA', 5, 7, 12, 'night'),
('2019-08-14', 'SDN', 'TBA', 7, 2, 9, 'day'),
('2019-08-23', 'SDN', 'BOSA', 0, 11, 11, 'night'),
('2019-08-24', 'SDN', 'BOSA', 4, 5, 9, 'night'),
('2019-08-25', 'SDN', 'BOSA', 3, 1, 4, 'day'),
('2019-03-28', 'NYA', 'BALA', 7, 2, 9, 'day'),
('2019-03-30', 'NYA', 'BALA', 3, 5, 8, 'day'),
('2019-03-31', 'NYA', 'BALA', 5, 7, 12, 'day'),
('2019-04-01', 'NYA', 'DETA', 3, 1, 4, 'night'),
('2019-04-02', 'NYA', 'DETA', 1, 3, 4, 'night'),
('2019-04-03', 'NYA', 'DETA', 1, 2, 3, 'day'),
('2019-04-04', 'NYA', 'BALA', 8, 4, 12, 'day'),
('2019-04-06', 'NYA', 'BALA', 6, 4, 10, 'night'),
('2019-04-07', 'NYA', 'BALA', 15, 3, 18, 'day'),
('2019-04-08', 'NYA', 'HOUA', 3, 4, 7, 'night'),
('2019-04-09', 'NYA', 'HOUA', 3, 6, 9, 'night'),
('2019-04-10', 'NYA', 'HOUA', 6, 8, 14, 'night'),
('2019-04-12', 'NYA', 'CHIA', 6, 9, 15, 'night'),
('2019-04-13', 'NYA', 'CHIA', 4, 0, 4, 'day'),
('2019-04-14', 'NYA', 'CHIA', 2, 5, 7, 'day'),
('2019-04-16', 'NYA', 'BOSA', 8, 0, 8, 'night'),
('2019-04-17', 'NYA', 'BOSA', 5, 3, 8, 'night'),
('2019-04-18', 'NYA', 'KCA', 1, 6, 7, 'night'),
('2019-04-19', 'NYA', 'KCA', 6, 2, 8, 'night'),
('2019-04-20', 'NYA', 'KCA', 9, 2, 11, 'day'),
('2019-04-21', 'NYA', 'KCA', 7, 6, 13, 'day'),
('2019-04-22', 'NYA', 'ANAA', 4, 3, 7, 'night'),
('2019-04-23', 'NYA', 'ANAA', 7, 5, 12, 'night'),
('2019-04-24', 'NYA', 'ANAA', 6, 5, 11, 'night'),
('2019-04-25', 'NYA', 'ANAA', 5, 11, 16, 'night'),
('2019-05-03', 'NYA', 'MINA', 6, 3, 9, 'night'),
('2019-05-04', 'NYA', 'MINA', 3, 7, 10, 'day'),
('2019-05-05', 'NYA', 'MINA', 4, 1, 5, 'day'),
('2019-05-06', 'NYA', 'SEAA', 7, 3, 10, 'night'),
('2019-05-07', 'NYA', 'SEAA', 5, 4, 9, 'night'),
('2019-05-08', 'NYA', 'SEAA', 1, 10, 11, 'night'),
('2019-05-09', 'NYA', 'SEAA', 3, 1, 4, 'night'),
('2019-05-10', 'NYA', 'TBA', 4, 3, 7, 'night'),
('2019-05-11', 'NYA', 'TBA', 2, 7, 9, 'night'),
('2019-05-12', 'NYA', 'TBA', 7, 1, 8, 'day'),
('2019-05-15', 'NYA', 'BALA', 5, 3, 8, 'day'),
('2019-05-15', 'NYA', 'BALA', 3, 1, 4, 'night'),
('2019-05-17', 'NYA', 'TBA', 4, 3, 7, 'night'),
('2019-05-18', 'NYA', 'TBA', 1, 2, 3, 'day'),
('2019-05-19', 'NYA', 'TBA', 13, 5, 18, 'day'),
('2019-05-20', 'NYA', 'BALA', 10, 7, 17, 'night'),
('2019-05-21', 'NYA', 'BALA', 11, 4, 15, 'night'),
('2019-05-22', 'NYA', 'BALA', 7, 5, 12, 'night'),
('2019-05-23', 'NYA', 'BALA', 6, 5, 11, 'day'),
('2019-05-25', 'NYA', 'KCA', 7, 3, 10, 'day'),
('2019-05-25', 'NYA', 'KCA', 6, 5, 11, 'night'),
('2019-05-26', 'NYA', 'KCA', 7, 8, 15, 'day'),
('2019-05-31', 'NYA', 'BOSA', 4, 1, 5, 'night'),
('2019-06-01', 'NYA', 'BOSA', 5, 3, 8, 'night'),
('2019-06-02', 'NYA', 'BOSA', 5, 8, 13, 'night'),
('2019-06-04', 'NYA', 'TORA', 3, 4, 7, 'night'),
('2019-06-05', 'NYA', 'TORA', 7, 11, 18, 'night'),
('2019-06-06', 'NYA', 'TORA', 6, 2, 8, 'night'),
('2019-06-07', 'NYA', 'CLEA', 2, 5, 7, 'night'),
('2019-06-08', 'NYA', 'CLEA', 4, 8, 12, 'day'),
('2019-06-09', 'NYA', 'CLEA', 7, 6, 13, 'day'),
('2019-06-13', 'NYA', 'CHIA', 4, 5, 9, 'night'),
('2019-06-14', 'NYA', 'CHIA', 2, 10, 12, 'night'),
('2019-06-15', 'NYA', 'CHIA', 8, 4, 12, 'night'),
('2019-06-16', 'NYA', 'CHIA', 10, 3, 13, 'day'),
('2019-06-17', 'NYA', 'TBA', 3, 0, 3, 'night'),
('2019-06-18', 'NYA', 'TBA', 6, 3, 9, 'night'),
('2019-06-19', 'NYA', 'TBA', 12, 1, 13, 'day'),
('2019-06-20', 'NYA', 'HOUA', 10, 6, 16, 'night'),
('2019-06-21', 'NYA', 'HOUA', 4, 1, 5, 'night'),
('2019-06-22', 'NYA', 'HOUA', 7, 5, 12, 'night'),
('2019-06-23', 'NYA', 'HOUA', 4, 9, 13, 'day'),
('2019-06-24', 'NYA', 'TORA', 10, 8, 18, 'night'),
('2019-06-25', 'NYA', 'TORA', 4, 3, 7, 'night'),
('2019-06-26', 'NYA', 'TORA', 8, 7, 15, 'day'),
('2019-06-29', 'NYA', 'BOSA', 17, 13, 30, 'night'),
('2019-06-30', 'NYA', 'BOSA', 12, 8, 20, 'day'),
('2019-07-04', 'NYA', 'TBA', 8, 4, 12, 'night'),
('2019-07-05', 'NYA', 'TBA', 8, 4, 12, 'night'),
('2019-07-06', 'NYA', 'TBA', 3, 4, 7, 'day'),
('2019-07-07', 'NYA', 'TBA', 1, 2, 3, 'day'),
('2019-07-12', 'NYA', 'TORA', 4, 0, 4, 'night'),
('2019-07-13', 'NYA', 'TORA', 1, 2, 3, 'day'),
('2019-07-14', 'NYA', 'TORA', 4, 2, 6, 'day'),
('2019-07-15', 'NYA', 'TBA', 4, 5, 9, 'night'),
('2019-07-16', 'NYA', 'TBA', 8, 3, 11, 'night'),
('2019-07-18', 'NYA', 'TBA', 6, 2, 8, 'day'),
('2019-07-18', 'NYA', 'TBA', 5, 1, 6, 'night'),
('2019-07-22', 'NYA', 'MINA', 6, 8, 14, 'night'),
('2019-07-23', 'NYA', 'MINA', 14, 12, 26, 'night'),
('2019-07-24', 'NYA', 'MINA', 10, 7, 17, 'night'),
('2019-07-25', 'NYA', 'BOSA', 3, 19, 22, 'night'),
('2019-07-26', 'NYA', 'BOSA', 5, 10, 15, 'night'),
('2019-07-27', 'NYA', 'BOSA', 5, 9, 14, 'day'),
('2019-07-28', 'NYA', 'BOSA', 9, 6, 15, 'night'),
('2019-08-02', 'NYA', 'BOSA', 4, 2, 6, 'night'),
('2019-08-03', 'NYA', 'BOSA', 9, 2, 11, 'day'),
('2019-08-03', 'NYA', 'BOSA', 6, 4, 10, 'night'),
('2019-08-04', 'NYA', 'BOSA', 7, 4, 11, 'night'),
('2019-08-05', 'NYA', 'BALA', 9, 6, 15, 'night'),
('2019-08-06', 'NYA', 'BALA', 9, 4, 13, 'night'),
('2019-08-07', 'NYA', 'BALA', 14, 2, 16, 'night'),
('2019-08-08', 'NYA', 'TORA', 12, 6, 18, 'night'),
('2019-08-09', 'NYA', 'TORA', 2, 8, 10, 'night'),
('2019-08-10', 'NYA', 'TORA', 4, 5, 9, 'day'),
('2019-08-11', 'NYA', 'TORA', 1, 0, 1, 'day'),
('2019-08-12', 'NYA', 'BALA', 8, 5, 13, 'day'),
('2019-08-12', 'NYA', 'BALA', 11, 8, 19, 'night'),
('2019-08-13', 'NYA', 'BALA', 8, 3, 11, 'night'),
('2019-08-14', 'NYA', 'BALA', 6, 5, 11, 'day'),
('2019-08-15', 'NYA', 'CLEA', 5, 19, 24, 'night'),
('2019-08-16', 'NYA', 'CLEA', 3, 2, 5, 'night'),
('2019-08-17', 'NYA', 'CLEA', 6, 5, 11, 'day'),
('2019-08-18', 'NYA', 'CLEA', 4, 8, 12, 'day'),
('2019-08-20', 'NYA', 'OAKA', 2, 6, 8, 'night'),
('2019-08-21', 'NYA', 'OAKA', 4, 6, 10, 'night'),
('2019-08-22', 'NYA', 'OAKA', 3, 5, 8, 'night'),
('2019-08-26', 'NYA', 'SEAA', 5, 4, 9, 'night'),
('2019-08-27', 'NYA', 'SEAA', 7, 0, 7, 'night'),
('2019-08-28', 'NYA', 'SEAA', 7, 3, 10, 'day'),
('2019-08-30', 'NYA', 'OAKA', 2, 8, 10, 'night'),
('2019-08-31', 'NYA', 'OAKA', 4, 3, 7, 'day'),
('2019-09-01', 'NYA', 'OAKA', 5, 4, 9, 'day'),
('2019-09-02', 'NYA', 'TEXA', 0, 7, 7, 'day'),
('2019-09-03', 'NYA', 'TEXA', 10, 1, 11, 'night'),
('2019-09-04', 'NYA', 'TEXA', 4, 1, 5, 'night'),
('2019-09-06', 'NYA', 'BOSA', 1, 6, 7, 'night'),
('2019-09-07', 'NYA', 'BOSA', 5, 1, 6, 'day'),
('2019-09-08', 'NYA', 'BOSA', 10, 5, 15, 'night'),
('2019-09-09', 'NYA', 'BOSA', 5, 0, 5, 'night'),
('2019-09-10', 'NYA', 'DETA', 11, 12, 23, 'night'),
('2019-09-12', 'NYA', 'DETA', 10, 4, 14, 'day'),
('2019-09-12', 'NYA', 'DETA', 6, 4, 10, 'night'),
('2019-09-13', 'NYA', 'TORA', 5, 6, 11, 'night'),
('2019-09-14', 'NYA', 'TORA', 13, 3, 16, 'day'),
('2019-09-15', 'NYA', 'TORA', 4, 6, 10, 'day'),
('2019-09-17', 'NYA', 'ANAA', 8, 0, 8, 'night'),
('2019-09-18', 'NYA', 'ANAA', 2, 3, 5, 'night'),
('2019-09-19', 'NYA', 'ANAA', 9, 1, 10, 'night'),
('2019-09-20', 'NYA', 'TORA', 3, 4, 7, 'night'),
('2019-09-21', 'NYA', 'TORA', 7, 2, 9, 'day'),
('2019-09-22', 'NYA', 'TORA', 8, 3, 11, 'day'),
('2019-09-24', 'NYA', 'TBA', 1, 2, 3, 'night'),
('2019-09-25', 'NYA', 'TBA', 0, 4, 4, 'night'),
('2019-09-27', 'NYA', 'TEXA', 14, 7, 21, 'night'),
('2019-09-28', 'NYA', 'TEXA', 4, 9, 13, 'night'),
('2019-09-29', 'NYA', 'TEXA', 1, 6, 7, 'day'),
('2019-03-28', 'TBA', 'HOUA', 1, 5, 6, 'day'),
('2019-03-29', 'TBA', 'HOUA', 4, 2, 6, 'night'),
('2019-03-30', 'TBA', 'HOUA', 3, 1, 4, 'night'),
('2019-03-31', 'TBA', 'HOUA', 3, 1, 4, 'day'),
('2019-04-08', 'TBA', 'CHIA', 5, 1, 6, 'day'),
('2019-04-09', 'TBA', 'CHIA', 10, 5, 15, 'day'),
('2019-04-10', 'TBA', 'CHIA', 9, 1, 10, 'day'),
('2019-04-12', 'TBA', 'TORA', 11, 7, 18, 'night'),
('2019-04-13', 'TBA', 'TORA', 1, 3, 4, 'day'),
('2019-04-14', 'TBA', 'TORA', 8, 4, 12, 'day'),
('2019-04-16', 'TBA', 'BALA', 4, 2, 6, 'night'),
('2019-04-17', 'TBA', 'BALA', 8, 1, 9, 'night'),
('2019-04-18', 'TBA', 'BALA', 5, 6, 11, 'night'),
('2019-04-19', 'TBA', 'BOSA', 4, 6, 10, 'night'),
('2019-04-20', 'TBA', 'BOSA', 5, 6, 11, 'night'),
('2019-04-21', 'TBA', 'BOSA', 3, 4, 7, 'day'),
('2019-04-22', 'TBA', 'KCA', 6, 3, 9, 'night'),
('2019-04-23', 'TBA', 'KCA', 5, 2, 7, 'night'),
('2019-04-24', 'TBA', 'KCA', 2, 10, 12, 'day'),
('2019-04-27', 'TBA', 'BOSA', 2, 1, 3, 'day'),
('2019-04-28', 'TBA', 'BOSA', 5, 2, 7, 'day'),
('2019-04-29', 'TBA', 'KCA', 8, 5, 13, 'night'),
('2019-05-01', 'TBA', 'KCA', 2, 3, 5, 'day'),
('2019-05-01', 'TBA', 'KCA', 2, 8, 10, 'night'),
('2019-05-02', 'TBA', 'KCA', 3, 1, 4, 'day'),
('2019-05-03', 'TBA', 'BALA', 7, 0, 7, 'night'),
('2019-05-04', 'TBA', 'BALA', 0, 3, 3, 'night'),
('2019-05-23', 'TBA', 'CLEA', 7, 2, 9, 'night'),
('2019-05-24', 'TBA', 'CLEA', 1, 3, 4, 'night'),
('2019-05-25', 'TBA', 'CLEA', 6, 2, 8, 'night'),
('2019-05-26', 'TBA', 'CLEA', 6, 3, 9, 'day'),
('2019-05-27', 'TBA', 'TORA', 8, 3, 11, 'day'),
('2019-05-28', 'TBA', 'TORA', 3, 1, 4, 'night'),
('2019-05-29', 'TBA', 'TORA', 4, 3, 7, 'night'),
('2019-05-30', 'TBA', 'MINA', 14, 3, 17, 'night'),
('2019-05-31', 'TBA', 'MINA', 3, 5, 8, 'night'),
('2019-06-01', 'TBA', 'MINA', 2, 6, 8, 'day'),
('2019-06-02', 'TBA', 'MINA', 7, 9, 16, 'day'),
('2019-06-04', 'TBA', 'DETA', 6, 9, 15, 'night'),
('2019-06-05', 'TBA', 'DETA', 4, 0, 4, 'night'),
('2019-06-06', 'TBA', 'DETA', 6, 1, 7, 'day'),
('2019-06-07', 'TBA', 'BOSA', 5, 1, 6, 'night'),
('2019-06-08', 'TBA', 'BOSA', 9, 2, 11, 'day'),
('2019-06-08', 'TBA', 'BOSA', 1, 5, 6, 'night'),
('2019-06-09', 'TBA', 'BOSA', 6, 1, 7, 'day'),
('2019-06-10', 'TBA', 'OAKA', 6, 2, 8, 'night'),
('2019-06-11', 'TBA', 'OAKA', 3, 4, 7, 'night'),
('2019-06-12', 'TBA', 'OAKA', 2, 6, 8, 'day'),
('2019-06-13', 'TBA', 'ANAA', 3, 5, 8, 'night'),
('2019-06-14', 'TBA', 'ANAA', 9, 4, 13, 'night'),
('2019-06-15', 'TBA', 'ANAA', 3, 5, 8, 'day'),
('2019-06-16', 'TBA', 'ANAA', 6, 5, 11, 'day'),
('2019-06-20', 'TBA', 'OAKA', 4, 5, 9, 'night'),
('2019-06-21', 'TBA', 'OAKA', 5, 3, 8, 'night'),
('2019-06-22', 'TBA', 'OAKA', 2, 4, 6, 'day'),
('2019-06-23', 'TBA', 'OAKA', 8, 2, 10, 'day'),
('2019-06-25', 'TBA', 'MINA', 4, 9, 13, 'night'),
('2019-06-26', 'TBA', 'MINA', 4, 6, 10, 'night'),
('2019-06-27', 'TBA', 'MINA', 5, 2, 7, 'day'),
('2019-06-28', 'TBA', 'TEXA', 0, 5, 5, 'night'),
('2019-06-29', 'TBA', 'TEXA', 5, 2, 7, 'day'),
('2019-06-30', 'TBA', 'TEXA', 6, 2, 8, 'day'),
('2019-07-01', 'TBA', 'BALA', 6, 3, 9, 'night'),
('2019-07-02', 'TBA', 'BALA', 6, 3, 9, 'night'),
('2019-07-03', 'TBA', 'BALA', 6, 9, 15, 'night'),
('2019-07-12', 'TBA', 'BALA', 16, 4, 20, 'night'),
('2019-07-13', 'TBA', 'BALA', 1, 2, 3, 'day'),
('2019-07-13', 'TBA', 'BALA', 12, 4, 16, 'night'),
('2019-07-14', 'TBA', 'BALA', 4, 1, 5, 'day'),
('2019-07-19', 'TBA', 'CHIA', 2, 9, 11, 'night'),
('2019-07-20', 'TBA', 'CHIA', 1, 2, 3, 'night'),
('2019-07-21', 'TBA', 'CHIA', 4, 2, 6, 'day'),
('2019-07-22', 'TBA', 'BOSA', 4, 9, 13, 'night'),
('2019-07-23', 'TBA', 'BOSA', 4, 5, 9, 'night'),
('2019-07-24', 'TBA', 'BOSA', 3, 2, 5, 'day'),
('2019-07-26', 'TBA', 'TORA', 3, 1, 4, 'night'),
('2019-07-27', 'TBA', 'TORA', 9, 10, 19, 'day'),
('2019-07-28', 'TBA', 'TORA', 10, 9, 19, 'day'),
('2019-07-30', 'TBA', 'BOSA', 6, 5, 11, 'night'),
('2019-07-31', 'TBA', 'BOSA', 8, 5, 13, 'night'),
('2019-08-01', 'TBA', 'BOSA', 9, 4, 13, 'night'),
('2019-08-05', 'TBA', 'TORA', 0, 2, 2, 'night'),
('2019-08-06', 'TBA', 'TORA', 7, 6, 13, 'night'),
('2019-08-07', 'TBA', 'TORA', 3, 4, 7, 'day'),
('2019-08-09', 'TBA', 'SEAA', 5, 3, 8, 'night'),
('2019-08-10', 'TBA', 'SEAA', 5, 4, 9, 'night'),
('2019-08-11', 'TBA', 'SEAA', 1, 0, 1, 'day'),
('2019-08-16', 'TBA', 'DETA', 0, 2, 2, 'night'),
('2019-08-17', 'TBA', 'DETA', 1, 0, 1, 'night'),
('2019-08-18', 'TBA', 'DETA', 5, 4, 9, 'day'),
('2019-08-19', 'TBA', 'SEAA', 3, 9, 12, 'night'),
('2019-08-20', 'TBA', 'SEAA', 4, 7, 11, 'night'),
('2019-08-21', 'TBA', 'SEAA', 7, 6, 13, 'day'),
('2019-08-22', 'TBA', 'BALA', 5, 2, 7, 'night'),
('2019-08-23', 'TBA', 'BALA', 7, 1, 8, 'night'),
('2019-08-24', 'TBA', 'BALA', 1, 7, 8, 'night'),
('2019-08-25', 'TBA', 'BALA', 3, 8, 11, 'day'),
('2019-08-27', 'TBA', 'HOUA', 1, 15, 16, 'night'),
('2019-08-28', 'TBA', 'HOUA', 6, 8, 14, 'night'),
('2019-08-29', 'TBA', 'HOUA', 9, 8, 17, 'day'),
('2019-08-30', 'TBA', 'CLEA', 4, 0, 4, 'night'),
('2019-08-31', 'TBA', 'CLEA', 9, 6, 15, 'night'),
('2019-09-01', 'TBA', 'CLEA', 8, 2, 10, 'day'),
('2019-09-02', 'TBA', 'BALA', 5, 4, 9, 'day'),
('2019-09-03', 'TBA', 'BALA', 2, 4, 6, 'day'),
('2019-09-03', 'TBA', 'BALA', 2, 0, 2, 'night'),
('2019-09-05', 'TBA', 'TORA', 6, 4, 10, 'night'),
('2019-09-06', 'TBA', 'TORA', 5, 0, 5, 'night'),
('2019-09-07', 'TBA', 'TORA', 5, 3, 8, 'night'),
('2019-09-08', 'TBA', 'TORA', 8, 3, 11, 'day'),
('2019-09-10', 'TBA', 'TEXA', 5, 3, 8, 'night'),
('2019-09-11', 'TBA', 'TEXA', 9, 10, 19, 'night'),
('2019-09-12', 'TBA', 'TEXA', 4, 6, 10, 'night'),
('2019-09-13', 'TBA', 'ANAA', 11, 4, 15, 'night'),
('2019-09-14', 'TBA', 'ANAA', 3, 1, 4, 'night'),
('2019-09-15', 'TBA', 'ANAA', 4, 6, 10, 'day'),
('2019-09-20', 'TBA', 'BOSA', 5, 4, 9, 'night'),
('2019-09-21', 'TBA', 'BOSA', 5, 4, 9, 'night'),
('2019-09-22', 'TBA', 'BOSA', 4, 7, 11, 'day'),
('2019-09-23', 'TBA', 'BOSA', 7, 4, 11, 'night'),
('2019-09-27', 'TBA', 'TORA', 6, 2, 8, 'night'),
('2019-09-28', 'TBA', 'TORA', 1, 4, 5, 'day'),
('2019-09-29', 'TBA', 'TORA', 3, 8, 11, 'day'),
('2019-03-28', 'BOSA', 'SEAA', 4, 12, 16, 'day'),
('2019-03-29', 'BOSA', 'SEAA', 7, 6, 13, 'night'),
('2019-03-30', 'BOSA', 'SEAA', 5, 6, 11, 'night'),
('2019-03-31', 'BOSA', 'SEAA', 8, 10, 18, 'day'),
('2019-04-01', 'BOSA', 'OAKA', 0, 7, 7, 'night'),
('2019-04-02', 'BOSA', 'OAKA', 0, 1, 1, 'night'),
('2019-04-03', 'BOSA', 'OAKA', 6, 3, 9, 'night'),
('2019-04-04', 'BOSA', 'OAKA', 3, 7, 10, 'day'),
('2019-04-09', 'BOSA', 'TORA', 5, 7, 12, 'day'),
('2019-04-11', 'BOSA', 'TORA', 7, 6, 13, 'night'),
('2019-04-12', 'BOSA', 'BALA', 6, 4, 10, 'night'),
('2019-04-13', 'BOSA', 'BALA', 5, 9, 14, 'day'),
('2019-04-14', 'BOSA', 'BALA', 4, 0, 4, 'day'),
('2019-04-15', 'BOSA', 'BALA', 1, 8, 9, 'day'),
('2019-04-23', 'BOSA', 'DETA', 4, 7, 11, 'day'),
('2019-04-23', 'BOSA', 'DETA', 2, 4, 6, 'night'),
('2019-04-24', 'BOSA', 'DETA', 11, 4, 15, 'night'),
('2019-04-25', 'BOSA', 'DETA', 7, 3, 10, 'night'),
('2019-04-29', 'BOSA', 'OAKA', 9, 4, 13, 'night'),
('2019-04-30', 'BOSA', 'OAKA', 5, 1, 6, 'night'),
('2019-05-01', 'BOSA', 'OAKA', 7, 3, 10, 'day'),
('2019-05-02', 'BOSA', 'CHIA', 4, 6, 10, 'night'),
('2019-05-03', 'BOSA', 'CHIA', 6, 1, 7, 'night'),
('2019-05-04', 'BOSA', 'CHIA', 15, 2, 17, 'night'),
('2019-05-05', 'BOSA', 'CHIA', 9, 2, 11, 'day'),
('2019-05-06', 'BOSA', 'BALA', 1, 4, 5, 'night'),
('2019-05-07', 'BOSA', 'BALA', 8, 5, 13, 'night'),
('2019-05-08', 'BOSA', 'BALA', 2, 1, 3, 'night'),
('2019-05-10', 'BOSA', 'SEAA', 14, 1, 15, 'night'),
('2019-05-11', 'BOSA', 'SEAA', 9, 5, 14, 'day'),
('2019-05-12', 'BOSA', 'SEAA', 11, 2, 13, 'day'),
('2019-05-17', 'BOSA', 'HOUA', 1, 3, 4, 'night'),
('2019-05-18', 'BOSA', 'HOUA', 3, 7, 10, 'night'),
('2019-05-19', 'BOSA', 'HOUA', 4, 3, 7, 'day'),
('2019-05-20', 'BOSA', 'TORA', 12, 2, 14, 'day'),
('2019-05-21', 'BOSA', 'TORA', 3, 10, 13, 'night'),
('2019-05-22', 'BOSA', 'TORA', 6, 5, 11, 'night'),
('2019-05-23', 'BOSA', 'TORA', 8, 2, 10, 'day'),
('2019-05-24', 'BOSA', 'HOUA', 3, 4, 7, 'night'),
('2019-05-25', 'BOSA', 'HOUA', 3, 4, 7, 'night'),
('2019-05-26', 'BOSA', 'HOUA', 4, 1, 5, 'day'),
('2019-05-27', 'BOSA', 'CLEA', 12, 5, 17, 'day'),
('2019-05-28', 'BOSA', 'CLEA', 5, 7, 12, 'night'),
('2019-05-29', 'BOSA', 'CLEA', 9, 14, 23, 'night'),
('2019-06-04', 'BOSA', 'KCA', 8, 3, 11, 'night'),
('2019-06-05', 'BOSA', 'KCA', 8, 0, 8, 'night'),
('2019-06-06', 'BOSA', 'KCA', 7, 5, 12, 'day'),
('2019-06-10', 'BOSA', 'TEXA', 3, 4, 7, 'night'),
('2019-06-11', 'BOSA', 'TEXA', 5, 9, 14, 'night'),
('2019-06-12', 'BOSA', 'TEXA', 4, 3, 7, 'day'),
('2019-06-13', 'BOSA', 'TEXA', 7, 6, 13, 'night'),
('2019-06-14', 'BOSA', 'BALA', 13, 2, 15, 'night'),
('2019-06-15', 'BOSA', 'BALA', 7, 2, 9, 'day'),
('2019-06-16', 'BOSA', 'BALA', 8, 6, 14, 'day'),
('2019-06-17', 'BOSA', 'MINA', 2, 0, 2, 'night'),
('2019-06-18', 'BOSA', 'MINA', 3, 4, 7, 'night'),
('2019-06-19', 'BOSA', 'MINA', 9, 4, 13, 'night'),
('2019-06-21', 'BOSA', 'TORA', 7, 5, 12, 'night'),
('2019-06-22', 'BOSA', 'TORA', 7, 8, 15, 'day'),
('2019-06-23', 'BOSA', 'TORA', 1, 6, 7, 'day'),
('2019-06-24', 'BOSA', 'CHIA', 6, 5, 11, 'night'),
('2019-06-25', 'BOSA', 'CHIA', 6, 3, 9, 'night'),
('2019-06-26', 'BOSA', 'CHIA', 7, 8, 15, 'day'),
('2019-07-02', 'BOSA', 'TORA', 10, 6, 16, 'night'),
('2019-07-03', 'BOSA', 'TORA', 3, 6, 9, 'night'),
('2019-07-04', 'BOSA', 'TORA', 8, 7, 15, 'night'),
('2019-07-05', 'BOSA', 'DETA', 9, 6, 15, 'night'),
('2019-07-06', 'BOSA', 'DETA', 10, 6, 16, 'night'),
('2019-07-07', 'BOSA', 'DETA', 6, 3, 9, 'day'),
('2019-07-15', 'BOSA', 'TORA', 10, 8, 18, 'night'),
('2019-07-16', 'BOSA', 'TORA', 4, 10, 14, 'night'),
('2019-07-17', 'BOSA', 'TORA', 5, 4, 9, 'night'),
('2019-07-18', 'BOSA', 'TORA', 5, 0, 5, 'day'),
('2019-07-19', 'BOSA', 'BALA', 2, 11, 13, 'night'),
('2019-07-20', 'BOSA', 'BALA', 17, 6, 23, 'night'),
('2019-07-21', 'BOSA', 'BALA', 0, 5, 5, 'day'),
('2019-08-05', 'BOSA', 'KCA', 7, 5, 12, 'night'),
('2019-08-06', 'BOSA', 'KCA', 2, 6, 8, 'night'),
('2019-08-07', 'BOSA', 'KCA', 5, 4, 9, 'night'),
('2019-08-08', 'BOSA', 'ANAA', 3, 0, 3, 'night'),
('2019-08-09', 'BOSA', 'ANAA', 16, 4, 20, 'night'),
('2019-08-10', 'BOSA', 'ANAA', 4, 12, 16, 'day'),
('2019-08-11', 'BOSA', 'ANAA', 4, 5, 9, 'day'),
('2019-08-12', 'BOSA', 'CLEA', 5, 6, 11, 'night'),
('2019-08-13', 'BOSA', 'CLEA', 7, 6, 13, 'night'),
('2019-08-14', 'BOSA', 'CLEA', 5, 1, 6, 'day'),
('2019-08-16', 'BOSA', 'BALA', 9, 1, 10, 'night'),
('2019-08-17', 'BOSA', 'BALA', 4, 0, 4, 'night'),
('2019-08-18', 'BOSA', 'BALA', 13, 7, 20, 'day'),
('2019-08-30', 'BOSA', 'ANAA', 7, 6, 13, 'night'),
('2019-08-31', 'BOSA', 'ANAA', 4, 10, 14, 'night'),
('2019-09-01', 'BOSA', 'ANAA', 4, 3, 7, 'day'),
('2019-09-03', 'BOSA', 'MINA', 5, 6, 11, 'night'),
('2019-09-04', 'BOSA', 'MINA', 6, 2, 8, 'night'),
('2019-09-05', 'BOSA', 'MINA', 1, 2, 3, 'night'),
('2019-09-10', 'BOSA', 'TORA', 3, 4, 7, 'night'),
('2019-09-11', 'BOSA', 'TORA', 0, 8, 8, 'night'),
('2019-09-12', 'BOSA', 'TORA', 7, 4, 11, 'night'),
('2019-09-24', 'BOSA', 'TEXA', 12, 10, 22, 'night'),
('2019-09-25', 'BOSA', 'TEXA', 10, 3, 13, 'night'),
('2019-09-26', 'BOSA', 'TEXA', 5, 7, 12, 'day'),
('2019-09-27', 'BOSA', 'BALA', 1, 4, 5, 'night'),
('2019-09-28', 'BOSA', 'BALA', 4, 9, 13, 'day'),
('2019-09-29', 'BOSA', 'BALA', 5, 4, 9, 'day'),
('2019-03-28', 'TORA', 'DETA', 0, 2, 2, 'day'),
('2019-03-29', 'TORA', 'DETA', 6, 0, 6, 'night'),
('2019-03-30', 'TORA', 'DETA', 3, 0, 3, 'day'),
('2019-03-31', 'TORA', 'DETA', 3, 4, 7, 'day'),
('2019-04-01', 'TORA', 'BALA', 5, 6, 11, 'night'),
('2019-04-02', 'TORA', 'BALA', 1, 2, 3, 'night'),
('2019-04-03', 'TORA', 'BALA', 5, 3, 8, 'day'),
('2019-04-04', 'TORA', 'CLEA', 1, 4, 5, 'night'),
('2019-04-05', 'TORA', 'CLEA', 2, 3, 5, 'night'),
('2019-04-06', 'TORA', 'CLEA', 2, 7, 9, 'day'),
('2019-04-07', 'TORA', 'CLEA', 1, 3, 4, 'day'),
('2019-04-15', 'TORA', 'MINA', 5, 3, 8, 'night'),
('2019-04-16', 'TORA', 'MINA', 6, 5, 11, 'night'),
('2019-04-17', 'TORA', 'MINA', 1, 4, 5, 'night'),
('2019-04-18', 'TORA', 'MINA', 7, 4, 11, 'day'),
('2019-04-19', 'TORA', 'OAKA', 5, 1, 6, 'night'),
('2019-04-20', 'TORA', 'OAKA', 10, 1, 11, 'day'),
('2019-04-21', 'TORA', 'OAKA', 5, 4, 9, 'day'),
('2019-04-26', 'TORA', 'OAKA', 4, 2, 6, 'night'),
('2019-04-27', 'TORA', 'OAKA', 7, 1, 8, 'day'),
('2019-04-28', 'TORA', 'OAKA', 5, 4, 9, 'day'),
('2019-04-30', 'TORA', 'ANAA', 3, 4, 7, 'night'),
('2019-05-01', 'TORA', 'ANAA', 3, 6, 9, 'night'),
('2019-05-02', 'TORA', 'ANAA', 2, 6, 8, 'night'),
('2019-05-03', 'TORA', 'TEXA', 1, 0, 1, 'night'),
('2019-05-04', 'TORA', 'TEXA', 5, 8, 13, 'night'),
('2019-05-05', 'TORA', 'TEXA', 2, 10, 12, 'day'),
('2019-05-06', 'TORA', 'MINA', 0, 8, 8, 'night'),
('2019-05-07', 'TORA', 'MINA', 0, 3, 3, 'night'),
('2019-05-08', 'TORA', 'MINA', 1, 9, 10, 'night'),
('2019-05-10', 'TORA', 'CHIA', 4, 3, 7, 'night'),
('2019-05-11', 'TORA', 'CHIA', 2, 7, 9, 'day'),
('2019-05-12', 'TORA', 'CHIA', 1, 5, 6, 'day'),
('2019-05-16', 'TORA', 'CHIA', 2, 4, 6, 'night'),
('2019-05-17', 'TORA', 'CHIA', 10, 2, 12, 'night'),
('2019-05-18', 'TORA', 'CHIA', 1, 4, 5, 'day'),
('2019-05-19', 'TORA', 'CHIA', 5, 2, 7, 'day'),
('2019-06-11', 'TORA', 'BALA', 2, 4, 6, 'night'),
('2019-06-12', 'TORA', 'BALA', 8, 6, 14, 'night'),
('2019-06-13', 'TORA', 'BALA', 12, 3, 15, 'night'),
('2019-06-14', 'TORA', 'HOUA', 2, 15, 17, 'night'),
('2019-06-15', 'TORA', 'HOUA', 2, 7, 9, 'day'),
('2019-06-16', 'TORA', 'HOUA', 12, 0, 12, 'day'),
('2019-06-17', 'TORA', 'ANAA', 5, 10, 15, 'night'),
('2019-06-18', 'TORA', 'ANAA', 1, 3, 4, 'night'),
('2019-06-19', 'TORA', 'ANAA', 6, 11, 17, 'night'),
('2019-06-20', 'TORA', 'ANAA', 7, 5, 12, 'night'),
('2019-06-28', 'TORA', 'KCA', 6, 2, 8, 'night');
